{"id":361,"date":"2015-04-19T10:14:22","date_gmt":"2015-04-19T13:14:22","guid":{"rendered":"https:\/\/wp.ufpel.edu.br\/repropel\/?page_id=361"},"modified":"2018-05-08T13:32:09","modified_gmt":"2018-05-08T16:32:09","slug":"programa-de-pos-graduacao-em-medicina-veterinaria","status":"publish","type":"page","link":"https:\/\/wp.ufpel.edu.br\/repropel\/?page_id=361","title":{"rendered":"Programa de p\u00f3s-gradua\u00e7\u00e3o em Medicina Veterin\u00e1ria"},"content":{"rendered":"<p style=\"text-align: center\">__________________________________________________________________<\/p>\n<p style=\"text-align: center\">Fernando Caetano de Oliveira<\/p>\n<p style=\"text-align: center\">M\u00e9dico Veterin\u00e1rio, Mestre &#8211; Doutorando em Medicina Veterin\u00e1ria<\/p>\n<p style=\"text-align: center\">Orienta\u00e7\u00e3o: Thomaz Lucia Jr.<\/p>\n<p style=\"text-align: center\"><span style=\"color: #000080\"><a style=\"color: #000080\" href=\"mailto:fernando_oliveira88@hotmail.com\">fernando_oliveira88@hotmail.com<\/a><\/span><\/p>\n<p style=\"text-align: center\"><span style=\"color: #000080\"><a style=\"color: #000080\" href=\"http:\/\/lattes.cnpq.br\/9969392380916734\" target=\"_blank\" rel=\"noopener\">Lattes<\/a><\/span><\/p>\n<p style=\"text-align: center\">__________________________________________________________________<a href=\"https:\/\/wp.ufpel.edu.br\/repropel\/files\/2014\/06\/20150118_015116.jpg\"><img loading=\"lazy\" decoding=\"async\" class=\"aligncenter size-thumbnail wp-image-385\" src=\"https:\/\/wp.ufpel.edu.br\/repropel\/files\/2014\/06\/20150118_015116-122x159.jpg\" alt=\"20150118_015116\" width=\"122\" height=\"159\" srcset=\"https:\/\/wp.ufpel.edu.br\/repropel\/files\/2014\/06\/20150118_015116-122x159.jpg 122w, https:\/\/wp.ufpel.edu.br\/repropel\/files\/2014\/06\/20150118_015116-243x318.jpg 243w, https:\/\/wp.ufpel.edu.br\/repropel\/files\/2014\/06\/20150118_015116.jpg 560w\" sizes=\"auto, (max-width: 122px) 100vw, 122px\" \/><\/a><\/p>\n<p style=\"text-align: center\">S\u00e9rgio Farias Vargas J\u00fanior<\/p>\n<p style=\"text-align: center\">M\u00e9dico Veterin\u00e1rio, Mestre &#8211; Doutorando em Medicina Veterin\u00e1ria<\/p>\n<p style=\"text-align: center\">Orienta\u00e7\u00e3o: Thomaz Lucia Jr.<\/p>\n<p style=\"text-align: center\"><span style=\"color: #000080\"><a style=\"color: #000080\" href=\"mailto:sergiofvjunior@gmail.com\">sergiofvjunior@gmail.com<\/a><\/span><\/p>\n<p style=\"text-align: center\"><span style=\"color: #000080\"><a style=\"color: #000080\" href=\"http:\/\/lattes.cnpq.br\/3443641248199761\" target=\"_blank\" rel=\"noopener\">Lattes<\/a><\/span><\/p>\n<p style=\"text-align: center\">__________________________________________________________________<a href=\"https:\/\/wp.ufpel.edu.br\/repropel\/files\/2018\/05\/Foto-Stela.jpg\"><img loading=\"lazy\" decoding=\"async\" class=\"aligncenter size-thumbnail wp-image-475\" src=\"https:\/\/wp.ufpel.edu.br\/repropel\/files\/2018\/05\/Foto-Stela-159x159.jpg\" alt=\"\" width=\"159\" height=\"159\" srcset=\"https:\/\/wp.ufpel.edu.br\/repropel\/files\/2018\/05\/Foto-Stela-159x159.jpg 159w, https:\/\/wp.ufpel.edu.br\/repropel\/files\/2018\/05\/Foto-Stela-318x318.jpg 318w, https:\/\/wp.ufpel.edu.br\/repropel\/files\/2018\/05\/Foto-Stela.jpg 528w\" sizes=\"auto, (max-width: 159px) 100vw, 159px\" \/><\/a><\/p>\n<p style=\"text-align: center\">Stela Mari Menegello Gheller<\/p>\n<p style=\"text-align: center\">M\u00e9dica Veterin\u00e1ria, Mestre &#8211; Doutoranda\u00a0em Medicina Veterin\u00e1ria<\/p>\n<p style=\"text-align: center\">Orienta\u00e7\u00e3o:\u00a0Antonio Sergio Varela Junior<\/p>\n<p style=\"text-align: center\"><span style=\"color: #000080\"><a style=\"color: #000080\" href=\"mailto:stelagheller@hotmail.com\">stelagheller@hotmail.com<\/a><\/span><\/p>\n<p style=\"text-align: center\"><span style=\"color: #000080\"><a style=\"color: #000080\" href=\"http:\/\/lattes.cnpq.br\/9350820418226626\" target=\"_blank\" rel=\"noopener\">Lattes<\/a><\/span><\/p>\n<p style=\"text-align: center\">_________________________________________________________________<\/p>\n<p style=\"text-align: center\">Cristina Sangoi Haas<\/p>\n<p style=\"text-align: center\">M\u00e9dica Veterin\u00e1ria, Mestre &#8211; Doutoranda em Medicina Veterin\u00e1ria<\/p>\n<p style=\"text-align: center\">Orienta\u00e7\u00e3o: Bernardo Garziera Gasperin<\/p>\n<p style=\"text-align: center\"><span style=\"color: #000080\"><a style=\"color: #000080\" href=\"mailto:cristinasangoi@gmail.com\">cristinasangoi@gmail.com<\/a><\/span><\/p>\n<p style=\"text-align: center\"><span style=\"color: #000080\"><a style=\"color: #000080\" href=\"http:\/\/lattes.cnpq.br\/6811441189135884\" target=\"_blank\" rel=\"noopener\">Lattes<\/a><\/span><\/p>\n<p style=\"text-align: center\">_________________________________________________________________<a href=\"https:\/\/wp.ufpel.edu.br\/repropel\/files\/2018\/05\/Andreia-Anciuti.jpg\"><img loading=\"lazy\" decoding=\"async\" class=\"aligncenter size-thumbnail wp-image-478\" src=\"https:\/\/wp.ufpel.edu.br\/repropel\/files\/2018\/05\/Andreia-Anciuti-88x159.jpg\" alt=\"\" width=\"88\" height=\"159\" srcset=\"https:\/\/wp.ufpel.edu.br\/repropel\/files\/2018\/05\/Andreia-Anciuti-88x159.jpg 88w, https:\/\/wp.ufpel.edu.br\/repropel\/files\/2018\/05\/Andreia-Anciuti-175x318.jpg 175w, https:\/\/wp.ufpel.edu.br\/repropel\/files\/2018\/05\/Andreia-Anciuti-768x1392.jpg 768w, https:\/\/wp.ufpel.edu.br\/repropel\/files\/2018\/05\/Andreia-Anciuti.jpg 1229w\" sizes=\"auto, (max-width: 88px) 100vw, 88px\" \/><\/a><\/p>\n<p style=\"text-align: center\">Andreia Nobre Anciuti<\/p>\n<p style=\"text-align: center\">M\u00e9dica Veterin\u00e1ria, Mestre &#8211; Doutoranda em Medicina Veterin\u00e1ria<\/p>\n<p style=\"text-align: center\">Orienta\u00e7\u00e3o: Carine Dahl Corcini<\/p>\n<p style=\"text-align: center\"><span style=\"color: #000080\"><a style=\"color: #000080\" href=\"mailto:vet.andreia@gmail.com\">vet.andreia@gmail.com<\/a><\/span><\/p>\n<p style=\"text-align: center\"><span style=\"color: #000080\"><a style=\"color: #000080\" href=\"http:\/\/lattes.cnpq.br\/4977805294627305\">Lattes<\/a><\/span><\/p>\n<p style=\"text-align: center\">_________________________________________________________________<a href=\"https:\/\/wp.ufpel.edu.br\/repropel\/files\/2018\/05\/1533795_567261256689329_681135930_n.jpg\"><img loading=\"lazy\" decoding=\"async\" class=\"aligncenter size-thumbnail wp-image-479\" src=\"https:\/\/wp.ufpel.edu.br\/repropel\/files\/2018\/05\/1533795_567261256689329_681135930_n-212x141.jpg\" alt=\"\" width=\"212\" height=\"141\" srcset=\"https:\/\/wp.ufpel.edu.br\/repropel\/files\/2018\/05\/1533795_567261256689329_681135930_n-212x141.jpg 212w, https:\/\/wp.ufpel.edu.br\/repropel\/files\/2018\/05\/1533795_567261256689329_681135930_n-424x281.jpg 424w, https:\/\/wp.ufpel.edu.br\/repropel\/files\/2018\/05\/1533795_567261256689329_681135930_n-768x510.jpg 768w, https:\/\/wp.ufpel.edu.br\/repropel\/files\/2018\/05\/1533795_567261256689329_681135930_n.jpg 960w\" sizes=\"auto, (max-width: 212px) 100vw, 212px\" \/><\/a><\/p>\n<p style=\"text-align: center\">Anthenor Turchetto Neto<\/p>\n<p style=\"text-align: center\">M\u00e9dico Veterin\u00e1rio, Mestre &#8211; Doutorando em Medicina Veterin\u00e1ria<\/p>\n<p style=\"text-align: center\">Orienta\u00e7\u00e3o: Ant\u00f4nio S\u00e9rgio Varela Jr<\/p>\n<p style=\"text-align: center\"><span style=\"color: #000080\"><a style=\"color: #000080\" href=\"mailto:turchettoneto@gmail.com\">turchettoneto@gmail.com<\/a><\/span><\/p>\n<p style=\"text-align: center\"><span style=\"color: #000080\"><a style=\"color: #000080\" href=\"http:\/\/lattes.cnpq.br\/9398169515990550\">Lattes<\/a><\/span><\/p>\n<p style=\"text-align: center\">_________________________________________________________________<a href=\"https:\/\/wp.ufpel.edu.br\/repropel\/files\/2018\/05\/IMG_20180421_214927_030.jpg\"><img loading=\"lazy\" decoding=\"async\" class=\"aligncenter size-thumbnail wp-image-480\" src=\"https:\/\/wp.ufpel.edu.br\/repropel\/files\/2018\/05\/IMG_20180421_214927_030-159x159.jpg\" alt=\"\" width=\"159\" height=\"159\" srcset=\"https:\/\/wp.ufpel.edu.br\/repropel\/files\/2018\/05\/IMG_20180421_214927_030-159x159.jpg 159w, https:\/\/wp.ufpel.edu.br\/repropel\/files\/2018\/05\/IMG_20180421_214927_030-318x318.jpg 318w, https:\/\/wp.ufpel.edu.br\/repropel\/files\/2018\/05\/IMG_20180421_214927_030-768x767.jpg 768w, https:\/\/wp.ufpel.edu.br\/repropel\/files\/2018\/05\/IMG_20180421_214927_030.jpg 1508w\" sizes=\"auto, (max-width: 159px) 100vw, 159px\" \/><\/a><\/p>\n<p style=\"text-align: center\">Maria Eduarda Bicca Dode<\/p>\n<p style=\"text-align: center\">M\u00e9dica Veterin\u00e1ria, Mestre &#8211; Doutoranda em Medicina Veterin\u00e1ria<\/p>\n<p style=\"text-align: center\">Orienta\u00e7\u00e3o: Carine Dahl Corcini<\/p>\n<p style=\"text-align: center\"><span style=\"color: #000080\"><a style=\"color: #000080\" href=\"mailto:dudadode@hotmail.com\">dudadode@hotmail.com<\/a><\/span><\/p>\n<p style=\"text-align: center\"><span style=\"color: #000080\"><a style=\"color: #000080\" href=\"http:\/\/lattes.cnpq.br\/1470756730103307\">Lattes<\/a><\/span><\/p>\n<p style=\"text-align: center\">_________________________________________________________________<a href=\"https:\/\/wp.ufpel.edu.br\/repropel\/files\/2018\/05\/IMG_20180129_222757_321.jpg\"><img loading=\"lazy\" decoding=\"async\" class=\"aligncenter size-thumbnail wp-image-502\" src=\"https:\/\/wp.ufpel.edu.br\/repropel\/files\/2018\/05\/IMG_20180129_222757_321-127x159.jpg\" alt=\"\" width=\"127\" height=\"159\" srcset=\"https:\/\/wp.ufpel.edu.br\/repropel\/files\/2018\/05\/IMG_20180129_222757_321-127x159.jpg 127w, https:\/\/wp.ufpel.edu.br\/repropel\/files\/2018\/05\/IMG_20180129_222757_321-254x318.jpg 254w, https:\/\/wp.ufpel.edu.br\/repropel\/files\/2018\/05\/IMG_20180129_222757_321-768x960.jpg 768w, https:\/\/wp.ufpel.edu.br\/repropel\/files\/2018\/05\/IMG_20180129_222757_321-240x300.jpg 240w, https:\/\/wp.ufpel.edu.br\/repropel\/files\/2018\/05\/IMG_20180129_222757_321.jpg 1440w\" sizes=\"auto, (max-width: 127px) 100vw, 127px\" \/><\/a>Lu\u00edsa Mariano Cerqueira da Silva<\/p>\n<p style=\"text-align: center\">M\u00e9dica Veterin\u00e1ria, Mestre &#8211; Doutoranda em Medicina Veterin\u00e1ria<\/p>\n<p style=\"text-align: center\">Orienta\u00e7\u00e3o:\u00a0Carine Dahl Corcini<\/p>\n<p style=\"text-align: center\"><a href=\"mailto:luisamarianovet@yahoo.com.br\"><span style=\"color: #000080\">luisamarianovet@yahoo.com.br<\/span><\/a><\/p>\n<p style=\"text-align: center\"><a href=\"http:\/\/lattes.cnpq.br\/0101322481627735\"><span style=\"color: #000080\">Lattes<\/span><\/a><\/p>\n<p style=\"text-align: center\">_________________________________________________________________<\/p>\n<p style=\"text-align: center\">Norton Luis Souza Gatti<\/p>\n<p style=\"text-align: center\">M\u00e9dico Veterin\u00e1rio, Mestre &#8211; Doutorando em Medicina Veterin\u00e1ria<\/p>\n<p style=\"text-align: center\">Orienta\u00e7\u00e3o:\u00a0 Ant\u00f4nio S\u00e9rgio Varela Jr.<\/p>\n<p style=\"text-align: center\"><span style=\"color: #000080\"><a style=\"color: #000080\" href=\"mailto:nortongatti@hotmail.com\">nortongatti@hotmail.com<\/a><\/span><\/p>\n<p style=\"text-align: center\"><a href=\"http:\/\/lattes.cnpq.br\/2868599086074406\"><span style=\"color: #000080\">Lattes<\/span><\/a><\/p>\n<p style=\"text-align: center\">__________________________________________________________________<a href=\"https:\/\/wp.ufpel.edu.br\/repropel\/files\/2018\/05\/WhatsApp-Image-2018-05-08-at-13.26.09.jpeg\"><img loading=\"lazy\" decoding=\"async\" class=\"aligncenter size-thumbnail wp-image-534\" src=\"https:\/\/wp.ufpel.edu.br\/repropel\/files\/2018\/05\/WhatsApp-Image-2018-05-08-at-13.26.09-100x159.jpeg\" alt=\"\" width=\"100\" height=\"159\" srcset=\"https:\/\/wp.ufpel.edu.br\/repropel\/files\/2018\/05\/WhatsApp-Image-2018-05-08-at-13.26.09-100x159.jpeg 100w, https:\/\/wp.ufpel.edu.br\/repropel\/files\/2018\/05\/WhatsApp-Image-2018-05-08-at-13.26.09-199x318.jpeg 199w, https:\/\/wp.ufpel.edu.br\/repropel\/files\/2018\/05\/WhatsApp-Image-2018-05-08-at-13.26.09-768x1226.jpeg 768w, https:\/\/wp.ufpel.edu.br\/repropel\/files\/2018\/05\/WhatsApp-Image-2018-05-08-at-13.26.09.jpeg 802w, https:\/\/wp.ufpel.edu.br\/repropel\/files\/2018\/05\/WhatsApp-Image-2018-05-08-at-13.26.09-188x300.jpeg 188w\" sizes=\"auto, (max-width: 100px) 100vw, 100px\" \/><\/a><\/p>\n<p style=\"text-align: center\">Izani Bonel Acosta<\/p>\n<p style=\"text-align: center\">Bi\u00f3loga, Mestre &#8211; Doutoranda em Medicina Veterin\u00e1ria<\/p>\n<p style=\"text-align: center\">Orienta\u00e7\u00e3o: Ant\u00f4nio Sergio Varela Jr<\/p>\n<p style=\"text-align: center\"><a href=\"mailto:izanibonel@hotmail.com\"><span style=\"color: #000080\">izanibonel@hotmail.com<\/span><\/a><\/p>\n<p style=\"text-align: center\"><a href=\"http:\/\/lattes.cnpq.br\/3802256283765513\"><span style=\"color: #000080\">Lattes<\/span><\/a><\/p>\n","protected":false},"excerpt":{"rendered":"<p>__________________________________________________________________ Fernando Caetano de Oliveira M\u00e9dico Veterin\u00e1rio, Mestre &#8211; Doutorando em Medicina Veterin\u00e1ria Orienta\u00e7\u00e3o: Thomaz Lucia Jr. fernando_oliveira88@hotmail.com Lattes __________________________________________________________________ S\u00e9rgio Farias Vargas J\u00fanior M\u00e9dico Veterin\u00e1rio, Mestre &#8211; Doutorando em Medicina Veterin\u00e1ria Orienta\u00e7\u00e3o: Thomaz Lucia Jr. sergiofvjunior@gmail.com Lattes __________________________________________________________________ Stela Mari Menegello Gheller M\u00e9dica Veterin\u00e1ria, Mestre &#8211; Doutoranda\u00a0em Medicina Veterin\u00e1ria Orienta\u00e7\u00e3o:\u00a0Antonio Sergio Varela Junior stelagheller@hotmail.com&#8230; <\/p>\n<div class=\"link-more\"><a href=\"https:\/\/wp.ufpel.edu.br\/repropel\/?page_id=361\">Leia mais<\/a><\/div>\n","protected":false},"author":378,"featured_media":0,"parent":358,"menu_order":1,"comment_status":"closed","ping_status":"closed","template":"","meta":{"footnotes":""},"class_list":["post-361","page","type-page","status-publish","hentry"],"_links":{"self":[{"href":"https:\/\/wp.ufpel.edu.br\/repropel\/index.php?rest_route=\/wp\/v2\/pages\/361","targetHints":{"allow":["GET"]}}],"collection":[{"href":"https:\/\/wp.ufpel.edu.br\/repropel\/index.php?rest_route=\/wp\/v2\/pages"}],"about":[{"href":"https:\/\/wp.ufpel.edu.br\/repropel\/index.php?rest_route=\/wp\/v2\/types\/page"}],"author":[{"embeddable":true,"href":"https:\/\/wp.ufpel.edu.br\/repropel\/index.php?rest_route=\/wp\/v2\/users\/378"}],"replies":[{"embeddable":true,"href":"https:\/\/wp.ufpel.edu.br\/repropel\/index.php?rest_route=%2Fwp%2Fv2%2Fcomments&post=361"}],"version-history":[{"count":14,"href":"https:\/\/wp.ufpel.edu.br\/repropel\/index.php?rest_route=\/wp\/v2\/pages\/361\/revisions"}],"predecessor-version":[{"id":535,"href":"https:\/\/wp.ufpel.edu.br\/repropel\/index.php?rest_route=\/wp\/v2\/pages\/361\/revisions\/535"}],"up":[{"embeddable":true,"href":"https:\/\/wp.ufpel.edu.br\/repropel\/index.php?rest_route=\/wp\/v2\/pages\/358"}],"wp:attachment":[{"href":"https:\/\/wp.ufpel.edu.br\/repropel\/index.php?rest_route=%2Fwp%2Fv2%2Fmedia&parent=361"}],"curies":[{"name":"wp","href":"https:\/\/api.w.org\/{rel}","templated":true}]}}