{"id":317,"date":"2014-06-29T22:07:33","date_gmt":"2014-06-30T01:07:33","guid":{"rendered":"https:\/\/wp.ufpel.edu.br\/repropel\/?page_id=317"},"modified":"2014-06-29T22:10:17","modified_gmt":"2014-06-30T01:10:17","slug":"integrante-da-equipe-repropel-realiza-defesa-de-estagio-curricular-supervisionado","status":"publish","type":"page","link":"https:\/\/wp.ufpel.edu.br\/repropel\/?page_id=317","title":{"rendered":"Integrante da equipe ReproPEL realiza defesa de Est\u00e1gio Curricular Supervisionado"},"content":{"rendered":"<p>No dia 25 de junho, \u00c2nderson Guarise, aluno de Medicina Veterin\u00e1ria e tamb\u00e9m estagi\u00e1rio do ReproPEL, realizou a defesa de seu est\u00e1gio curricular supervisionado. Tal defesa, cujo tema referia-se \u00e0 suinocultura e reprodu\u00e7\u00e3o animal, foi assistida pelos colegas de \u00c2nderson e avaliada por uma banca constitu\u00edda por dois professores: Rafael Mondadori e Eduardo Xavier, bem como por um doutorando: Carlos Eduardo Ranquetat.<\/p>\n<p>O ReproPEL agradece ao aluno pelo tempo dedicado ao grupo, durante a gradua\u00e7\u00e3o e trabalho de conclus\u00e3o de curso, e lhe deseja boa sorte em sua nova trajet\u00f3ria.<\/p>\n<p>&nbsp;<\/p>\n<div id='gallery-1' class='gallery galleryid-317 gallery-columns-2 gallery-size-thumbnail'><figure class='gallery-item'>\n\t\t\t<div class='gallery-icon landscape'>\n\t\t\t\t<a href='https:\/\/wp.ufpel.edu.br\/repropel\/files\/2014\/06\/10452318_10204176470235744_2150675505445026847_n.jpg'><img loading=\"lazy\" decoding=\"async\" width=\"212\" height=\"159\" src=\"https:\/\/wp.ufpel.edu.br\/repropel\/files\/2014\/06\/10452318_10204176470235744_2150675505445026847_n-212x159.jpg\" class=\"attachment-thumbnail size-thumbnail\" alt=\"\" srcset=\"https:\/\/wp.ufpel.edu.br\/repropel\/files\/2014\/06\/10452318_10204176470235744_2150675505445026847_n-212x159.jpg 212w, https:\/\/wp.ufpel.edu.br\/repropel\/files\/2014\/06\/10452318_10204176470235744_2150675505445026847_n-424x318.jpg 424w, https:\/\/wp.ufpel.edu.br\/repropel\/files\/2014\/06\/10452318_10204176470235744_2150675505445026847_n.jpg 960w\" sizes=\"auto, (max-width: 212px) 100vw, 212px\" \/><\/a>\n\t\t\t<\/div><\/figure><figure class='gallery-item'>\n\t\t\t<div class='gallery-icon landscape'>\n\t\t\t\t<a href='https:\/\/wp.ufpel.edu.br\/repropel\/files\/2014\/06\/10427284_10204176470555752_396901624578899864_n.jpg'><img loading=\"lazy\" decoding=\"async\" width=\"212\" height=\"159\" src=\"https:\/\/wp.ufpel.edu.br\/repropel\/files\/2014\/06\/10427284_10204176470555752_396901624578899864_n-212x159.jpg\" class=\"attachment-thumbnail size-thumbnail\" alt=\"\" srcset=\"https:\/\/wp.ufpel.edu.br\/repropel\/files\/2014\/06\/10427284_10204176470555752_396901624578899864_n-212x159.jpg 212w, https:\/\/wp.ufpel.edu.br\/repropel\/files\/2014\/06\/10427284_10204176470555752_396901624578899864_n-424x318.jpg 424w, https:\/\/wp.ufpel.edu.br\/repropel\/files\/2014\/06\/10427284_10204176470555752_396901624578899864_n.jpg 960w\" sizes=\"auto, (max-width: 212px) 100vw, 212px\" \/><\/a>\n\t\t\t<\/div><\/figure>\n\t\t<\/div>\n\n<p>&nbsp;<\/p>\n<p>&nbsp;<\/p>\n<p><span style=\"color: #808080\">Nota publicada em 29 de Junho de 2014.<\/span><\/p>\n","protected":false},"excerpt":{"rendered":"<p>No dia 25 de junho, \u00c2nderson Guarise, aluno de Medicina Veterin\u00e1ria e tamb\u00e9m estagi\u00e1rio do ReproPEL, realizou a defesa de seu est\u00e1gio curricular supervisionado. Tal defesa, cujo tema referia-se \u00e0 suinocultura e reprodu\u00e7\u00e3o animal, foi assistida pelos colegas de \u00c2nderson e avaliada por uma banca constitu\u00edda por dois professores: Rafael Mondadori e Eduardo Xavier, bem&#8230; <\/p>\n<div class=\"link-more\"><a href=\"https:\/\/wp.ufpel.edu.br\/repropel\/?page_id=317\">Leia mais<\/a><\/div>\n","protected":false},"author":378,"featured_media":0,"parent":31,"menu_order":45,"comment_status":"closed","ping_status":"closed","template":"","meta":{"footnotes":""},"class_list":["post-317","page","type-page","status-publish","hentry"],"_links":{"self":[{"href":"https:\/\/wp.ufpel.edu.br\/repropel\/index.php?rest_route=\/wp\/v2\/pages\/317","targetHints":{"allow":["GET"]}}],"collection":[{"href":"https:\/\/wp.ufpel.edu.br\/repropel\/index.php?rest_route=\/wp\/v2\/pages"}],"about":[{"href":"https:\/\/wp.ufpel.edu.br\/repropel\/index.php?rest_route=\/wp\/v2\/types\/page"}],"author":[{"embeddable":true,"href":"https:\/\/wp.ufpel.edu.br\/repropel\/index.php?rest_route=\/wp\/v2\/users\/378"}],"replies":[{"embeddable":true,"href":"https:\/\/wp.ufpel.edu.br\/repropel\/index.php?rest_route=%2Fwp%2Fv2%2Fcomments&post=317"}],"version-history":[{"count":3,"href":"https:\/\/wp.ufpel.edu.br\/repropel\/index.php?rest_route=\/wp\/v2\/pages\/317\/revisions"}],"predecessor-version":[{"id":322,"href":"https:\/\/wp.ufpel.edu.br\/repropel\/index.php?rest_route=\/wp\/v2\/pages\/317\/revisions\/322"}],"up":[{"embeddable":true,"href":"https:\/\/wp.ufpel.edu.br\/repropel\/index.php?rest_route=\/wp\/v2\/pages\/31"}],"wp:attachment":[{"href":"https:\/\/wp.ufpel.edu.br\/repropel\/index.php?rest_route=%2Fwp%2Fv2%2Fmedia&parent=317"}],"curies":[{"name":"wp","href":"https:\/\/api.w.org\/{rel}","templated":true}]}}