{"id":228,"date":"2013-12-20T14:02:20","date_gmt":"2013-12-20T16:02:20","guid":{"rendered":"https:\/\/wp.ufpel.edu.br\/repropel\/?page_id=228"},"modified":"2014-06-22T16:32:14","modified_gmt":"2014-06-22T19:32:14","slug":"a-equipe-repropel-lastima-a-morte-do-prof-joao-francisco-coelho-de-oliveira-um-dos-coordenadores-do-laboratrio-biorep-da-ufsm","status":"publish","type":"page","link":"https:\/\/wp.ufpel.edu.br\/repropel\/?page_id=228","title":{"rendered":"A equipe ReproPEL lastima a morte do Prof. Jo\u00e3o Francisco Coelho de Oliveira, um dos coordenadores do Laborat\u00f3rio BioRep da UFSM"},"content":{"rendered":"<p style=\"text-align: justify\">A equipe ReproPEL est\u00e1 consternada com o falecimento do Prof. Jo\u00e3o Francisco Coelho de Oliveira ocorrido ontem. O professor Jo\u00e3o Francisco, conhecido como Peninha, foi uma pessoa que deixou sua marca na vida de quem conviveu com ele. Amizade, sinceridade, fidelidade, bondade s\u00e3o palavras que descrevem a personalidade desse M\u00e9dico Veterin\u00e1rio que, junto ao professor Paulo Bayard, coordenava o Laborat\u00f3rio BioRep na Universidade Federal de Santa Maria. Descanse em paz, Peninha.<\/p>\n<p><span style=\"color: #999999\">Nota publicada em 20 de Dezembro\u00a0de 2013.<\/span><\/p>\n<p>&nbsp;<\/p>\n","protected":false},"excerpt":{"rendered":"<p>A equipe ReproPEL est\u00e1 consternada com o falecimento do Prof. Jo\u00e3o Francisco Coelho de Oliveira ocorrido ontem. O professor Jo\u00e3o Francisco, conhecido como Peninha, foi uma pessoa que deixou sua marca na vida de quem conviveu com ele. Amizade, sinceridade, fidelidade, bondade s\u00e3o palavras que descrevem a personalidade desse M\u00e9dico Veterin\u00e1rio que, junto ao professor&#8230; <\/p>\n<div class=\"link-more\"><a href=\"https:\/\/wp.ufpel.edu.br\/repropel\/?page_id=228\">Leia mais<\/a><\/div>\n","protected":false},"author":378,"featured_media":0,"parent":31,"menu_order":51,"comment_status":"closed","ping_status":"closed","template":"","meta":{"footnotes":""},"class_list":["post-228","page","type-page","status-publish","hentry"],"_links":{"self":[{"href":"https:\/\/wp.ufpel.edu.br\/repropel\/index.php?rest_route=\/wp\/v2\/pages\/228","targetHints":{"allow":["GET"]}}],"collection":[{"href":"https:\/\/wp.ufpel.edu.br\/repropel\/index.php?rest_route=\/wp\/v2\/pages"}],"about":[{"href":"https:\/\/wp.ufpel.edu.br\/repropel\/index.php?rest_route=\/wp\/v2\/types\/page"}],"author":[{"embeddable":true,"href":"https:\/\/wp.ufpel.edu.br\/repropel\/index.php?rest_route=\/wp\/v2\/users\/378"}],"replies":[{"embeddable":true,"href":"https:\/\/wp.ufpel.edu.br\/repropel\/index.php?rest_route=%2Fwp%2Fv2%2Fcomments&post=228"}],"version-history":[{"count":4,"href":"https:\/\/wp.ufpel.edu.br\/repropel\/index.php?rest_route=\/wp\/v2\/pages\/228\/revisions"}],"predecessor-version":[{"id":269,"href":"https:\/\/wp.ufpel.edu.br\/repropel\/index.php?rest_route=\/wp\/v2\/pages\/228\/revisions\/269"}],"up":[{"embeddable":true,"href":"https:\/\/wp.ufpel.edu.br\/repropel\/index.php?rest_route=\/wp\/v2\/pages\/31"}],"wp:attachment":[{"href":"https:\/\/wp.ufpel.edu.br\/repropel\/index.php?rest_route=%2Fwp%2Fv2%2Fmedia&parent=228"}],"curies":[{"name":"wp","href":"https:\/\/api.w.org\/{rel}","templated":true}]}}