{"id":190,"date":"2014-03-20T19:46:26","date_gmt":"2014-03-20T22:46:26","guid":{"rendered":"https:\/\/wp.ufpel.edu.br\/repropel\/?page_id=190"},"modified":"2014-06-22T16:32:44","modified_gmt":"2014-06-22T19:32:44","slug":"xi-curso-de-processamento-de-semen-e-inseminacao-artificial-em-suinos-e-realizado-com-sucesso-pelo-grupo-repropel","status":"publish","type":"page","link":"https:\/\/wp.ufpel.edu.br\/repropel\/?page_id=190","title":{"rendered":"XI Curso de processamento de s\u00eamen e insemina\u00e7\u00e3o artificial em su\u00ednos \u00e9 realizado com sucesso pelo grupo ReproPEL"},"content":{"rendered":"<p style=\"text-align: justify\">O\u00a0<span style=\"color: #000000\">XI CURSO TE\u00d3RICO-PR\u00c1TICO DE PROCESSAMENTO DE S\u00caMEN E INSEMINA\u00c7\u00c3O ARTIFICIAL EM SU\u00cdNOS<\/span>\u00a0foi realizado, pelo grupo ReproPEL , na Universidade Federal de Pelotas\/RS, entre os dias 10 a 14 de mar\u00e7o de 2014. Tal evento lan\u00e7ou m\u00e3o de um conte\u00fado program\u00e1tico completo abrangendo temas como: insemina\u00e7\u00e3o artificial em su\u00ednos, fisiologia e manejo reprodutivo do macho e da f\u00eamea, instala\u00e7\u00f5es e utens\u00edlios, processamento e avalia\u00e7\u00e3o de s\u00eamen, ultrassonografia na reprodu\u00e7\u00e3o, biosseguridade e tend\u00eandicas tecnol\u00f3gicas. O p\u00fablico alvo foi: m\u00e9dicos veterin\u00e1rios, estudantes de gradua\u00e7\u00e3o, produtores e profissionais da \u00e1rea de reprodu\u00e7\u00e3o su\u00edna, e os inscritos tiveram suas aulas pr\u00e1ticas nas instala\u00e7\u00f5es da Universidade e de granjas da regi\u00e3o. Para visualizar algumas das fotos do evento\u00a0<span style=\"color: #008000\"><a href=\"https:\/\/wp.ufpel.edu.br\/repropel\/?page_id=29\" target=\"_blank\"><span style=\"color: #008000\">clique aqui<\/span><\/a><\/span><\/p>\n<p style=\"text-align: justify\">Para obter informa\u00e7\u00f5es sobre os pr\u00f3ximos cursos a serem realizados pelo grupo, acompanhe nosso site e nossa p\u00e1gina no\u00a0<span style=\"color: #008000\"><a style=\"color: #69595b\" title=\"Face\" href=\"https:\/\/www.facebook.com\/ReproPEL?fref=ts\" target=\"_blank\"><span style=\"color: #008000\">Facebook!<\/span><\/a><\/span><\/p>\n<figure id=\"attachment_191\" aria-describedby=\"caption-attachment-191\" style=\"width: 720px\" class=\"wp-caption aligncenter\"><a href=\"https:\/\/wp.ufpel.edu.br\/repropel\/files\/2014\/06\/1904160_721420131244116_1181387961_n.jpg\"><img loading=\"lazy\" decoding=\"async\" class=\"wp-image-191 size-large\" src=\"https:\/\/wp.ufpel.edu.br\/repropel\/files\/2014\/06\/1904160_721420131244116_1181387961_n-720x220.jpg\" alt=\"Ivan Bianchi, um dos organizadores do curso, entregando os certificados aos participantes.\" width=\"720\" height=\"220\" \/><\/a><figcaption id=\"caption-attachment-191\" class=\"wp-caption-text\">Iva Bianchi, um dos organizadores do curso, entregando os certificados aos participantes.<\/figcaption><\/figure>\n<p>&nbsp;<\/p>\n<p><span style=\"color: #999999\">Nota publicada em 20 de Mar\u00e7o de 2014.<\/span><\/p>\n<p>&nbsp;<\/p>\n","protected":false},"excerpt":{"rendered":"<p>O\u00a0XI CURSO TE\u00d3RICO-PR\u00c1TICO DE PROCESSAMENTO DE S\u00caMEN E INSEMINA\u00c7\u00c3O ARTIFICIAL EM SU\u00cdNOS\u00a0foi realizado, pelo grupo ReproPEL , na Universidade Federal de Pelotas\/RS, entre os dias 10 a 14 de mar\u00e7o de 2014. Tal evento lan\u00e7ou m\u00e3o de um conte\u00fado program\u00e1tico completo abrangendo temas como: insemina\u00e7\u00e3o artificial em su\u00ednos, fisiologia e manejo reprodutivo do macho e&#8230; <\/p>\n<div class=\"link-more\"><a href=\"https:\/\/wp.ufpel.edu.br\/repropel\/?page_id=190\">Leia mais<\/a><\/div>\n","protected":false},"author":378,"featured_media":0,"parent":31,"menu_order":49,"comment_status":"closed","ping_status":"closed","template":"","meta":{"footnotes":""},"class_list":["post-190","page","type-page","status-publish","hentry"],"_links":{"self":[{"href":"https:\/\/wp.ufpel.edu.br\/repropel\/index.php?rest_route=\/wp\/v2\/pages\/190","targetHints":{"allow":["GET"]}}],"collection":[{"href":"https:\/\/wp.ufpel.edu.br\/repropel\/index.php?rest_route=\/wp\/v2\/pages"}],"about":[{"href":"https:\/\/wp.ufpel.edu.br\/repropel\/index.php?rest_route=\/wp\/v2\/types\/page"}],"author":[{"embeddable":true,"href":"https:\/\/wp.ufpel.edu.br\/repropel\/index.php?rest_route=\/wp\/v2\/users\/378"}],"replies":[{"embeddable":true,"href":"https:\/\/wp.ufpel.edu.br\/repropel\/index.php?rest_route=%2Fwp%2Fv2%2Fcomments&post=190"}],"version-history":[{"count":2,"href":"https:\/\/wp.ufpel.edu.br\/repropel\/index.php?rest_route=\/wp\/v2\/pages\/190\/revisions"}],"predecessor-version":[{"id":270,"href":"https:\/\/wp.ufpel.edu.br\/repropel\/index.php?rest_route=\/wp\/v2\/pages\/190\/revisions\/270"}],"up":[{"embeddable":true,"href":"https:\/\/wp.ufpel.edu.br\/repropel\/index.php?rest_route=\/wp\/v2\/pages\/31"}],"wp:attachment":[{"href":"https:\/\/wp.ufpel.edu.br\/repropel\/index.php?rest_route=%2Fwp%2Fv2%2Fmedia&parent=190"}],"curies":[{"name":"wp","href":"https:\/\/api.w.org\/{rel}","templated":true}]}}