{"id":25,"date":"2021-06-16T16:00:51","date_gmt":"2021-06-16T19:00:51","guid":{"rendered":"https:\/\/wp.ufpel.edu.br\/representacoesinstitucionais\/?page_id=25"},"modified":"2026-03-02T12:47:06","modified_gmt":"2026-03-02T15:47:06","slug":"representacoes-vigentes","status":"publish","type":"page","link":"https:\/\/wp.ufpel.edu.br\/representacoesinstitucionais\/representacoes-vigentes\/","title":{"rendered":"Representa\u00e7\u00f5es vigentes"},"content":{"rendered":"<p style=\"text-align: justify;\">A UFPel est\u00e1 representada em <strong>121<\/strong>\u00a0espa\u00e7os organizacionais nas \u00e1reas de sa\u00fade, educa\u00e7\u00e3o, cultura, tecnologia &amp; inova\u00e7\u00e3o, meio ambiente, direitos sociais e desenvolvimento.<\/p>\n<p style=\"text-align: justify;\">A listagem das inst\u00e2ncias de participa\u00e7\u00e3o e servidores representantes est\u00e1 dispon\u00edvel em:\u00a0 <a href=\"https:\/\/wp.ufpel.edu.br\/representacoesinstitucionais\/files\/2026\/03\/Representacoes-UFPel_Fevereiro_2026.pdf\">Representa\u00e7\u00f5es UFPel_Fevereiro_2026<\/a><\/p>\n","protected":false},"excerpt":{"rendered":"<p>A UFPel est\u00e1 representada em 121\u00a0espa\u00e7os organizacionais nas \u00e1reas de sa\u00fade, educa\u00e7\u00e3o, cultura, tecnologia &amp; inova\u00e7\u00e3o, meio ambiente, direitos sociais e desenvolvimento. A listagem das inst\u00e2ncias de participa\u00e7\u00e3o e servidores representantes est\u00e1 dispon\u00edvel em:\u00a0 Representa\u00e7\u00f5es UFPel_Fevereiro_2026<\/p>\n","protected":false},"author":1150,"featured_media":0,"parent":0,"menu_order":0,"comment_status":"closed","ping_status":"closed","template":"","meta":{"footnotes":""},"class_list":["post-25","page","type-page","status-publish","hentry"],"_links":{"self":[{"href":"https:\/\/wp.ufpel.edu.br\/representacoesinstitucionais\/wp-json\/wp\/v2\/pages\/25","targetHints":{"allow":["GET"]}}],"collection":[{"href":"https:\/\/wp.ufpel.edu.br\/representacoesinstitucionais\/wp-json\/wp\/v2\/pages"}],"about":[{"href":"https:\/\/wp.ufpel.edu.br\/representacoesinstitucionais\/wp-json\/wp\/v2\/types\/page"}],"author":[{"embeddable":true,"href":"https:\/\/wp.ufpel.edu.br\/representacoesinstitucionais\/wp-json\/wp\/v2\/users\/1150"}],"replies":[{"embeddable":true,"href":"https:\/\/wp.ufpel.edu.br\/representacoesinstitucionais\/wp-json\/wp\/v2\/comments?post=25"}],"version-history":[{"count":4,"href":"https:\/\/wp.ufpel.edu.br\/representacoesinstitucionais\/wp-json\/wp\/v2\/pages\/25\/revisions"}],"predecessor-version":[{"id":1230,"href":"https:\/\/wp.ufpel.edu.br\/representacoesinstitucionais\/wp-json\/wp\/v2\/pages\/25\/revisions\/1230"}],"wp:attachment":[{"href":"https:\/\/wp.ufpel.edu.br\/representacoesinstitucionais\/wp-json\/wp\/v2\/media?parent=25"}],"curies":[{"name":"wp","href":"https:\/\/api.w.org\/{rel}","templated":true}]}}

Representações vigentes

<p style="text-align: justify;">A UFPel está representada em <strong>121</strong> espaços organizacionais nas áreas de saúde, educação, cultura, tecnologia &amp; inovação, meio ambiente, direitos sociais e desenvolvimento.</p>
<p style="text-align: justify;">A listagem das instâncias de participação e servidores representantes está disponível em:  <a href="https://wp.ufpel.edu.br/representacoesinstitucionais/files/2026/03/Representacoes-UFPel_Fevereiro_2026.pdf">Representações UFPel_Fevereiro_2026</a></p>

<p>A UFPel está representada em 121 espaços organizacionais nas áreas de saúde, educação, cultura, tecnologia &amp; inovação, meio ambiente, direitos sociais e desenvolvimento. A listagem das instâncias de participação e servidores representantes está disponível em:  Representações UFPel_Fevereiro_2026</p>
