{"id":20,"date":"2021-06-16T16:00:48","date_gmt":"2021-06-16T19:00:48","guid":{"rendered":"https:\/\/wp.ufpel.edu.br\/representacoesinstitucionais\/?page_id=20"},"modified":"2021-07-29T11:28:07","modified_gmt":"2021-07-29T14:28:07","slug":"objetivos","status":"publish","type":"page","link":"https:\/\/wp.ufpel.edu.br\/representacoesinstitucionais\/objetivos\/","title":{"rendered":"Objetivos"},"content":{"rendered":"<p style=\"text-align: justify\">As Representa\u00e7\u00f5es Institucionais formalizam<span style=\"font-weight: 400\">\u00a0a atua\u00e7\u00e3o da Universidade junto a organiza\u00e7\u00f5es externas, no sentido do cumprimento da Responsabilidade Social Universit\u00e1ria (RSU) e em sintonia com os objetivos estrat\u00e9gicos do Plano de Desenvolvimento Institucional (PDI).<\/span><\/p>\n<p>Por essa forma de integra\u00e7\u00e3o com a sociedade organizada a UFPel busca, especificamente:<\/p>\n<ul>\n<li style=\"text-align: justify\">Realizar entregas de conhecimento t\u00e9cnico-cient\u00edfico que contribuam para o desenvolvimento local, regional e nacional;<\/li>\n<li style=\"text-align: justify\">Exercer influ\u00eancia para o aprimoramento das rela\u00e7\u00f5es democr\u00e1ticas nas diversas inst\u00e2ncias de participa\u00e7\u00e3o e delibera\u00e7\u00e3o;<\/li>\n<li style=\"text-align: justify\">Intermediar demandas apresentadas no sentido de, internamente, viabilizar outras colabora\u00e7\u00f5es da Universidade;<\/li>\n<li style=\"text-align: justify\">Prospectar elementos diagn\u00f3sticos da \u00e1rea de representa\u00e7\u00e3o, assim agregando percep\u00e7\u00f5es da ambi\u00eancia externa ao processo de planejamento institucional.<\/li>\n<\/ul>\n<p>&nbsp;<\/p>\n","protected":false},"excerpt":{"rendered":"<p>As Representa\u00e7\u00f5es Institucionais formalizam\u00a0a atua\u00e7\u00e3o da Universidade junto a organiza\u00e7\u00f5es externas, no sentido do cumprimento da Responsabilidade Social Universit\u00e1ria (RSU) e em sintonia com os objetivos estrat\u00e9gicos do Plano de Desenvolvimento Institucional (PDI). Por essa forma de integra\u00e7\u00e3o com a&#8230; <a class=\"more-link\" href=\"https:\/\/wp.ufpel.edu.br\/representacoesinstitucionais\/objetivos\/\">Continue lendo &rarr;<\/a><\/p>\n","protected":false},"author":1150,"featured_media":0,"parent":0,"menu_order":0,"comment_status":"closed","ping_status":"closed","template":"","meta":{"footnotes":""},"class_list":["post-20","page","type-page","status-publish","hentry"],"_links":{"self":[{"href":"https:\/\/wp.ufpel.edu.br\/representacoesinstitucionais\/wp-json\/wp\/v2\/pages\/20","targetHints":{"allow":["GET"]}}],"collection":[{"href":"https:\/\/wp.ufpel.edu.br\/representacoesinstitucionais\/wp-json\/wp\/v2\/pages"}],"about":[{"href":"https:\/\/wp.ufpel.edu.br\/representacoesinstitucionais\/wp-json\/wp\/v2\/types\/page"}],"author":[{"embeddable":true,"href":"https:\/\/wp.ufpel.edu.br\/representacoesinstitucionais\/wp-json\/wp\/v2\/users\/1150"}],"replies":[{"embeddable":true,"href":"https:\/\/wp.ufpel.edu.br\/representacoesinstitucionais\/wp-json\/wp\/v2\/comments?post=20"}],"version-history":[{"count":11,"href":"https:\/\/wp.ufpel.edu.br\/representacoesinstitucionais\/wp-json\/wp\/v2\/pages\/20\/revisions"}],"predecessor-version":[{"id":325,"href":"https:\/\/wp.ufpel.edu.br\/representacoesinstitucionais\/wp-json\/wp\/v2\/pages\/20\/revisions\/325"}],"wp:attachment":[{"href":"https:\/\/wp.ufpel.edu.br\/representacoesinstitucionais\/wp-json\/wp\/v2\/media?parent=20"}],"curies":[{"name":"wp","href":"https:\/\/api.w.org\/{rel}","templated":true}]}}