{"id":6,"date":"2015-10-01T13:24:16","date_gmt":"2015-10-01T16:24:16","guid":{"rendered":"https:\/\/wp.ufpel.edu.br\/renataabib\/?page_id=6"},"modified":"2020-07-14T14:25:33","modified_gmt":"2020-07-14T17:25:33","slug":"orientacoes","status":"publish","type":"page","link":"https:\/\/wp.ufpel.edu.br\/renataabib\/orientacoes\/","title":{"rendered":"Orienta\u00e7\u00f5es"},"content":{"rendered":"<p><strong>Atuais:<\/strong><\/p>\n<p><em>Bolsistas de Inicia\u00e7\u00e3o Cient\u00edfica (FAPERGS):<\/em><\/p>\n<ul>\n<li>Ant\u00f4nio Orlando Farias (Linha de pesquisa: Comportamento Alimentar) &#8211; 2019-2020<\/li>\n<li>Luiza Gutierres (Linha de Pesquisa: TEA) &#8211; 2020-2021<\/li>\n<\/ul>\n<p><em>Doutorado Nutri\u00e7\u00e3o e Alimentos:<\/em><\/p>\n<ul>\n<li>Gabriela Uliano<\/li>\n<\/ul>\n<p><em>TCC Gradua\u00e7\u00e3o:<\/em><\/p>\n<ul>\n<li>Luiza Gutierres (Linha de pesquisa: TEA)<\/li>\n<li>Lessandra Oliveira ( Linha de pesquisa: Nutri\u00e7\u00e3o e Cardiologia )<\/li>\n<\/ul>\n<p><em>Mestrado Nutri\u00e7\u00e3o e Alimentos:<\/em><\/p>\n<ul>\n<li>Vanessa Kern Bubolz (Linha de pesquisa: TEA)<\/li>\n<li>Diana Eymael (Linha de pesquisa: Comportamento Alimentar no DM e HAS)<\/li>\n<\/ul>\n<p><strong>Anteriores:<\/strong><\/p>\n<p><em>TCC Gradua\u00e7\u00e3o:<\/em><\/p>\n<ul>\n<li>Roberta Hirschmann (2011)<\/li>\n<li>Patr\u00edcia Borda (2011)<\/li>\n<li>Thalita Nunes (2012)<\/li>\n<li>Melina Luz (2012)<\/li>\n<li>Carolina Guimar\u00e3es (2012)<\/li>\n<li>Christine Gon\u00e7alves (2013)<\/li>\n<li>Bruna Ribas (2013)<\/li>\n<li>Nayara D\u00b4avila (2014)<\/li>\n<li>Josiane Lu\u00e7ardo (Linha de pesquisa: Nutri\u00e7\u00e3o e Autismo)<\/li>\n<li>Giliane Monk\u00a0 (Linha de pesquisa: Nutri\u00e7\u00e3o e Autismo)<\/li>\n<li>Fernando Schulte Pinto\u00a0(Linha de Pesquisa: Nutri\u00e7\u00e3o e Cardiologia)<\/li>\n<li>Yasmin Salenave \u00a0(Linha de Pesquisa: Nutri\u00e7\u00e3o Experimental)<\/li>\n<li>Ana Paula Almeida\u00a0(Linha de Pesquisa: Nutri\u00e7\u00e3o Experimental)<\/li>\n<li>Betina Dambros\u00a0\u00a0(Linha de Pesquisa: Nutri\u00e7\u00e3o Experimental)<\/li>\n<li>Andressa Abrantes\u00a0 (Linha de pesquisa: Nutri\u00e7\u00e3o e Autismo)<\/li>\n<li>Damile Costa\u00a0(Linha de Pesquisa: Nutri\u00e7\u00e3o e DCNT)<\/li>\n<li>Tamara da Rosa\u00a0(Linha de Pesquisa: Nutri\u00e7\u00e3o e Cardiologia)<\/li>\n<li>Tain\u00e1 Lima (Avalia\u00e7\u00e3o antropom\u00e9trica de pacientes do ambulatorio de HAS e DM)<\/li>\n<li>Olivia Farias (Indice de qualidade da dieta em individuos com TEA) &#8211; 2017<\/li>\n<li>Cecilia Fernandes ( Seletividade alimentar de individuos com TEA) &#8211; 2017<\/li>\n<li>Lilia Moraes ( Caracteriza\u00e7\u00e3o da Seletividade alimentar de individuos com TEA) -2018<\/li>\n<li>Aline Silveira Gon\u00e7alves ( Linha de pesquisa: Nutri\u00e7\u00e3o e Autismo) &#8211; 2018<\/li>\n<li>Amanda Soares Jacinto (Avalia\u00e7\u00e3o da atividade f\u00edsica de indiv\u00edduos com TEA) &#8211; 2018\/19<\/li>\n<li>Caroline Santos (Comportamento alimentar de pacientes hipertensos e\/ou diabeticos) -2018\/19<\/li>\n<li>Tamires Gomes (Consumo alimentar \u00a0e atividade f\u00edsica de individuos com TEA) &#8211; 2019<\/li>\n<li>Marina Denis (Avalia\u00e7\u00e3o do h\u00e1bito do desjejum e qualidade da dieta de indiv\u00edduos com TEA) &#8211; 2019<\/li>\n<\/ul>\n<p><em>Mestrado Nutri\u00e7\u00e3o e Alimentos:<\/em><\/p>\n<ul>\n<li>Aline Longo (Linha de Pesquisa: Nutri\u00e7\u00e3o e Cardiologia)<\/li>\n<li>Rosane Garcia (Conclu\u00edda jan\/2016)<\/li>\n<li>Evelyn Ara\u00fajo (Conclu\u00edda jan\/2016)<\/li>\n<li>C\u00edntia Valente Gon\u00e7alves \u00a0(Conclu\u00edda Fev\/2015)<\/li>\n<li>Cristielle de Leon\u00a0 (Linha de pesquisa: Nutri\u00e7\u00e3o e Autismo)<\/li>\n<li>Bruna Luiza Ribas\u00a0(Linha de Pesquisa: Nutri\u00e7\u00e3o e Cardiologia)<\/li>\n<li>Fernanda Dobke\u00a0(Linha de Pesquisa: Nutri\u00e7\u00e3o e Cardiologia)<\/li>\n<li>Vanessa Sope\u00f1a\u00a0(Linha de Pesquisa: Nutri\u00e7\u00e3o e Cardiologia) &#8211; n\u00e3o conclu\u00eddo<\/li>\n<\/ul>\n<p>Resid\u00eancia Multiprofissional em Sa\u00fade &#8211; Nutri\u00e7\u00e3o Oncol\u00f3gica<\/p>\n<ul>\n<li>Vanessa Limberger (2013-14)<\/li>\n<li>Rafaela Bergamann (2013-14)<\/li>\n<li>T\u00e1ssia Portantiolo (2013-14)<\/li>\n<\/ul>\n","protected":false},"excerpt":{"rendered":"<p>Atuais: Bolsistas de Inicia\u00e7\u00e3o Cient\u00edfica (FAPERGS): Ant\u00f4nio Orlando Farias (Linha de pesquisa: Comportamento Alimentar) &#8211; 2019-2020 Luiza Gutierres (Linha de Pesquisa: TEA) &#8211; 2020-2021 Doutorado Nutri\u00e7\u00e3o e Alimentos: Gabriela Uliano TCC Gradua\u00e7\u00e3o: Luiza Gutierres (Linha de pesquisa: TEA) Lessandra Oliveira ( Linha de pesquisa: Nutri\u00e7\u00e3o e Cardiologia ) Mestrado Nutri\u00e7\u00e3o e Alimentos: Vanessa Kern Bubolz [&hellip;]<\/p>\n","protected":false},"author":565,"featured_media":0,"parent":0,"menu_order":0,"comment_status":"closed","ping_status":"closed","template":"","meta":{"footnotes":""},"class_list":["post-6","page","type-page","status-publish","hentry"],"_links":{"self":[{"href":"https:\/\/wp.ufpel.edu.br\/renataabib\/wp-json\/wp\/v2\/pages\/6","targetHints":{"allow":["GET"]}}],"collection":[{"href":"https:\/\/wp.ufpel.edu.br\/renataabib\/wp-json\/wp\/v2\/pages"}],"about":[{"href":"https:\/\/wp.ufpel.edu.br\/renataabib\/wp-json\/wp\/v2\/types\/page"}],"author":[{"embeddable":true,"href":"https:\/\/wp.ufpel.edu.br\/renataabib\/wp-json\/wp\/v2\/users\/565"}],"replies":[{"embeddable":true,"href":"https:\/\/wp.ufpel.edu.br\/renataabib\/wp-json\/wp\/v2\/comments?post=6"}],"version-history":[{"count":15,"href":"https:\/\/wp.ufpel.edu.br\/renataabib\/wp-json\/wp\/v2\/pages\/6\/revisions"}],"predecessor-version":[{"id":787,"href":"https:\/\/wp.ufpel.edu.br\/renataabib\/wp-json\/wp\/v2\/pages\/6\/revisions\/787"}],"wp:attachment":[{"href":"https:\/\/wp.ufpel.edu.br\/renataabib\/wp-json\/wp\/v2\/media?parent=6"}],"curies":[{"name":"wp","href":"https:\/\/api.w.org\/{rel}","templated":true}]}}