{"id":559,"date":"2018-06-19T14:30:34","date_gmt":"2018-06-19T17:30:34","guid":{"rendered":"https:\/\/wp.ufpel.edu.br\/renataabib\/?page_id=559"},"modified":"2020-07-14T14:13:20","modified_gmt":"2020-07-14T17:13:20","slug":"nutricao-clinica-graduacao","status":"publish","type":"page","link":"https:\/\/wp.ufpel.edu.br\/renataabib\/ensino\/nutricao-clinica-graduacao\/","title":{"rendered":"Nutri\u00e7\u00e3o Cl\u00ednica &#8211; Gradua\u00e7\u00e3o"},"content":{"rendered":"","protected":true},"excerpt":{"rendered":"","protected":true},"author":565,"featured_media":0,"parent":22,"menu_order":0,"comment_status":"closed","ping_status":"closed","template":"","meta":{"footnotes":""},"class_list":["post-559","page","type-page","status-publish","post-password-required","hentry"],"_links":{"self":[{"href":"https:\/\/wp.ufpel.edu.br\/renataabib\/wp-json\/wp\/v2\/pages\/559","targetHints":{"allow":["GET"]}}],"collection":[{"href":"https:\/\/wp.ufpel.edu.br\/renataabib\/wp-json\/wp\/v2\/pages"}],"about":[{"href":"https:\/\/wp.ufpel.edu.br\/renataabib\/wp-json\/wp\/v2\/types\/page"}],"author":[{"embeddable":true,"href":"https:\/\/wp.ufpel.edu.br\/renataabib\/wp-json\/wp\/v2\/users\/565"}],"replies":[{"embeddable":true,"href":"https:\/\/wp.ufpel.edu.br\/renataabib\/wp-json\/wp\/v2\/comments?post=559"}],"version-history":[{"count":6,"href":"https:\/\/wp.ufpel.edu.br\/renataabib\/wp-json\/wp\/v2\/pages\/559\/revisions"}],"predecessor-version":[{"id":713,"href":"https:\/\/wp.ufpel.edu.br\/renataabib\/wp-json\/wp\/v2\/pages\/559\/revisions\/713"}],"up":[{"embeddable":true,"href":"https:\/\/wp.ufpel.edu.br\/renataabib\/wp-json\/wp\/v2\/pages\/22"}],"wp:attachment":[{"href":"https:\/\/wp.ufpel.edu.br\/renataabib\/wp-json\/wp\/v2\/media?parent=559"}],"curies":[{"name":"wp","href":"https:\/\/api.w.org\/{rel}","templated":true}]}}