{"id":34,"date":"2016-02-29T13:25:20","date_gmt":"2016-02-29T16:25:20","guid":{"rendered":"https:\/\/wp.ufpel.edu.br\/renataabib\/?page_id=34"},"modified":"2017-07-17T14:57:03","modified_gmt":"2017-07-17T17:57:03","slug":"projetos-de-ensino","status":"publish","type":"page","link":"https:\/\/wp.ufpel.edu.br\/renataabib\/projetos-de-ensino\/","title":{"rendered":"Projetos de Ensino"},"content":{"rendered":"<p>Semin\u00e1rios integrados e interdisciplinares em Nutri\u00e7\u00e3o e Cardiologia (anterior)<\/p>\n<ul>\n<li>Ocorrem semanalmente encontros cient\u00edficos da equipe da Pesquisa DICABR-Pelotas, que envolve alunos de gradua\u00e7\u00e3o e p\u00f3s gradua\u00e7\u00e3o, e professores da Faculdade de Nutri\u00e7\u00e3o e Medicina.<\/li>\n<\/ul>\n<p>&nbsp;<\/p>\n","protected":false},"excerpt":{"rendered":"<p>Semin\u00e1rios integrados e interdisciplinares em Nutri\u00e7\u00e3o e Cardiologia (anterior) Ocorrem semanalmente encontros cient\u00edficos da equipe da Pesquisa DICABR-Pelotas, que envolve alunos de gradua\u00e7\u00e3o e p\u00f3s gradua\u00e7\u00e3o, e professores da Faculdade de Nutri\u00e7\u00e3o e Medicina. &nbsp;<\/p>\n","protected":false},"author":565,"featured_media":0,"parent":0,"menu_order":0,"comment_status":"closed","ping_status":"closed","template":"","meta":{"footnotes":""},"class_list":["post-34","page","type-page","status-publish","hentry"],"_links":{"self":[{"href":"https:\/\/wp.ufpel.edu.br\/renataabib\/wp-json\/wp\/v2\/pages\/34","targetHints":{"allow":["GET"]}}],"collection":[{"href":"https:\/\/wp.ufpel.edu.br\/renataabib\/wp-json\/wp\/v2\/pages"}],"about":[{"href":"https:\/\/wp.ufpel.edu.br\/renataabib\/wp-json\/wp\/v2\/types\/page"}],"author":[{"embeddable":true,"href":"https:\/\/wp.ufpel.edu.br\/renataabib\/wp-json\/wp\/v2\/users\/565"}],"replies":[{"embeddable":true,"href":"https:\/\/wp.ufpel.edu.br\/renataabib\/wp-json\/wp\/v2\/comments?post=34"}],"version-history":[{"count":5,"href":"https:\/\/wp.ufpel.edu.br\/renataabib\/wp-json\/wp\/v2\/pages\/34\/revisions"}],"predecessor-version":[{"id":306,"href":"https:\/\/wp.ufpel.edu.br\/renataabib\/wp-json\/wp\/v2\/pages\/34\/revisions\/306"}],"wp:attachment":[{"href":"https:\/\/wp.ufpel.edu.br\/renataabib\/wp-json\/wp\/v2\/media?parent=34"}],"curies":[{"name":"wp","href":"https:\/\/api.w.org\/{rel}","templated":true}]}}