{"id":12,"date":"2015-10-02T17:13:42","date_gmt":"2015-10-02T20:13:42","guid":{"rendered":"https:\/\/wp.ufpel.edu.br\/renataabib\/?page_id=12"},"modified":"2020-03-12T15:16:35","modified_gmt":"2020-03-12T18:16:35","slug":"disciplinas-ppg-nutricao-e-alimentos","status":"publish","type":"page","link":"https:\/\/wp.ufpel.edu.br\/renataabib\/ensino\/disciplinas-ppg-nutricao-e-alimentos\/","title":{"rendered":"Nutri\u00e7\u00e3o Cl\u00ednica &#8211; PPG Nutri\u00e7\u00e3o e Alimentos"},"content":{"rendered":"","protected":true},"excerpt":{"rendered":"","protected":true},"author":565,"featured_media":0,"parent":22,"menu_order":0,"comment_status":"closed","ping_status":"closed","template":"","meta":{"footnotes":""},"class_list":["post-12","page","type-page","status-publish","post-password-required","hentry"],"_links":{"self":[{"href":"https:\/\/wp.ufpel.edu.br\/renataabib\/wp-json\/wp\/v2\/pages\/12","targetHints":{"allow":["GET"]}}],"collection":[{"href":"https:\/\/wp.ufpel.edu.br\/renataabib\/wp-json\/wp\/v2\/pages"}],"about":[{"href":"https:\/\/wp.ufpel.edu.br\/renataabib\/wp-json\/wp\/v2\/types\/page"}],"author":[{"embeddable":true,"href":"https:\/\/wp.ufpel.edu.br\/renataabib\/wp-json\/wp\/v2\/users\/565"}],"replies":[{"embeddable":true,"href":"https:\/\/wp.ufpel.edu.br\/renataabib\/wp-json\/wp\/v2\/comments?post=12"}],"version-history":[{"count":46,"href":"https:\/\/wp.ufpel.edu.br\/renataabib\/wp-json\/wp\/v2\/pages\/12\/revisions"}],"predecessor-version":[{"id":784,"href":"https:\/\/wp.ufpel.edu.br\/renataabib\/wp-json\/wp\/v2\/pages\/12\/revisions\/784"}],"up":[{"embeddable":true,"href":"https:\/\/wp.ufpel.edu.br\/renataabib\/wp-json\/wp\/v2\/pages\/22"}],"wp:attachment":[{"href":"https:\/\/wp.ufpel.edu.br\/renataabib\/wp-json\/wp\/v2\/media?parent=12"}],"curies":[{"name":"wp","href":"https:\/\/api.w.org\/{rel}","templated":true}]}}