{"id":530,"date":"2018-03-05T18:00:22","date_gmt":"2018-03-05T21:00:22","guid":{"rendered":"https:\/\/wp.ufpel.edu.br\/cpi\/?page_id=530"},"modified":"2023-09-28T16:09:38","modified_gmt":"2023-09-28T19:09:38","slug":"adiamento-de-visita-in-loco","status":"publish","type":"page","link":"https:\/\/wp.ufpel.edu.br\/regulacaodecursos\/nrc\/visitas-in-loco-inep-mec\/adiamento-de-visita-in-loco\/","title":{"rendered":"Adiamento de Visita in loco"},"content":{"rendered":"<p>As visitas <em>in loco<\/em> s\u00e3o designadas pelo INEP, logo n\u00e3o h\u00e1 como a Universidade, o curso ou o N\u00facleo de Regula\u00e7\u00e3o de Cursos interferirem sobre a sua marca\u00e7\u00e3o ou seu andamento.<\/p>\n<p>As \u00fanicas situa\u00e7\u00f5es em que podemos solicitar o adiamento da data da visita s\u00e3o: F\u00e9rias acad\u00eamicas; Greves de docentes e t\u00e9cnicos administrativos que prejudiquem a realiza\u00e7\u00e3o da visita; ou situa\u00e7\u00f5es de calamidade que impe\u00e7am a realiza\u00e7\u00e3o da avalia\u00e7\u00e3o.<\/p>\n<p>Na ocorr\u00eancia de algum desses motivos, a coordena\u00e7\u00e3o deve enviar memorando ao N\u00facleo de Regula\u00e7\u00e3o de Cursos com tempo h\u00e1bil para que o documento chegue ao INEP e os procedimentos administrativos internos possam ser realizados para cancelamento da visita marcada.<\/p>\n<p>Ap\u00f3s o recebimento do memorando, o NRC efetua o envio do documento ao INEP via sistema Fale Conosco, e informa a coordena\u00e7\u00e3o da decis\u00e3o do Instituto, t\u00e3o logo ela seja liberada.<\/p>\n<p>Em caso de negativa de adiamento pelo INEP, a visita deve ocorrer normalmente, cabendo \u00e0 coordena\u00e7\u00e3o do curso, juntamente com o seu NDE e Dire\u00e7\u00e3o, os preparativos para que ela transcorra sem interfer\u00eancias.<\/p>\n<p>&nbsp;<\/p>\n","protected":false},"excerpt":{"rendered":"<p>As visitas in loco s\u00e3o designadas pelo INEP, logo n\u00e3o h\u00e1 como a Universidade, o curso ou o N\u00facleo de Regula\u00e7\u00e3o de Cursos interferirem sobre a sua marca\u00e7\u00e3o ou seu andamento. As \u00fanicas situa\u00e7\u00f5es em que podemos solicitar o adiamento da data da visita s\u00e3o: F\u00e9rias acad\u00eamicas; Greves de docentes e t\u00e9cnicos administrativos que prejudiquem [&hellip;]<\/p>\n","protected":false},"author":799,"featured_media":0,"parent":517,"menu_order":0,"comment_status":"closed","ping_status":"closed","template":"","meta":{"footnotes":""},"class_list":["post-530","page","type-page","status-publish","hentry"],"_links":{"self":[{"href":"https:\/\/wp.ufpel.edu.br\/regulacaodecursos\/wp-json\/wp\/v2\/pages\/530","targetHints":{"allow":["GET"]}}],"collection":[{"href":"https:\/\/wp.ufpel.edu.br\/regulacaodecursos\/wp-json\/wp\/v2\/pages"}],"about":[{"href":"https:\/\/wp.ufpel.edu.br\/regulacaodecursos\/wp-json\/wp\/v2\/types\/page"}],"author":[{"embeddable":true,"href":"https:\/\/wp.ufpel.edu.br\/regulacaodecursos\/wp-json\/wp\/v2\/users\/799"}],"replies":[{"embeddable":true,"href":"https:\/\/wp.ufpel.edu.br\/regulacaodecursos\/wp-json\/wp\/v2\/comments?post=530"}],"version-history":[{"count":1,"href":"https:\/\/wp.ufpel.edu.br\/regulacaodecursos\/wp-json\/wp\/v2\/pages\/530\/revisions"}],"predecessor-version":[{"id":1849,"href":"https:\/\/wp.ufpel.edu.br\/regulacaodecursos\/wp-json\/wp\/v2\/pages\/530\/revisions\/1849"}],"up":[{"embeddable":true,"href":"https:\/\/wp.ufpel.edu.br\/regulacaodecursos\/wp-json\/wp\/v2\/pages\/517"}],"wp:attachment":[{"href":"https:\/\/wp.ufpel.edu.br\/regulacaodecursos\/wp-json\/wp\/v2\/media?parent=530"}],"curies":[{"name":"wp","href":"https:\/\/api.w.org\/{rel}","templated":true}]}}