{"id":523,"date":"2018-03-05T17:58:37","date_gmt":"2018-03-05T20:58:37","guid":{"rendered":"https:\/\/wp.ufpel.edu.br\/cpi\/?page_id=523"},"modified":"2023-09-28T16:19:46","modified_gmt":"2023-09-28T19:19:46","slug":"orientacoes-gerais-as-coordenacoes-para-organizacao-para-visita-in-loco","status":"publish","type":"page","link":"https:\/\/wp.ufpel.edu.br\/regulacaodecursos\/nrc\/visitas-in-loco-inep-mec\/orientacoes-gerais-as-coordenacoes-para-organizacao-para-visita-in-loco\/","title":{"rendered":"Orienta\u00e7\u00f5es gerais \u00e0s Coordena\u00e7\u00f5es para organiza\u00e7\u00e3o para visita in loco"},"content":{"rendered":"<p><b>Orienta\u00e7\u00f5es gerais \u00e0s Coordena\u00e7\u00f5es\u00a0<\/b><\/p>\n<ol>\n<li style=\"font-weight: 400;\" aria-level=\"1\"><span style=\"font-weight: 400;\">A Coordena\u00e7\u00e3o do curso deve responder prontamente o e-mail de contato inicial dos avaliadores;\u00a0<\/span><\/li>\n<li style=\"font-weight: 400;\" aria-level=\"1\"><span style=\"font-weight: 400;\">Recomendamos \u00e0s coordena\u00e7\u00f5es de curso reunir-se previamente com docentes e discentes a fim de explicar-lhes os objetivos e como se dar\u00e1 a participa\u00e7\u00e3o efetiva destes no processo de avalia\u00e7\u00e3o.<\/span><\/li>\n<li style=\"font-weight: 400;\" aria-level=\"1\"><span style=\"font-weight: 400;\">As Coordena\u00e7\u00f5es de curso, NDEs e Colegiados e demais gestores devem estar previamente atentos ao atendimento dos Requisitos Legais em vigor, particularmente \u00e0queles apontados por ocasi\u00e3o do preenchimento do FE do INEP e exigidos nos Instrumentos de Avalia\u00e7\u00e3o, cumprindo-os antecipadamente \u00e0 avalia\u00e7\u00e3o externa e reunindo evid\u00eancias concretas do cumprimento ou encaminhamento de cumprimento de todos os itens dos Requisitos Legais que lhe forem pertinentes, destacando essas evid\u00eancias ao conhecimento dos Avaliadores.<\/span><\/li>\n<li style=\"font-weight: 400;\" aria-level=\"1\"><span style=\"font-weight: 400;\">Notificar o N\u00facleo de Regula\u00e7\u00e3o de Cursos caso n\u00e3o recebam contato por e-mail da comiss\u00e3o <\/span><b>at\u00e9 uma semana da data prevista para sua recep\u00e7\u00e3o,<\/b><span style=\"font-weight: 400;\"> atrav\u00e9s do telefone 3284-4015 op\u00e7\u00e3o 7 ou pelo e-mail <\/span><a href=\"about:blank\"><span style=\"font-weight: 400;\">pi@ufpel.edu.br<\/span><\/a><span style=\"font-weight: 400;\">\u00a0com c\u00f3pia para o e-mail nrc@ufpel.edu.br.<\/span><\/li>\n<\/ol>\n<p>&nbsp;<\/p>\n<p><b>ATEN\u00c7\u00c3O: somente para as avalia\u00e7\u00f5es presenciais<\/b><\/p>\n<p><b>Cabe \u00e0 coordena\u00e7\u00e3o do curso, em articula\u00e7\u00e3o com a Dire\u00e7\u00e3o de Unidade<\/b><b>, <\/b><b>o<\/b> <b>recebimento dos avaliadores designados, devendo:<\/b><span style=\"font-weight: 400;\">\u00a0<\/span><\/p>\n<ol>\n<li style=\"font-weight: 400;\" aria-level=\"1\"><span style=\"font-weight: 400;\">Disponibilizar um local com dois microcomputadores interligados em rede e \u00e0 Internet, uma impressora, linha telef\u00f4nica com acesso interurbano e material de expediente para os trabalhos dos dois avaliadores.\u00a0<\/span><\/li>\n<li style=\"font-weight: 400;\" aria-level=\"1\"><span style=\"font-weight: 400;\">Os avaliadores recebem di\u00e1rias e passagens para efetuar a avalia\u00e7\u00e3o dos cursos, logo a participa\u00e7\u00e3o da Universidade deve limitar-se a cortesia do envio das sugest\u00f5es de hot\u00e9is dispon\u00edveis em Pelotas ou nos p\u00f3los que receber\u00e3o a visita <\/span><i><span style=\"font-weight: 400;\">in loco<\/span><\/i><span style=\"font-weight: 400;\">, mas jamais tratar diretamente com estes sobre quest\u00f5es relacionadas a hospedagem dos avaliadores;\u00a0<\/span><\/li>\n<li style=\"font-weight: 400;\" aria-level=\"1\"><b>Articular junto \u00e0 dire\u00e7\u00e3o de unidade e o n\u00facleo de transportes a disponibilidade de translado para a vinda e ida dos avaliadores ao aeroporto\/rodovi\u00e1ria, assim como o pagamento de di\u00e1rias ao motorista designado pelo Nutrans<\/b><span style=\"font-weight: 400;\">;<\/span><span style=\"font-weight: 400;\">\u00a0<\/span><\/li>\n<li style=\"font-weight: 400;\" aria-level=\"1\"><span style=\"font-weight: 400;\">Verificar junto ao setor de transporte da Universidade a disponibilidade de ve\u00edculo para transporte dos avaliadores no trajeto aeroporto \u2013 hotel, hotel \u2013 universidade, universidade \u2013 hotel e hotel ou universidade \u2013 aeroporto. Essa \u00e9 uma medida de cortesia, n\u00e3o obrigat\u00f3ria, que normalmente cedemos aos avaliadores. Contudo, essa log\u00edstica depende da disponibilidade de viatura, motoristas, pagamento de di\u00e1rias etc.\u00a0<\/span><\/li>\n<\/ol>\n<p>&nbsp;<\/p>\n","protected":false},"excerpt":{"rendered":"<p>Orienta\u00e7\u00f5es gerais \u00e0s Coordena\u00e7\u00f5es\u00a0 A Coordena\u00e7\u00e3o do curso deve responder prontamente o e-mail de contato inicial dos avaliadores;\u00a0 Recomendamos \u00e0s coordena\u00e7\u00f5es de curso reunir-se previamente com docentes e discentes a fim de explicar-lhes os objetivos e como se dar\u00e1 a participa\u00e7\u00e3o efetiva destes no processo de avalia\u00e7\u00e3o. As Coordena\u00e7\u00f5es de curso, NDEs e Colegiados e [&hellip;]<\/p>\n","protected":false},"author":799,"featured_media":0,"parent":517,"menu_order":0,"comment_status":"closed","ping_status":"closed","template":"","meta":{"footnotes":""},"class_list":["post-523","page","type-page","status-publish","hentry"],"_links":{"self":[{"href":"https:\/\/wp.ufpel.edu.br\/regulacaodecursos\/wp-json\/wp\/v2\/pages\/523","targetHints":{"allow":["GET"]}}],"collection":[{"href":"https:\/\/wp.ufpel.edu.br\/regulacaodecursos\/wp-json\/wp\/v2\/pages"}],"about":[{"href":"https:\/\/wp.ufpel.edu.br\/regulacaodecursos\/wp-json\/wp\/v2\/types\/page"}],"author":[{"embeddable":true,"href":"https:\/\/wp.ufpel.edu.br\/regulacaodecursos\/wp-json\/wp\/v2\/users\/799"}],"replies":[{"embeddable":true,"href":"https:\/\/wp.ufpel.edu.br\/regulacaodecursos\/wp-json\/wp\/v2\/comments?post=523"}],"version-history":[{"count":2,"href":"https:\/\/wp.ufpel.edu.br\/regulacaodecursos\/wp-json\/wp\/v2\/pages\/523\/revisions"}],"predecessor-version":[{"id":1853,"href":"https:\/\/wp.ufpel.edu.br\/regulacaodecursos\/wp-json\/wp\/v2\/pages\/523\/revisions\/1853"}],"up":[{"embeddable":true,"href":"https:\/\/wp.ufpel.edu.br\/regulacaodecursos\/wp-json\/wp\/v2\/pages\/517"}],"wp:attachment":[{"href":"https:\/\/wp.ufpel.edu.br\/regulacaodecursos\/wp-json\/wp\/v2\/media?parent=523"}],"curies":[{"name":"wp","href":"https:\/\/api.w.org\/{rel}","templated":true}]}}