{"id":377,"date":"2018-01-12T10:30:57","date_gmt":"2018-01-12T12:30:57","guid":{"rendered":"https:\/\/wp.ufpel.edu.br\/cpi\/?page_id=377"},"modified":"2025-06-27T12:33:15","modified_gmt":"2025-06-27T15:33:15","slug":"apresentacoes-e-tutotr","status":"publish","type":"page","link":"https:\/\/wp.ufpel.edu.br\/regulacaodecursos\/nrc\/enade\/apresentacoes-e-tutotr\/","title":{"rendered":"Apresenta\u00e7\u00f5es e Tutoriais"},"content":{"rendered":"<p><a href=\"https:\/\/wp.ufpel.edu.br\/regulacaodecursos\/files\/2024\/07\/Capitulo-7-\u2013-Exame-Nacional-de-Desempenho-do-Estudante-\u2013-ENADE-e-Tutorial-Sistema-ENADE.pdf\">Informa\u00e7\u00f5es gerais sobre o Exame Nacional de Desempenho &#8211; ENADE &#8211; Cap\u00edtulo 7 \u2013 Exame Nacional de Desempenho do Estudante \u2013 ENADE e Tutorial Sistema ENADE<\/a><\/p>\n<p style=\"text-align: center;\"><strong>Enade 2021<\/strong><\/p>\n<p><a href=\"https:\/\/wp.ufpel.edu.br\/cpi\/nrc\/enade\/apresentacoes-e-tutotr\/apresentacao-enade-edicao-2021-edital-9\/\" rel=\"attachment wp-att-1630\">Apresenta\u00e7\u00e3o Treinamento Enade edi\u00e7\u00e3o 2021 &#8211; Edital n\u00ba 36\/2021<\/a><\/p>\n<p><a href=\"https:\/\/wp.ufpel.edu.br\/cpi\/nrc\/enade\/apresentacoes-e-tutotr\/tutorial-gov-br-e-primeiro-acesso-ao-sistema-enade\/\" rel=\"attachment wp-att-1614\">Tutorial gov.br e Primeiro Acesso ao Sistema Enade<\/a><\/p>\n<p><a href=\"https:\/\/wp.ufpel.edu.br\/cpi\/nrc\/enade\/apresentacoes-e-tutotr\/edital-no-36-de-12-de-julho-de-2021exame-nacional-de-desempenho-dos-estudantes-enade-2021-dou-imprensa-nacional\/\" rel=\"attachment wp-att-1615\">Edital INEP n\u00ba 36\/2021 &#8211; Enade edi\u00e7\u00e3o 2021<\/a><\/p>\n<p><a href=\"https:\/\/wp.ufpel.edu.br\/cpi\/nrc\/enade\/apresentacoes-e-tutotr\/tutorial-enade-2020-inscricao-arquivo-em-lote-e-individual-3\/\" rel=\"attachment wp-att-1634\">Enade 2021 &#8211; Tutorial Inscri\u00e7\u00e3o Individual e com Arquivo em lote\u00a0<\/a><\/p>\n<p><a href=\"https:\/\/wp.ufpel.edu.br\/cpi\/nrc\/enade\/apresentacoes-e-tutotr\/primeiro-acesso-ao-sistema-enade-estudante\/\" rel=\"attachment wp-att-1622\">Tutorial gov.br e Primeiro Acesso ao Sistema Enade &#8211; Estudante<\/a><\/p>\n<p><a href=\"https:\/\/wp.ufpel.edu.br\/cpi\/nrc\/enade\/apresentacoes-e-tutotr\/apresentacao-sinaes-enade-2021-alunos\/\" rel=\"attachment wp-att-1636\">Apresenta\u00e7\u00e3o &#8211; Enade 2021 &#8211; Alunos<\/a><\/p>\n<p><a href=\"https:\/\/wp.ufpel.edu.br\/cpi\/nrc\/enade\/apresentacoes-e-tutotr\/enade-2021-manual-auxiliar-do-estudante-3\/\" rel=\"attachment wp-att-1653\">Enade 2021 &#8211; Manual Auxiliar para alunos e coordenadores de curso<\/a><\/p>\n<p><a href=\"https:\/\/wp.ufpel.edu.br\/cpi\/nrc\/enade\/apresentacoes-e-tutotr\/cartaz_enade-2021end-rev02\/\" rel=\"attachment wp-att-1644\">Enade 2021 &#8211; Cartaz de divulga\u00e7\u00e3o<\/a><\/p>\n<p>&nbsp;<\/p>\n<p style=\"text-align: center;\"><strong>Enade 2022<\/strong><\/p>\n<p><a href=\"https:\/\/wp.ufpel.edu.br\/cpi\/nrc\/enade\/apresentacoes-e-tutotr\/apresentacao-enade-edicao-2022-2\/\" rel=\"attachment wp-att-1710\">Apresenta\u00e7\u00e3o Treinamento Enade edi\u00e7\u00e3o 2022 \u2013 Edital n\u00ba 51\/2022<\/a><\/p>\n<p><a href=\"https:\/\/wp.ufpel.edu.br\/cpi\/nrc\/enade\/apresentacoes-e-tutotr\/cartaz_enade-2022-rev02-print\/\" rel=\"attachment wp-att-1713\">Enade 2022 \u2013 Cartaz de divulga\u00e7\u00e3o<\/a><\/p>\n<p><a href=\"https:\/\/wp.ufpel.edu.br\/cpi\/files\/2022\/07\/Enade-2022-Manual-Auxiliar-para-alunos-e-coordenadores-de-curso.pdf\">Enade 2022 &#8211; Manual Auxiliar para alunos e coordenadores de curso<\/a><\/p>\n<p>&nbsp;<\/p>\n<p style=\"text-align: center;\"><strong>Enade 2023<\/strong><\/p>\n<p><a href=\"https:\/\/wp.ufpel.edu.br\/regulacaodecursos\/files\/2023\/09\/Apresentacao-Enade-edicao-2023.pdf\">Apresentacao Treinamento Enade edic\u00e3o 2023 &#8211; Edital n\u00ba 37\/2023<\/a><\/p>\n<p><a href=\"https:\/\/wp.ufpel.edu.br\/regulacaodecursos\/files\/2023\/10\/ENADE-2023-DOU-Edital-37-2023.pdf\">Edital INEP n\u00ba 37\/2023<\/a> &#8211; Disp\u00f5e sobre a edi\u00e7\u00e3o de 2023 da Avalia\u00e7\u00e3o Enade<\/p>\n<p><a href=\"https:\/\/wp.ufpel.edu.br\/regulacaodecursos\/files\/2023\/10\/RETIFICACAO-Edital-no-37-de-25-de-maio-de-2023.pdf\">Retifica\u00e7\u00e3o Edital INEP n\u00ba 37\/2023<\/a> &#8211; DOU 07 de Junho de 2023<\/p>\n<p><a href=\"https:\/\/wp.ufpel.edu.br\/regulacaodecursos\/files\/2023\/10\/RETIFICACAO-Edital-37-2023-Enade-2023-DOU-Imprensa-Nacional.pdf\">Retifica\u00e7\u00e3o Edital INEP n\u00ba 37\/2023<\/a> &#8211; DOU 11 de Julho de 2023 &#8211; Estudantes concluintes com previs\u00e3o de cola\u00e7\u00e3o de grau at\u00e9 31 de Outubro de 2023<\/p>\n<p><a href=\"https:\/\/wp.ufpel.edu.br\/regulacaodecursos\/files\/2023\/10\/RETIFICACAO-Edital-37-2023-DOU-Imprensa-Nacional.pdf\">Retifica\u00e7\u00e3o Edital INEP n\u00ba 37\/2023<\/a> &#8211; DOU 06 de Outubro de 2023 &#8211; Altera\u00e7\u00e3o regras log\u00edstica munic\u00edpios de aplica\u00e7\u00e3o do Exame<\/p>\n<p><a href=\"https:\/\/wp.ufpel.edu.br\/regulacaodecursos\/files\/2023\/10\/EDITAL-No-75-DE-5-DE-OUTUBRO-DE-2023-EDITAL-No-75-DE-5-DE-OUTUBRO-DE-2023-DOU-Imprensa-Nacional.pdf\">Edital INEP n\u00ba 75\/2023<\/a> &#8211; Inclui nova modalidade de verifica\u00e7\u00e3o pelas Institui\u00e7\u00f5es de Educa\u00e7\u00e3o Superior da regularidade do estudante concluinte participante da prova<\/p>\n<p><a href=\"https:\/\/wp.ufpel.edu.br\/regulacaodecursos\/files\/2023\/09\/Cartaz_ENADE-2023_rev03.pdf\">Enade 2023 &#8211; Cartaz de divulga\u00e7\u00e3o<\/a><\/p>\n<p><a href=\"https:\/\/wp.ufpel.edu.br\/regulacaodecursos\/files\/2023\/09\/Enade-2023-Manual-Auxiliar-do-Estudante.pdf\">Enade 2023 &#8211; Manual Auxiliar do Estudante<\/a><\/p>\n<p>&nbsp;<\/p>\n<p style=\"text-align: center;\"><strong>Enade 2024<\/strong><\/p>\n<p><a href=\"https:\/\/wp.ufpel.edu.br\/regulacaodecursos\/files\/2024\/07\/PORTARIA-No-610-DE-27-DE-JUNHO-DE-2024-PORTARIA-No-610-DE-27-DE-JUNHO-DE-2024-DOU-Imprensa-Nacional.pdf\">Portaria Normativa n\u00ba 610\/2024<\/a> &#8211; <span class=\"fontstyle0\">Institui o Exame Nacional de Desempenho dos Estudantes para os cursos de licenciatura &#8211; Enade das Licenciaturas, altera a Portaria Normativa n\u00ba 840, de 24 de agosto de 2018, que disp\u00f5e sobre os procedimentos de compet\u00eancia do Instituto Nacional de Estudos e Pesquisas Educacionais An\u00edsio Teixeira &#8211; Inep referentes \u00e0 avalia\u00e7\u00e3o de Institui\u00e7\u00f5es de Educa\u00e7\u00e3o Superior, de cursos de gradua\u00e7\u00e3o e de desempenho acad\u00eamico de estudantes, e institui o novo ciclo avaliativo do Enade<\/span><\/p>\n<p><a href=\"https:\/\/wp.ufpel.edu.br\/regulacaodecursos\/files\/2024\/07\/PORTARIA-No-611-DE-27-DE-JUNHO-DE-2024-PORTARIA-No-611-DE-27-DE-JUNHO-DE-2024-DOU-Imprensa-Nacional.pdf\">Portaria Normativa n\u00ba 611\/2024<\/a> &#8211; <span class=\"fontstyle0\">Disp\u00f5e sobre o Exame Nacional de Desempenho dos <\/span><span class=\"fontstyle0\">Estudantes &#8211; Enade 2024<\/span><\/p>\n<p><a href=\"https:\/\/wp.ufpel.edu.br\/regulacaodecursos\/files\/2024\/07\/Edital-Enade-2024-124_2024.pdf\">Edital Enade 124\/2024<\/a> &#8211; Disp\u00f5e sobre a edi\u00e7\u00e3o de 2024 da Avalia\u00e7\u00e3o Enade das Licenciaturas<\/p>\n<p><a href=\"https:\/\/wp.ufpel.edu.br\/regulacaodecursos\/files\/2024\/07\/Apresentacao-e-Codigos-Curso-eMEC-2.pdf\">Apresenta\u00e7\u00e3o Treinamento Enade edi\u00e7\u00e3o 2024 &#8211; Edital n\u00ba 124\/2024 &#8211; Avalia\u00e7\u00e3o Te\u00f3rica<\/a><\/p>\n<p><a href=\"https:\/\/wp.ufpel.edu.br\/regulacaodecursos\/files\/2024\/09\/Retificacao-do-Edital-No-124-ENADE-2024.pdf\">Retifica\u00e7\u00e3o Edital n\u00ba 124\/2024 &#8211; 13 de Setembro de 2024<\/a><\/p>\n<p><a href=\"https:\/\/wp.ufpel.edu.br\/regulacaodecursos\/files\/2025\/01\/2a-Retificacao-do-Edital-No-124-ENADE-2024.pdf\">Retifica\u00e7\u00e3o Edital n\u00ba 124\/2024 &#8211; 16 de Setembro de 2024<\/a><\/p>\n<p><a href=\"https:\/\/wp.ufpel.edu.br\/regulacaodecursos\/files\/2025\/01\/RETIFICACAO-RETIFICACAO-DOU-Imprensa-Nacional-14-Novembro-cronograma.pdf\">Retifica\u00e7\u00e3o Edital n\u00ba 124\/2024 &#8211; 14 de Novembro de 2024- Retifica Cronograma AP<\/a><\/p>\n<p><a href=\"https:\/\/wp.ufpel.edu.br\/regulacaodecursos\/files\/2024\/08\/Cartaz_ENADE-2024_rev01.pdf\">Enade 2024 &#8211; Cartaz de divulga\u00e7\u00e3o &#8211; Avalia\u00e7\u00e3o Te\u00f3rica<\/a><\/p>\n<p><a href=\"https:\/\/wp.ufpel.edu.br\/regulacaodecursos\/files\/2024\/09\/Enade-2024-Manual-Auxiliar-do-Estudante.pdf\">Enade 2024 \u2013 Manual AUXILIAR para alunos e coordenadores de curso<\/a><\/p>\n<p><a href=\"https:\/\/wp.ufpel.edu.br\/regulacaodecursos\/files\/2024\/09\/Cartaz_ENADE-2024-Avaliacao-Pratica_rev03.pdf\">Enade 2024 &#8211; Cartaz de Divulga\u00e7\u00e3o &#8211; Avalia\u00e7\u00e3o da Pr\u00e1tica<\/a><\/p>\n<p><a href=\"https:\/\/wp.ufpel.edu.br\/regulacaodecursos\/files\/2024\/09\/Apresentacao-Enade-2024-Avaliacao-da-Pratica.pdf\">Apresenta\u00e7\u00e3o Treinamento Enade edi\u00e7\u00e3o 2024 &#8211; Edital n\u00ba 124\/2024 &#8211; Avalia\u00e7\u00e3o da Pr\u00e1tica<\/a><\/p>\n<p><a href=\"https:\/\/wp.ufpel.edu.br\/regulacaodecursos\/files\/2024\/09\/Enade-2024-Tutorial-Inscricoes-Avaliacao-da-Pratica-1.pdf\">Enade 2024 &#8211; Tutorial Inscri\u00e7\u00f5es em Lote e Individuais &#8211; Avalia\u00e7\u00e3o da Pr\u00e1tica<\/a><\/p>\n<p><a href=\"https:\/\/wp.ufpel.edu.br\/regulacaodecursos\/files\/2025\/01\/ENADE-2024-Treinamento-Dispensa-e-Regularizacao-Alunos.pdf\">Enade 2024 &#8211; Dispensa e Regulariza\u00e7\u00e3o de Estudantes<\/a><\/p>\n<p><a href=\"https:\/\/wp.ufpel.edu.br\/regulacaodecursos\/nrc\/enade\/apresentacoes-e-tutotr\/retificacao-edital-enade-2024-11-fevereiro-2025-edital-dou-imprensa-nacional\/\" rel=\"attachment wp-att-2102\">Retifica\u00e7\u00e3o Edital n\u00ba 124\/2024 &#8211; 11 de Fevereiro de 2025 &#8211; Altera cronograma da Avalia\u00e7\u00e3o da Pr\u00e1tica do Enade 2024 &#8211; 1\u00ba e 2\u00ba per\u00edodos de inscri\u00e7\u00e3o<\/a><\/p>\n<p>&nbsp;<\/p>\n<p style=\"text-align: center;\"><strong>Enade 2025<\/strong><\/p>\n<p><a href=\"https:\/\/wp.ufpel.edu.br\/regulacaodecursos\/nrc\/enade\/apresentacoes-e-tutotr\/portaria-inep-359-2025-05-28\/\" rel=\"attachment wp-att-2122\">Portaria n\u00ba 359\/2025 &#8211; Disp\u00f5es sobre diretrizes e regulamentos referentes ao Enade<\/a><\/p>\n<p><a href=\"https:\/\/wp.ufpel.edu.br\/regulacaodecursos\/nrc\/enade\/apresentacoes-e-tutotr\/portaria-mec-no-392-de-26-de-maio-de-2025-portaria-enade-2025\/\" rel=\"attachment wp-att-2104\">Portaria n\u00ba 392\/2025 &#8211; Disp\u00f5e sobre o Enade 2025 para os cursos de licenciatura, bacharelado e superiores de tecnologia referentes ao Ano I do Ciclo Avaliativo, previsto pelo artigo 40 da Portaria Normativa MEC n\u00ba 840\/2018<\/a><\/p>\n<p><a href=\"https:\/\/wp.ufpel.edu.br\/regulacaodecursos\/nrc\/enade\/apresentacoes-e-tutotr\/apresentacao-enade-edicao-2025\/\" rel=\"attachment wp-att-2109\">Apresenta\u00e7\u00e3o Treinamento Enade 2025 &#8211; Avalia\u00e7\u00e3o Te\u00f3rica<\/a><\/p>\n<p><a href=\"https:\/\/wp.ufpel.edu.br\/regulacaodecursos\/nrc\/enade\/apresentacoes-e-tutotr\/edital-no-57-de-29-de-maio-de-2025-enade-2025\/\" rel=\"attachment wp-att-2115\">Edital INEP n\u00ba 57\/2025 &#8211; Enade 2025<\/a><\/p>\n<p><a href=\"https:\/\/wp.ufpel.edu.br\/regulacaodecursos\/nrc\/enade\/apresentacoes-e-tutotr\/edital-no-60-de-5-de-junho-de-2025-edital-no-60-de-5-de-junho-de-2025-dou-imprensa-nacional\/\" rel=\"attachment wp-att-2117\">Edital INEP n\u00ba 60\/2025 &#8211; Enade 2025 &#8211; Bacharelados, com exce\u00e7\u00e3o do curso de Medicina, e Tecn\u00f3logos<\/a><\/p>\n<p><a href=\"https:\/\/wp.ufpel.edu.br\/regulacaodecursos\/nrc\/enade\/apresentacoes-e-tutotr\/edital-no-72-de-16-de-junho-de-2025-edital-pnd-licenciaturas_compressed-compactado\/\" rel=\"attachment wp-att-2113\">Edital INEP n\u00ba 72\/2025 &#8211; Enade 2025 &#8211; Licenciaturas &#8211; Prova Nacional Docente<\/a><\/p>\n<p><a href=\"https:\/\/wp.ufpel.edu.br\/regulacaodecursos\/nrc\/enade\/apresentacoes-e-tutotr\/edital-no-81-de-25-de-junho-de-2025-edital-enamed\/\" rel=\"attachment wp-att-2120\">Edital INEP n\u00ba 81\/2025 &#8211; Enade 2025 &#8211; Medicina &#8211; Enamed<\/a><\/p>\n<p>&nbsp;<\/p>\n","protected":false},"excerpt":{"rendered":"<p>Informa\u00e7\u00f5es gerais sobre o Exame Nacional de Desempenho &#8211; ENADE &#8211; Cap\u00edtulo 7 \u2013 Exame Nacional de Desempenho do Estudante \u2013 ENADE e Tutorial Sistema ENADE Enade 2021 Apresenta\u00e7\u00e3o Treinamento Enade edi\u00e7\u00e3o 2021 &#8211; Edital n\u00ba 36\/2021 Tutorial gov.br e Primeiro Acesso ao Sistema Enade Edital INEP n\u00ba 36\/2021 &#8211; Enade edi\u00e7\u00e3o 2021 Enade 2021 [&hellip;]<\/p>\n","protected":false},"author":799,"featured_media":0,"parent":362,"menu_order":0,"comment_status":"closed","ping_status":"closed","template":"","meta":{"footnotes":""},"class_list":["post-377","page","type-page","status-publish","hentry"],"_links":{"self":[{"href":"https:\/\/wp.ufpel.edu.br\/regulacaodecursos\/wp-json\/wp\/v2\/pages\/377","targetHints":{"allow":["GET"]}}],"collection":[{"href":"https:\/\/wp.ufpel.edu.br\/regulacaodecursos\/wp-json\/wp\/v2\/pages"}],"about":[{"href":"https:\/\/wp.ufpel.edu.br\/regulacaodecursos\/wp-json\/wp\/v2\/types\/page"}],"author":[{"embeddable":true,"href":"https:\/\/wp.ufpel.edu.br\/regulacaodecursos\/wp-json\/wp\/v2\/users\/799"}],"replies":[{"embeddable":true,"href":"https:\/\/wp.ufpel.edu.br\/regulacaodecursos\/wp-json\/wp\/v2\/comments?post=377"}],"version-history":[{"count":29,"href":"https:\/\/wp.ufpel.edu.br\/regulacaodecursos\/wp-json\/wp\/v2\/pages\/377\/revisions"}],"predecessor-version":[{"id":2121,"href":"https:\/\/wp.ufpel.edu.br\/regulacaodecursos\/wp-json\/wp\/v2\/pages\/377\/revisions\/2121"}],"up":[{"embeddable":true,"href":"https:\/\/wp.ufpel.edu.br\/regulacaodecursos\/wp-json\/wp\/v2\/pages\/362"}],"wp:attachment":[{"href":"https:\/\/wp.ufpel.edu.br\/regulacaodecursos\/wp-json\/wp\/v2\/media?parent=377"}],"curies":[{"name":"wp","href":"https:\/\/api.w.org\/{rel}","templated":true}]}}