{"id":1575,"date":"2021-04-22T18:59:22","date_gmt":"2021-04-22T21:59:22","guid":{"rendered":"https:\/\/wp.ufpel.edu.br\/cpi\/?page_id=1575"},"modified":"2024-07-03T10:30:03","modified_gmt":"2024-07-03T13:30:03","slug":"ciclos-avaliativos-e-seus-cursos","status":"publish","type":"page","link":"https:\/\/wp.ufpel.edu.br\/regulacaodecursos\/ciclos-avaliativos-e-seus-cursos\/","title":{"rendered":"Ciclos Avaliativos e seus cursos"},"content":{"rendered":"<p>De acordo com a Portaria Normativo n\u00ba 840\/2018, os ciclos se dividem da seguinte maneira:<\/p>\n<p><strong>I \u2013 Ano I (Antigo Ciclo verde):<\/strong><br \/>\na) Cursos de bacharelado nas \u00e1reas de conhecimento de Ci\u00eancias Agr\u00e1rias, Ci\u00eancias da Sa\u00fade e \u00e1reas afins;<br \/>\nb)\u00a0<em>Cursos de bacharelado nas \u00e1reas de conhecimento de Engenharias e Arquitetura e Urbanismo<\/em>; e<br \/>\nc) Cursos Superiores de Tecnologia nas \u00e1reas de Ambiente e Sa\u00fade, Produ\u00e7\u00e3o Aliment\u00edcia, Recursos Naturais, Militar e Seguran\u00e7a.<\/p>\n<p><strong>II \u2013 Ano II (Antigo Ciclo azul):<\/strong><br \/>\na) Cursos de bacharelado nas \u00e1reas de conhecimento de Ci\u00eancias Biol\u00f3gicas; Ci\u00eancias Exatas e da Terra; Lingu\u00edstica, Letras e Artes; e \u00e1reas afins;<br \/>\nb) Cursos de licenciatura nas \u00e1reas de conhecimento de Ci\u00eancias da Sa\u00fade; Ci\u00eancias Humanas; Ci\u00eancias Biol\u00f3gicas; Ci\u00eancias Exatas e da Terra; Lingu\u00edstica, Letras e Artes;<br \/>\nc) Cursos de bacharelado nas \u00e1reas de conhecimento de Ci\u00eancias Humanas e Ci\u00eancias da Sa\u00fade, com cursos avaliados no\u00a0\u00e2mbito das licenciaturas;<br \/>\nd) Cursos Superiores de Tecnologia nas \u00e1reas de Controle e Processos Industriais, Informa\u00e7\u00e3o e Comunica\u00e7\u00e3o, Infraestrutura e Produ\u00e7\u00e3o Industrial.<\/p>\n<p><strong>III \u2013 Ano III (Antigo Ciclo vermelho):<\/strong><br \/>\na) Cursos de bacharelado nas \u00c1reas de Conhecimento Ci\u00eancias Sociais Aplicadas e \u00e1reas afins;<br \/>\nb) Cursos de bacharelado nas \u00c1reas de Conhecimento Ci\u00eancias Humanas e \u00e1reas afins que n\u00e3o tenham cursos tamb\u00e9m avaliados no \u00e2mbito das licenciaturas; e<br \/>\nc) Cursos Superiores de Tecnologia nas \u00e1reas de Gest\u00e3o e Neg\u00f3cios, Apoio Escolar, Hospitalidade e Lazer, Produ\u00e7\u00e3o Cultural e Design.<\/p>\n<p class=\"western\" align=\"justify\">A <strong>Portaria n\u00ba 610, de 27 de Junho de 2024, publicada em 1\u00ba de Julho de 2024, <\/strong>alterou o artigo n\u00ba 40 da Portaria INEP n\u00ba 840\/2018. A nova reda\u00e7\u00e3o do artigo n\u00ba 40 \u00e9:<\/p>\n<blockquote>\n<p class=\"western\" style=\"padding-left: 200px;\" align=\"justify\"><span style=\"font-size: small;\">Art. 40. O Enade ser\u00e1 realizado todos os anos, em conformidade com as \u00e1reas de avalia\u00e7\u00e3o do ciclo avaliativo trienal, considerando as seguintes \u00e1reas gerais da Classifica\u00e7\u00e3o Internacional Normalizada da Educa\u00e7\u00e3o Adaptada para Cursos de Gradua\u00e7\u00e3o e Sequenciais de Forma\u00e7\u00e3o Espec\u00edfica &#8211; Cine Brasil:<\/span><\/p>\n<p class=\"western\" style=\"padding-left: 200px;\"><span style=\"font-size: small;\">I &#8211; Ano I:<\/span><\/p>\n<p class=\"western\" style=\"padding-left: 200px;\"><span style=\"font-size: small;\">a) 01 &#8211; Educa\u00e7\u00e3o;<\/span><\/p>\n<p class=\"western\" style=\"padding-left: 200px;\"><span style=\"font-size: small;\">b) 02 &#8211; Artes e humanidades;<\/span><\/p>\n<p class=\"western\" style=\"padding-left: 200px;\"><span style=\"font-size: small;\">c) 03 &#8211; Ci\u00eancias sociais, jornalismo e informa\u00e7\u00e3o; e<\/span><\/p>\n<p class=\"western\" style=\"padding-left: 200px;\"><span style=\"font-size: small;\">d) 04 &#8211; Neg\u00f3cios, administra\u00e7\u00e3o e direito;<\/span><\/p>\n<p class=\"western\" style=\"padding-left: 200px;\"><span style=\"font-size: small;\">II &#8211; Ano II:<\/span><\/p>\n<p class=\"western\" style=\"padding-left: 200px;\"><span style=\"font-size: small;\">a) 01 &#8211; Educa\u00e7\u00e3o;<\/span><\/p>\n<p class=\"western\" style=\"padding-left: 200px;\"><span style=\"font-size: small;\">b) 05 &#8211; Ci\u00eancias naturais, matem\u00e1tica e estat\u00edstica;<\/span><\/p>\n<p class=\"western\" style=\"padding-left: 200px;\"><span style=\"font-size: small;\">c) 06 &#8211; Computa\u00e7\u00e3o e Tecnologias da Informa\u00e7\u00e3o e Comunica\u00e7\u00e3o &#8211; TIC; e<\/span><\/p>\n<p class=\"western\" style=\"padding-left: 200px;\"><span style=\"font-size: small;\">d) 07 &#8211; Engenharia, produ\u00e7\u00e3o e constru\u00e7\u00e3o; e<\/span><\/p>\n<p class=\"western\" style=\"padding-left: 200px;\"><span style=\"font-size: small;\">III &#8211; Ano III:<\/span><\/p>\n<p class=\"western\" style=\"padding-left: 200px;\"><span style=\"font-size: small;\">a) 01 &#8211; Educa\u00e7\u00e3o;<\/span><\/p>\n<p class=\"western\" style=\"padding-left: 200px;\"><span style=\"font-size: small;\">b) 08 &#8211; Agricultura, silvicultura, pesca e veterin\u00e1ria;<\/span><\/p>\n<p class=\"western\" style=\"padding-left: 200px;\"><span style=\"font-size: small;\">c) 09 &#8211; Sa\u00fade e bem-estar; e<\/span><\/p>\n<p class=\"western\" style=\"padding-left: 200px;\"><span style=\"font-size: small;\">d) 10 &#8211; Servi\u00e7os.<\/span><\/p>\n<\/blockquote>\n<p class=\"western\" align=\"justify\"><strong><em>Ainda de acordo com a Portaria n\u00ba 610, este novo ciclo avaliativo ter\u00e1 in\u00edcio no ano de 2025 (Ano I)<\/em><\/strong>, sendo avaliados pelo Enade em 2024 apenas os cursos de licenciatura, novidade essa implementada pela Portaria n\u00ba 611\/2024.<\/p>\n<p class=\"western\" align=\"justify\">Entre as altera\u00e7\u00f5es propostas nesse novo ciclo avaliativo est\u00e3o a avalia\u00e7\u00e3o anual das licenciaturas, a invers\u00e3o dos anos I e III e a mudan\u00e7a de diversos cursos de ano avaliativo.<\/p>\n","protected":false},"excerpt":{"rendered":"<p>De acordo com a Portaria Normativo n\u00ba 840\/2018, os ciclos se dividem da seguinte maneira: I \u2013 Ano I (Antigo Ciclo verde): a) Cursos de bacharelado nas \u00e1reas de conhecimento de Ci\u00eancias Agr\u00e1rias, Ci\u00eancias da Sa\u00fade e \u00e1reas afins; b)\u00a0Cursos de bacharelado nas \u00e1reas de conhecimento de Engenharias e Arquitetura e Urbanismo; e c) Cursos [&hellip;]<\/p>\n","protected":false},"author":799,"featured_media":0,"parent":0,"menu_order":0,"comment_status":"closed","ping_status":"closed","template":"","meta":{"footnotes":""},"class_list":["post-1575","page","type-page","status-publish","hentry"],"_links":{"self":[{"href":"https:\/\/wp.ufpel.edu.br\/regulacaodecursos\/wp-json\/wp\/v2\/pages\/1575","targetHints":{"allow":["GET"]}}],"collection":[{"href":"https:\/\/wp.ufpel.edu.br\/regulacaodecursos\/wp-json\/wp\/v2\/pages"}],"about":[{"href":"https:\/\/wp.ufpel.edu.br\/regulacaodecursos\/wp-json\/wp\/v2\/types\/page"}],"author":[{"embeddable":true,"href":"https:\/\/wp.ufpel.edu.br\/regulacaodecursos\/wp-json\/wp\/v2\/users\/799"}],"replies":[{"embeddable":true,"href":"https:\/\/wp.ufpel.edu.br\/regulacaodecursos\/wp-json\/wp\/v2\/comments?post=1575"}],"version-history":[{"count":3,"href":"https:\/\/wp.ufpel.edu.br\/regulacaodecursos\/wp-json\/wp\/v2\/pages\/1575\/revisions"}],"predecessor-version":[{"id":1978,"href":"https:\/\/wp.ufpel.edu.br\/regulacaodecursos\/wp-json\/wp\/v2\/pages\/1575\/revisions\/1978"}],"wp:attachment":[{"href":"https:\/\/wp.ufpel.edu.br\/regulacaodecursos\/wp-json\/wp\/v2\/media?parent=1575"}],"curies":[{"name":"wp","href":"https:\/\/api.w.org\/{rel}","templated":true}]}}