{"id":1538,"date":"2021-04-22T18:46:38","date_gmt":"2021-04-22T21:46:38","guid":{"rendered":"https:\/\/wp.ufpel.edu.br\/cpi\/?page_id=1538"},"modified":"2021-04-22T18:46:38","modified_gmt":"2021-04-22T21:46:38","slug":"ano-i-evolucao-cpc-2016-2017-e-2019","status":"publish","type":"page","link":"https:\/\/wp.ufpel.edu.br\/regulacaodecursos\/ano-i-evolucao-cpc-2016-2017-e-2019\/","title":{"rendered":"Ano I &#8211; Evolu\u00e7\u00e3o CPC &#8211; 2016, 2017 e 2019"},"content":{"rendered":"<table width=\"596\">\n<tbody>\n<tr>\n<td style=\"text-align: center\" rowspan=\"3\" width=\"64\"><strong>C\u00f3digo e-MEC Curso<\/strong><\/td>\n<td style=\"text-align: center\" rowspan=\"3\" width=\"148\"><strong>Curso<\/strong><\/td>\n<td style=\"text-align: center\" colspan=\"2\" width=\"128\"><strong>2016<\/strong><\/td>\n<td style=\"text-align: center\" colspan=\"2\" width=\"128\"><strong>2017<\/strong><\/td>\n<td style=\"text-align: center\" colspan=\"2\" width=\"128\"><strong>2019<\/strong><\/td>\n<\/tr>\n<tr>\n<td style=\"text-align: center\" rowspan=\"2\" width=\"64\"><strong>CPC Cont\u00ednuo<\/strong><\/td>\n<td style=\"text-align: center\" width=\"64\"><strong>CPC<\/strong><\/td>\n<td style=\"text-align: center\" rowspan=\"2\" width=\"64\"><strong>CPC Cont\u00ednuo<\/strong><\/td>\n<td style=\"text-align: center\" width=\"64\"><strong>CPC<\/strong><\/td>\n<td style=\"text-align: center\" rowspan=\"2\" width=\"64\"><strong>CPC Cont\u00ednuo<\/strong><\/td>\n<td style=\"text-align: center\" width=\"64\"><strong>CPC<\/strong><\/td>\n<\/tr>\n<tr>\n<td style=\"text-align: center\" width=\"64\"><strong>\u00a0faixa<\/strong><\/td>\n<td style=\"text-align: center\" width=\"64\"><strong>\u00a0Faixa<\/strong><\/td>\n<td style=\"text-align: center\" width=\"64\"><strong>\u00a0faixa<\/strong><\/td>\n<\/tr>\n<tr>\n<td width=\"64\">14970<\/td>\n<td width=\"148\">AGRONOMIA<\/td>\n<td width=\"64\">3,1573<\/td>\n<td width=\"64\">4<\/td>\n<td width=\"64\">&#8211;<\/td>\n<td width=\"64\">&#8211;<\/td>\n<td width=\"64\">3,2899<\/td>\n<td width=\"64\">4<\/td>\n<\/tr>\n<tr>\n<td width=\"64\">14978<\/td>\n<td width=\"148\">ARQUITETURA E URBANISMO<\/td>\n<td width=\"64\">&#8211;<\/td>\n<td width=\"64\">&#8211;<\/td>\n<td width=\"64\">3,1162<\/td>\n<td width=\"64\">4<\/td>\n<td width=\"64\">3,421<\/td>\n<td width=\"64\">4<\/td>\n<\/tr>\n<tr>\n<td width=\"64\">102304<\/td>\n<td width=\"148\">EDUCA\u00c7\u00c3O F\u00cdSICA (Bacharelado)<\/td>\n<td width=\"64\">2,791<\/td>\n<td width=\"64\">3<\/td>\n<td width=\"64\">&#8211;<\/td>\n<td width=\"64\">&#8211;<\/td>\n<td width=\"64\">3,3675<\/td>\n<td width=\"64\">4<\/td>\n<\/tr>\n<tr>\n<td width=\"64\">14980<\/td>\n<td width=\"148\">ENFERMAGEM<\/td>\n<td width=\"64\">2,9963<\/td>\n<td width=\"64\">4<\/td>\n<td width=\"64\">&#8211;<\/td>\n<td width=\"64\">&#8211;<\/td>\n<td width=\"64\">3,0996<\/td>\n<td width=\"64\">4<\/td>\n<\/tr>\n<tr>\n<td width=\"64\">118446<\/td>\n<td width=\"148\">ENGENHARIA CIVIL<\/td>\n<td width=\"64\">&#8211;<\/td>\n<td width=\"64\">&#8211;<\/td>\n<td width=\"64\">3,3557<\/td>\n<td width=\"64\">4<\/td>\n<td width=\"64\">3,0739<\/td>\n<td width=\"64\">4<\/td>\n<\/tr>\n<tr>\n<td width=\"64\">1102175<\/td>\n<td width=\"148\">ENGENHARIA DA COMPUTA\u00c7\u00c3O<\/td>\n<td width=\"64\">&#8211;<\/td>\n<td width=\"64\">&#8211;<\/td>\n<td width=\"64\">3,1657<\/td>\n<td width=\"64\">4<\/td>\n<td width=\"64\">3,4088<\/td>\n<td width=\"64\">4<\/td>\n<\/tr>\n<tr>\n<td width=\"64\">1113663<\/td>\n<td width=\"148\">ENGENHARIA DE CONTROLE E AUTOMA\u00c7\u00c3O<\/td>\n<td width=\"64\">&#8211;<\/td>\n<td width=\"64\">&#8211;<\/td>\n<td width=\"64\">3,039<\/td>\n<td width=\"64\">4<\/td>\n<td width=\"64\">3,1282<\/td>\n<td width=\"64\">4<\/td>\n<\/tr>\n<tr>\n<td width=\"64\">122366<\/td>\n<td width=\"148\">ENGENHARIA DE PETR\u00d3LEO<\/td>\n<td width=\"64\">&#8211;<\/td>\n<td width=\"64\">&#8211;<\/td>\n<td width=\"64\">2,3453<\/td>\n<td width=\"64\">3<\/td>\n<td width=\"64\">2,2232<\/td>\n<td width=\"64\">3<\/td>\n<\/tr>\n<tr>\n<td width=\"64\">1102178<\/td>\n<td width=\"148\">ENGENHARIA DE PRODU\u00c7\u00c3O<\/td>\n<td width=\"64\">&#8211;<\/td>\n<td width=\"64\">&#8211;<\/td>\n<td width=\"64\">2,9<\/td>\n<td width=\"64\">3<\/td>\n<td width=\"64\">3,2565<\/td>\n<td width=\"64\">4<\/td>\n<\/tr>\n<tr>\n<td width=\"64\">1113665<\/td>\n<td width=\"148\">ENGENHARIA ELETR\u00d4NICA<\/td>\n<td width=\"64\">&#8211;<\/td>\n<td width=\"64\">&#8211;<\/td>\n<td width=\"64\">3,7565<\/td>\n<td width=\"64\">4<\/td>\n<td width=\"64\">3,556<\/td>\n<td width=\"64\">4<\/td>\n<\/tr>\n<tr>\n<td width=\"64\">113652<\/td>\n<td width=\"148\">ENGENHARIA GEOL\u00d3GICA<\/td>\n<td width=\"64\">&#8211;<\/td>\n<td width=\"64\">&#8211;<\/td>\n<td width=\"64\">2,3022<\/td>\n<td width=\"64\">3<\/td>\n<td width=\"64\">2,2972<\/td>\n<td width=\"64\">3<\/td>\n<\/tr>\n<tr>\n<td width=\"64\">118448<\/td>\n<td width=\"148\">ENGENHARIA H\u00cdDRICA<\/td>\n<td width=\"64\">&#8211;<\/td>\n<td width=\"64\">&#8211;<\/td>\n<td width=\"64\">3,2875<\/td>\n<td width=\"64\">4<\/td>\n<td width=\"64\">3,5418<\/td>\n<td width=\"64\">4<\/td>\n<\/tr>\n<tr>\n<td width=\"64\">118444<\/td>\n<td width=\"148\">ENGENHARIA AMBIENTAL E SANIT\u00c1RIA<\/td>\n<td width=\"64\">&#8211;<\/td>\n<td width=\"64\">&#8211;<\/td>\n<td width=\"64\">3,3249<\/td>\n<td width=\"64\">4<\/td>\n<td width=\"64\">3,2468<\/td>\n<td width=\"64\">4<\/td>\n<\/tr>\n<tr>\n<td width=\"64\">1103252<\/td>\n<td width=\"148\">FARM\u00c1CIA<\/td>\n<td width=\"64\">3,0953<\/td>\n<td width=\"64\">4<\/td>\n<td width=\"64\">&#8211;<\/td>\n<td width=\"64\">&#8211;<\/td>\n<td width=\"64\">3,0347<\/td>\n<td width=\"64\">4<\/td>\n<\/tr>\n<tr>\n<td width=\"64\">1184817<\/td>\n<td width=\"148\">GEST\u00c3O AMBIENTAL (Tecn\u00f3logo)<\/td>\n<td width=\"64\">2,5642<\/td>\n<td width=\"64\">3<\/td>\n<td width=\"64\">&#8211;<\/td>\n<td width=\"64\">&#8211;<\/td>\n<td width=\"64\">SC<\/td>\n<td width=\"64\">SC<\/td>\n<\/tr>\n<tr>\n<td width=\"64\">14975<\/td>\n<td width=\"148\">MEDICINA<\/td>\n<td width=\"64\">2,6671<\/td>\n<td width=\"64\">3<\/td>\n<td width=\"64\">&#8211;<\/td>\n<td width=\"64\">&#8211;<\/td>\n<td width=\"64\">3,4412<\/td>\n<td width=\"64\">4<\/td>\n<\/tr>\n<tr>\n<td width=\"64\">14974<\/td>\n<td width=\"148\">MEDICINA VETERIN\u00c1RIA<\/td>\n<td width=\"64\">3,3652<\/td>\n<td width=\"64\">4<\/td>\n<td width=\"64\">&#8211;<\/td>\n<td width=\"64\">&#8211;<\/td>\n<td width=\"64\">3,1485<\/td>\n<td width=\"64\">4<\/td>\n<\/tr>\n<tr>\n<td width=\"64\">14979<\/td>\n<td width=\"148\">NUTRI\u00c7\u00c3O<\/td>\n<td width=\"64\">2,578<\/td>\n<td width=\"64\">3<\/td>\n<td width=\"64\">&#8211;<\/td>\n<td width=\"64\">&#8211;<\/td>\n<td width=\"64\">3,033<\/td>\n<td width=\"64\">4<\/td>\n<\/tr>\n<tr>\n<td width=\"64\">14973<\/td>\n<td width=\"148\">ODONTOLOGIA<\/td>\n<td width=\"64\">2,723<\/td>\n<td width=\"64\">3<\/td>\n<td width=\"64\">&#8211;<\/td>\n<td width=\"64\">&#8211;<\/td>\n<td width=\"64\">3,3572<\/td>\n<td width=\"64\">4<\/td>\n<\/tr>\n<tr>\n<td width=\"64\">113645<\/td>\n<td width=\"148\">ZOOTECNIA<\/td>\n<td width=\"64\">3,0641<\/td>\n<td width=\"64\">4<\/td>\n<td width=\"64\">&#8211;<\/td>\n<td width=\"64\">&#8211;<\/td>\n<td width=\"64\">3,1894<\/td>\n<td width=\"64\">4<\/td>\n<\/tr>\n<tr>\n<td colspan=\"2\">*SC = Sem conceito<\/td>\n<td><\/td>\n<td><\/td>\n<td><\/td>\n<td><\/td>\n<td><\/td>\n<td><\/td>\n<\/tr>\n<\/tbody>\n<\/table>\n<p>&nbsp;<\/p>\n","protected":false},"excerpt":{"rendered":"<p>C\u00f3digo e-MEC Curso Curso 2016 2017 2019 CPC Cont\u00ednuo CPC CPC Cont\u00ednuo CPC CPC Cont\u00ednuo CPC \u00a0faixa \u00a0Faixa \u00a0faixa 14970 AGRONOMIA 3,1573 4 &#8211; &#8211; 3,2899 4 14978 ARQUITETURA E URBANISMO &#8211; &#8211; 3,1162 4 3,421 4 102304 EDUCA\u00c7\u00c3O F\u00cdSICA (Bacharelado) 2,791 3 &#8211; &#8211; 3,3675 4 14980 ENFERMAGEM 2,9963 4 &#8211; &#8211; 3,0996 4 [&hellip;]<\/p>\n","protected":false},"author":799,"featured_media":0,"parent":0,"menu_order":0,"comment_status":"closed","ping_status":"closed","template":"","meta":{"footnotes":""},"class_list":["post-1538","page","type-page","status-publish","hentry"],"_links":{"self":[{"href":"https:\/\/wp.ufpel.edu.br\/regulacaodecursos\/wp-json\/wp\/v2\/pages\/1538","targetHints":{"allow":["GET"]}}],"collection":[{"href":"https:\/\/wp.ufpel.edu.br\/regulacaodecursos\/wp-json\/wp\/v2\/pages"}],"about":[{"href":"https:\/\/wp.ufpel.edu.br\/regulacaodecursos\/wp-json\/wp\/v2\/types\/page"}],"author":[{"embeddable":true,"href":"https:\/\/wp.ufpel.edu.br\/regulacaodecursos\/wp-json\/wp\/v2\/users\/799"}],"replies":[{"embeddable":true,"href":"https:\/\/wp.ufpel.edu.br\/regulacaodecursos\/wp-json\/wp\/v2\/comments?post=1538"}],"version-history":[{"count":0,"href":"https:\/\/wp.ufpel.edu.br\/regulacaodecursos\/wp-json\/wp\/v2\/pages\/1538\/revisions"}],"wp:attachment":[{"href":"https:\/\/wp.ufpel.edu.br\/regulacaodecursos\/wp-json\/wp\/v2\/media?parent=1538"}],"curies":[{"name":"wp","href":"https:\/\/api.w.org\/{rel}","templated":true}]}}