{"id":1314,"date":"2020-09-14T12:54:36","date_gmt":"2020-09-14T15:54:36","guid":{"rendered":"https:\/\/wp.ufpel.edu.br\/cpi\/?page_id=1314"},"modified":"2020-09-14T12:54:36","modified_gmt":"2020-09-14T15:54:36","slug":"graficos-da-evolucao-das-avaliacoes-in-loco-por-dimensao","status":"publish","type":"page","link":"https:\/\/wp.ufpel.edu.br\/regulacaodecursos\/analise-das-avaliacoes-in-loco-2012-a-2019\/graficos-da-evolucao-das-avaliacoes-in-loco-por-dimensao\/","title":{"rendered":"Gr\u00e1ficos da Evolu\u00e7\u00e3o das avalia\u00e7\u00f5es in loco por dimens\u00e3o"},"content":{"rendered":"<p><a href=\"https:\/\/wp.ufpel.edu.br\/cpi\/files\/2020\/09\/Graficos-Analise-2012-a-2019.pdf\">Gr\u00e1ficos da Evolu\u00e7\u00e3o das avalia\u00e7\u00f5es in loco por dimens\u00e3o &#8211; Per\u00edodo de 2012 a 2019<\/a><\/p>\n","protected":false},"excerpt":{"rendered":"<p>Gr\u00e1ficos da Evolu\u00e7\u00e3o das avalia\u00e7\u00f5es in loco por dimens\u00e3o &#8211; Per\u00edodo de 2012 a 2019<\/p>\n","protected":false},"author":799,"featured_media":0,"parent":1306,"menu_order":0,"comment_status":"closed","ping_status":"closed","template":"","meta":{"footnotes":""},"class_list":["post-1314","page","type-page","status-publish","hentry"],"_links":{"self":[{"href":"https:\/\/wp.ufpel.edu.br\/regulacaodecursos\/wp-json\/wp\/v2\/pages\/1314","targetHints":{"allow":["GET"]}}],"collection":[{"href":"https:\/\/wp.ufpel.edu.br\/regulacaodecursos\/wp-json\/wp\/v2\/pages"}],"about":[{"href":"https:\/\/wp.ufpel.edu.br\/regulacaodecursos\/wp-json\/wp\/v2\/types\/page"}],"author":[{"embeddable":true,"href":"https:\/\/wp.ufpel.edu.br\/regulacaodecursos\/wp-json\/wp\/v2\/users\/799"}],"replies":[{"embeddable":true,"href":"https:\/\/wp.ufpel.edu.br\/regulacaodecursos\/wp-json\/wp\/v2\/comments?post=1314"}],"version-history":[{"count":0,"href":"https:\/\/wp.ufpel.edu.br\/regulacaodecursos\/wp-json\/wp\/v2\/pages\/1314\/revisions"}],"up":[{"embeddable":true,"href":"https:\/\/wp.ufpel.edu.br\/regulacaodecursos\/wp-json\/wp\/v2\/pages\/1306"}],"wp:attachment":[{"href":"https:\/\/wp.ufpel.edu.br\/regulacaodecursos\/wp-json\/wp\/v2\/media?parent=1314"}],"curies":[{"name":"wp","href":"https:\/\/api.w.org\/{rel}","templated":true}]}}