{"id":281,"date":"2020-08-27T17:05:58","date_gmt":"2020-08-27T20:05:58","guid":{"rendered":"https:\/\/wp.ufpel.edu.br\/refugiadosbrasilcolombia\/?page_id=281"},"modified":"2020-09-03T11:25:31","modified_gmt":"2020-09-03T14:25:31","slug":"pagina-inicial","status":"publish","type":"page","link":"https:\/\/wp.ufpel.edu.br\/refugiadosbrasilcolombia\/","title":{"rendered":"P\u00e1gina Inicial"},"content":{"rendered":"<div id=\"pl-281\"  class=\"panel-layout\" ><div id=\"pg-281-0\"  class=\"panel-grid panel-no-style\" ><div id=\"pgc-281-0-0\"  class=\"panel-grid-cell\" ><div id=\"panel-281-0-0-0\" class=\"so-panel widget widget_circleicon-widget panel-first-child panel-last-child\" data-index=\"0\" >\t\t<div class=\"circle-icon-box circle-icon-position-top circle-icon-hide-box circle-icon-size-small \">\n\t\t\t\t\t\t\t<div class=\"circle-icon-wrapper\">\n\t\t\t\t\t\t\t\t\t\t<a href=\"https:\/\/wp.ufpel.edu.br\/refugiadosbrasilcolombia\/projeto\/\" class=\"link-icon\" >\t\t\t\t\t<div class=\"circle-icon\" >\n\t\t\t\t\t\t\t\t\t\t\t\t\t<div\n\t\t\t\t\t\t\t\tclass=\"fa fa-book\"\n\t\t\t\t\t\t\t\t\t\t\t\t\t\t\t><\/div>\n\t\t\t\t\t\t\t\t\t\t\t<\/div>\n\t\t\t\t\t<\/a>\t\t\t\t<\/div>\n\t\t\t\n\t\t\t\t\t\t\t<a\n\t\t\t\t\thref=\"https:\/\/wp.ufpel.edu.br\/refugiadosbrasilcolombia\/projeto\/\"\n\t\t\t\t\tclass=\"link-title\" \t\t\t\t>\n\t\t\t\t\t\t\t\t\t\t<h4 >\n\t\t\t\t\tProjeto\t\t\t\t<\/h4>\n\t\t\t\t\t\t\t\t\t\t<\/a>\n\t\t\t\n\t\t\t\t\t\t\t<p class=\"text\" >\n\t\t\t\tO Projeto busca propor ferramentas tecnol\u00f3gicas que possam ajudar a compreender e abordar quest\u00f5es relacionadas \u00e0 vulnerabilidade dos refugiados venezuelanos no Brasil e na Col\u00f4mbia, considerando o contexto da pandemia. Para mais informa\u00e7\u00f5es, visite o link abaixo.\t\t\t<\/p>\n\t\t\t\t\t\t\t\t\t\t<a\n\t\t\t\t\thref=\"https:\/\/wp.ufpel.edu.br\/refugiadosbrasilcolombia\/projeto\/\"\n\t\t\t\t\tclass=\"more-button\"\n\t\t\t\t\t\t\t\t\t>\n\t\t\t\t\tSaiba Mais\t\t\t\t\t<i><\/i>\n\t\t\t\t<\/a>\n\t\t\t\t\t<\/div>\n\t\t<\/div><\/div><div id=\"pgc-281-0-1\"  class=\"panel-grid-cell\" ><div id=\"panel-281-0-1-0\" class=\"so-panel widget widget_circleicon-widget panel-first-child panel-last-child\" data-index=\"1\" >\t\t<div class=\"circle-icon-box circle-icon-position-top circle-icon-hide-box circle-icon-size-small \">\n\t\t\t\t\t\t\t<div class=\"circle-icon-wrapper\">\n\t\t\t\t\t\t\t\t\t\t<a href=\"https:\/\/wp.ufpel.edu.br\/refugiadosbrasilcolombia\/pt-noticias\/\" class=\"link-icon\" >\t\t\t\t\t<div class=\"circle-icon\" >\n\t\t\t\t\t\t\t\t\t\t\t\t\t<div\n\t\t\t\t\t\t\t\tclass=\"fa fa-newspaper-o\"\n\t\t\t\t\t\t\t\t\t\t\t\t\t\t\t><\/div>\n\t\t\t\t\t\t\t\t\t\t\t<\/div>\n\t\t\t\t\t<\/a>\t\t\t\t<\/div>\n\t\t\t\n\t\t\t\t\t\t\t<a\n\t\t\t\t\thref=\"https:\/\/wp.ufpel.edu.br\/refugiadosbrasilcolombia\/pt-noticias\/\"\n\t\t\t\t\tclass=\"link-title\" \t\t\t\t>\n\t\t\t\t\t\t\t\t\t\t<h4 >\n\t\t\t\t\tNot\u00edcias\t\t\t\t<\/h4>\n\t\t\t\t\t\t\t\t\t\t<\/a>\n\t\t\t\n\t\t\t\t\t\t\t<p class=\"text\" >\n\t\t\t\tNosso portal de not\u00edcias busca mant\u00ea-lo atualizado sobre as atividades do projeto, oportunidades de colabora\u00e7\u00e3o, bolsas de pesquisa, financiamento e informa\u00e7\u00f5es sobre refugiados em todo o mundo. Acesse o link abaixo para mais informa\u00e7\u00f5es.\t\t\t<\/p>\n\t\t\t\t\t\t\t\t\t\t<a\n\t\t\t\t\thref=\"https:\/\/wp.ufpel.edu.br\/refugiadosbrasilcolombia\/pt-noticias\/\"\n\t\t\t\t\tclass=\"more-button\"\n\t\t\t\t\t\t\t\t\t>\n\t\t\t\t\tSaiba Mais\t\t\t\t\t<i><\/i>\n\t\t\t\t<\/a>\n\t\t\t\t\t<\/div>\n\t\t<\/div><\/div><div id=\"pgc-281-0-2\"  class=\"panel-grid-cell\" ><div id=\"panel-281-0-2-0\" class=\"so-panel widget widget_circleicon-widget panel-first-child panel-last-child\" data-index=\"2\" >\t\t<div class=\"circle-icon-box circle-icon-position-top circle-icon-hide-box circle-icon-size-small \">\n\t\t\t\t\t\t\t<div class=\"circle-icon-wrapper\">\n\t\t\t\t\t\t\t\t\t\t<a href=\"https:\/\/wp.ufpel.edu.br\/refugiadosbrasilcolombia\/equipe\/\" class=\"link-icon\" >\t\t\t\t\t<div class=\"circle-icon\" >\n\t\t\t\t\t\t\t\t\t\t\t\t\t<div\n\t\t\t\t\t\t\t\tclass=\"fa fa-group\"\n\t\t\t\t\t\t\t\t\t\t\t\t\t\t\t><\/div>\n\t\t\t\t\t\t\t\t\t\t\t<\/div>\n\t\t\t\t\t<\/a>\t\t\t\t<\/div>\n\t\t\t\n\t\t\t\t\t\t\t<a\n\t\t\t\t\thref=\"https:\/\/wp.ufpel.edu.br\/refugiadosbrasilcolombia\/equipe\/\"\n\t\t\t\t\tclass=\"link-title\" \t\t\t\t>\n\t\t\t\t\t\t\t\t\t\t<h4 >\n\t\t\t\t\tEquipe\t\t\t\t<\/h4>\n\t\t\t\t\t\t\t\t\t\t<\/a>\n\t\t\t\n\t\t\t\t\t\t\t<p class=\"text\" >\n\t\t\t\tNossa Equipe \u00e9 composta por pesquisadores do Brasil, Col\u00f4mbia, USA e UK. Se voc\u00ea quiser fazer parte do nosso time, entre em contato conosco pelo e-mail da coordenadora geral do Projeto, Profa. Adriana Portella (adrianaportella@yahoo.com.br). Para mais informa\u00e7\u00f5es, acesse o link abaixo.\t\t\t<\/p>\n\t\t\t\t\t\t\t\t\t\t<a\n\t\t\t\t\thref=\"https:\/\/wp.ufpel.edu.br\/refugiadosbrasilcolombia\/equipe\/\"\n\t\t\t\t\tclass=\"more-button\"\n\t\t\t\t\t\t\t\t\t>\n\t\t\t\t\tSaiba Mais\t\t\t\t\t<i><\/i>\n\t\t\t\t<\/a>\n\t\t\t\t\t<\/div>\n\t\t<\/div><\/div><\/div><div id=\"pg-281-1\"  class=\"panel-grid panel-has-style\" ><div class=\"wide-grey panel-row-style panel-row-style-for-281-1\" ><div id=\"pgc-281-1-0\"  class=\"panel-grid-cell\" ><div id=\"panel-281-1-0-0\" class=\"so-panel widget widget_headline-widget panel-first-child panel-last-child\" data-index=\"3\" >\t\t<h1>QUEM SOMOS<\/h1>\n\t\t<div class=\"decoration\"><div class=\"decoration-inside\"><\/div><\/div>\n\t\t<h3>O Projeto Projetando Comunidades Resilientes para apoiar a sa\u00fade e o bem-estar dos Refugiados Venezuelanos no Brasil e na Col\u00f4mbia \u00e9 desenvolvido pelo Laborat\u00f3rio de Estudos Comportamentais (LabCom) da Universidade Federal de Pelotas (UFPel), em parceria com a Universidade de La Sabana na Col\u00f4mbia e outras institui\u00e7\u00f5es do Brasil, Reino Unido e Estados Unidos. O Laborat\u00f3rio e nossa equipe do Projeto buscam promover cidades saud\u00e1veis e inclusivas por meio de pesquisas que possam apoiar a formula\u00e7\u00e3o de pol\u00edticas p\u00fablicas em pa\u00edses de baixa e m\u00e9dia renda. Nossas investiga\u00e7\u00f5es est\u00e3o relacionadas a como incluir comunidades vulner\u00e1veis no processo de governan\u00e7a e constru\u00e7\u00e3o da cidade. Nosso objetivo \u00e9 reunir a pr\u00e1tica humanit\u00e1ria com a de desenvolvimento urbano e regional, dois campos que tradicionalmente se baseiam em diferentes \u00e1reas de pesquisa acad\u00eamica. No Laborat\u00f3rio estamos localizados na sala 108 da Faculdade de Arquitetura e Urbanismo da UFPel e contamos com um time internacional de professores, pesquisadores e bolsistas. Durante a pandemia do COVID-19 nossas atividades est\u00e3o sendo realizadas em homeoffice, e toda sexta-feira as 16 horas realizamos um Online Caf\u00e9 Meeting para conversar sobre temas de inclus\u00e3o social e bem-estar para todos. Entre em contato conosco para obter mais informa\u00e7\u00f5es e participar, o encontro \u00e9 aberto a todos interessados. Contato: Profa Adriana Portella \/ adrianaportella@yahoo.com.br<\/h3>\n\t\t<\/div><\/div><\/div><\/div><div id=\"pg-281-2\"  class=\"panel-grid panel-no-style\" ><div id=\"pgc-281-2-0\"  class=\"panel-grid-cell\" ><div id=\"panel-281-2-0-0\" class=\"so-panel widget widget_siteorigin-panels-postloop panel-first-child panel-last-child\" data-index=\"4\" ><h3 class=\"widget-title\"><span class=\"vantage-carousel-title\"><span class=\"vantage-carousel-title-text\">\u00daltimos posts<\/span><a href=\"#\" class=\"next\" title=\"Pr\u00f3ximo\"><span class=\"vantage-icon-arrow-right\"><\/span><\/a><a href=\"#\" class=\"previous\" title=\"Anterior\"><span class=\"vantage-icon-arrow-left\"><\/span><\/a><\/span><\/h3><div class=\"vantage-carousel-wrapper\">\n\t\n\t<ul\n\t\tclass=\"vantage-carousel\"\n\t\tdata-query=\"{&quot;post_status&quot;:&quot;publish&quot;,&quot;posts_per_page&quot;:4,&quot;post_type&quot;:&quot;post&quot;,&quot;date_type&quot;:&quot;specific&quot;,&quot;date_query&quot;:{&quot;after&quot;:&quot;&quot;,&quot;before&quot;:&quot;&quot;,&quot;inclusive&quot;:true},&quot;date_query_relative&quot;:&quot;{\\&quot;from\\&quot;:[],\\&quot;to\\&quot;:[]}&quot;,&quot;orderby&quot;:&quot;date&quot;,&quot;order&quot;:&quot;DESC&quot;,&quot;post__not_in&quot;:[281,281],&quot;paged&quot;:1,&quot;fields&quot;:&quot;all&quot;,&quot;lazy_load_term_meta&quot;:true}\"\n\t\tdata-ajax-url=\"https:\/\/wp.ufpel.edu.br\/refugiadosbrasilcolombia\/wp-admin\/admin-ajax.php?vantage_carousel_nonce=4ebeccc848\"\n\t>\n\t\t\t\t\t<li class=\"carousel-entry\">\n\t\t\t\t<div class=\"thumbnail\">\n\t\t\t\t\t\t\t\t\t\t\t<a href=\"https:\/\/wp.ufpel.edu.br\/refugiadosbrasilcolombia\/es\/2021\/01\/06\/actividades-desarrolladas-por-el-proyecto-en-2020\/\" style=\"background-image: url(https:\/\/wp.ufpel.edu.br\/refugiadosbrasilcolombia\/files\/2021\/01\/gears-5193383_1280-272x182.png)\">\n\t\t\t\t\t\t<\/a>\n\t\t\t\t\t\t\t\t\t<\/div>\n\t\t\t\t\t\t\t\t<h3><a href=\"https:\/\/wp.ufpel.edu.br\/refugiadosbrasilcolombia\/es\/2021\/01\/06\/actividades-desarrolladas-por-el-proyecto-en-2020\/\">Actividades desarrolladas por el Proyecto en 2020<\/a><\/h3>\n\t\t\t<\/li>\n\t\t\t\t\t<li class=\"carousel-entry\">\n\t\t\t\t<div class=\"thumbnail\">\n\t\t\t\t\t\t\t\t\t\t\t<a href=\"https:\/\/wp.ufpel.edu.br\/refugiadosbrasilcolombia\/en\/2021\/01\/06\/activities-developed-by-the-project-in-2020\/\" style=\"background-image: url(https:\/\/wp.ufpel.edu.br\/refugiadosbrasilcolombia\/files\/2021\/01\/gears-5193383_1280-272x182.png)\">\n\t\t\t\t\t\t<\/a>\n\t\t\t\t\t\t\t\t\t<\/div>\n\t\t\t\t\t\t\t\t<h3><a href=\"https:\/\/wp.ufpel.edu.br\/refugiadosbrasilcolombia\/en\/2021\/01\/06\/activities-developed-by-the-project-in-2020\/\">Activities developed by the Project in 2020<\/a><\/h3>\n\t\t\t<\/li>\n\t\t\t\t\t<li class=\"carousel-entry\">\n\t\t\t\t<div class=\"thumbnail\">\n\t\t\t\t\t\t\t\t\t\t\t<a href=\"https:\/\/wp.ufpel.edu.br\/refugiadosbrasilcolombia\/2021\/01\/06\/atividades-desenvolvidas-pelo-projeto-em-2020\/\" style=\"background-image: url(https:\/\/wp.ufpel.edu.br\/refugiadosbrasilcolombia\/files\/2021\/01\/gears-5193383_1280-272x182.png)\">\n\t\t\t\t\t\t<\/a>\n\t\t\t\t\t\t\t\t\t<\/div>\n\t\t\t\t\t\t\t\t<h3><a href=\"https:\/\/wp.ufpel.edu.br\/refugiadosbrasilcolombia\/2021\/01\/06\/atividades-desenvolvidas-pelo-projeto-em-2020\/\">Atividades desenvolvidas pelo Projeto em 2020<\/a><\/h3>\n\t\t\t<\/li>\n\t\t\t\t\t<li class=\"carousel-entry\">\n\t\t\t\t<div class=\"thumbnail\">\n\t\t\t\t\t\t\t\t\t\t\t<a href=\"https:\/\/wp.ufpel.edu.br\/refugiadosbrasilcolombia\/en\/2020\/10\/27\/discover-our-research-video\/\" style=\"background-image: url(https:\/\/wp.ufpel.edu.br\/refugiadosbrasilcolombia\/files\/2020\/10\/photography-3934299_1920-272x182.jpg)\">\n\t\t\t\t\t\t<\/a>\n\t\t\t\t\t\t\t\t\t<\/div>\n\t\t\t\t\t\t\t\t<h3><a href=\"https:\/\/wp.ufpel.edu.br\/refugiadosbrasilcolombia\/en\/2020\/10\/27\/discover-our-research-video\/\">Discover our Research &#8211; Video<\/a><\/h3>\n\t\t\t<\/li>\n\t\t\t<\/ul>\n<\/div>\n<\/div><\/div><div id=\"pgc-281-2-1\"  class=\"panel-grid-cell\" ><div id=\"panel-281-2-1-0\" class=\"so-panel widget widget_headline-widget panel-first-child panel-last-child\" data-index=\"5\" >\t\t<h1>CONTATO<\/h1>\n\t\t<div class=\"decoration\"><div class=\"decoration-inside\"><\/div><\/div>\n\t\t<h3>O Projeto busca incentivar a coopera\u00e7\u00e3o interinstitucional e a internacionaliza\u00e7\u00e3o, e sempre estamos abertos a participa\u00e7\u00e3o de novos pesquisadores na nossa equipe. Caso tenha interesse em participar do projeto e\/ou queira saber mais sobre nosso trabalho, sinta-se a vontade para nos contactar atrav\u00e9s da nossa Coordenadora Geral de Pesquisa: Profa Adriana Portella \u2013 adrianaportella@yahoo.com.br, Professora Associada da Faculdade de Arquitetura e Urbanismo da Universidade Federal de Pelotas. Endere\u00e7o: Laborat\u00f3rio de Estudos Comportamentais, Universidade Federal de Pelotas, Faculdade de Arquitetura e Urbanismo sala 108, Rua Benjamin Constant, 1359. Pelotas | Rio Grande do Sul | Brasil. Cep: 96010-020. Telefone: 53. 32845500.<\/h3>\n\t\t<\/div><\/div><\/div><\/div>","protected":false},"excerpt":{"rendered":"","protected":false},"author":956,"featured_media":0,"parent":0,"menu_order":0,"comment_status":"closed","ping_status":"closed","template":"home-panels.php","meta":{"footnotes":""},"class_list":["post-281","page","type-page","status-publish","hentry","post","post-with-thumbnail","post-with-thumbnail-large"],"_links":{"self":[{"href":"https:\/\/wp.ufpel.edu.br\/refugiadosbrasilcolombia\/wp-json\/wp\/v2\/pages\/281","targetHints":{"allow":["GET"]}}],"collection":[{"href":"https:\/\/wp.ufpel.edu.br\/refugiadosbrasilcolombia\/wp-json\/wp\/v2\/pages"}],"about":[{"href":"https:\/\/wp.ufpel.edu.br\/refugiadosbrasilcolombia\/wp-json\/wp\/v2\/types\/page"}],"author":[{"embeddable":true,"href":"https:\/\/wp.ufpel.edu.br\/refugiadosbrasilcolombia\/wp-json\/wp\/v2\/users\/956"}],"replies":[{"embeddable":true,"href":"https:\/\/wp.ufpel.edu.br\/refugiadosbrasilcolombia\/wp-json\/wp\/v2\/comments?post=281"}],"version-history":[{"count":17,"href":"https:\/\/wp.ufpel.edu.br\/refugiadosbrasilcolombia\/wp-json\/wp\/v2\/pages\/281\/revisions"}],"predecessor-version":[{"id":522,"href":"https:\/\/wp.ufpel.edu.br\/refugiadosbrasilcolombia\/wp-json\/wp\/v2\/pages\/281\/revisions\/522"}],"wp:attachment":[{"href":"https:\/\/wp.ufpel.edu.br\/refugiadosbrasilcolombia\/wp-json\/wp\/v2\/media?parent=281"}],"curies":[{"name":"wp","href":"https:\/\/api.w.org\/{rel}","templated":true}]}}