{"id":51,"date":"2024-09-03T20:17:36","date_gmt":"2024-09-03T23:17:36","guid":{"rendered":"https:\/\/wp.ufpel.edu.br\/redeteabrasil\/?page_id=51"},"modified":"2024-09-28T20:56:41","modified_gmt":"2024-09-28T23:56:41","slug":"eventos","status":"publish","type":"page","link":"https:\/\/wp.ufpel.edu.br\/redeteabrasil\/eventos\/","title":{"rendered":"Eventos"},"content":{"rendered":"<p>A equipe do Rede TEA Brasil tem participado de eventos da \u00e1rea, com apresenta\u00e7\u00e3o e publica\u00e7\u00e3o de trabalhos. S\u00e3o oportunidades importantes para compartilhar os conhecimentos e fortalecer a comunica\u00e7\u00e3o entre os pesquisadores e demais profissionais que atuam nas tem\u00e1ticas que envolvem a aten\u00e7\u00e3o e o cuidado de pessoas com Transtorno do Espectro Autista \u2013 TEA.<br \/>\nA seguir, segue a lista dos eventos j\u00e1 ocorridos e que estivemos presentes,\u00a0at\u00e9\u00a0o\u00a0momento:<\/p>\n<p>&nbsp;<\/p>\n<p><a href=\"https:\/\/doity.com.br\/conlubra\" target=\"_blank\" rel=\"noopener\"><strong><span style=\"font-size: 14pt;\">4\u00ba Congresso Luso-Brasileiro &#8211; TEA e educa\u00e7\u00e3o inclusiva &#8211; CONLUBRA<\/span><\/strong><\/a><\/p>\n<p>Ocorreu no Cap\u00e3o do Le\u00e3o\/RS, entre os dias 21 e 23 de agosto de 2024.<\/p>\n<p style=\"text-align: left;\"><strong><span style=\"color: #135685;\">Trabalhos apresentados:<\/span><\/strong><\/p>\n<p><span style=\"font-size: 12pt;\"><a href=\"https:\/\/wp.ufpel.edu.br\/redeteabrasil\/publicacoes\/trabalhos-em-eventos\/\">Panorama de legisla\u00e7\u00f5es direcionadas \u00e0 sa\u00fade no Transtorno do Espectro do Autismo no Rio Grande do Sul<\/a>, apresentado por Eduarda Silva.<\/span><\/p>\n<p><span style=\"font-size: 12pt;\"><a href=\"https:\/\/wp.ufpel.edu.br\/redeteabrasil\/publicacoes\/trabalhos-em-eventos\/\">Educa\u00e7\u00e3o nutricional para pais e cuidadores de crian\u00e7as e adolescentes com Transtorno do Espectro do Autismo<\/a>, apresentado por Laura Hoffmann.<\/span><\/p>\n<p>&nbsp;<\/p>\n<p><a href=\"https:\/\/caminhoazul.org.br\/3o-congresso-internacional-sobre-transtorno-do-espectro-do-autismo\/\" target=\"_blank\" rel=\"noopener\"><strong><span style=\"font-size: 14pt;\">3\u00ba Congresso Internacional sobre Transtorno do Espectro do Autismo: Preenchendo lacunas \u201cTOP DOWN\u201d e \u201cBOTTOM UP\u201d<\/span><\/strong><\/a><\/p>\n<p>Ocorreu em Niter\u00f3i\/RJ, entre os dias 22 e 26 de julho de 2024.<\/p>\n<p>&nbsp;<\/p>\n<p><span style=\"font-size: 14pt;\"><strong>Semin\u00e1rio do Marco Zero<\/strong><\/span><\/p>\n<p>Ocorreu em Bras\u00edlia\/DF, entre os dias 10 e 14 de junho de 2024.<\/p>\n","protected":false},"excerpt":{"rendered":"<p>A equipe do Rede TEA Brasil tem participado de eventos da \u00e1rea, com apresenta\u00e7\u00e3o e publica\u00e7\u00e3o de trabalhos. S\u00e3o oportunidades importantes para compartilhar os conhecimentos e fortalecer a comunica\u00e7\u00e3o entre os pesquisadores e demais profissionais que atuam nas tem\u00e1ticas que envolvem a aten\u00e7\u00e3o e o cuidado de pessoas com Transtorno do Espectro Autista \u2013 TEA. [&hellip;]<\/p>\n","protected":false},"author":1375,"featured_media":0,"parent":0,"menu_order":0,"comment_status":"closed","ping_status":"closed","template":"","meta":{"footnotes":""},"class_list":["post-51","page","type-page","status-publish","hentry","post"],"jetpack_sharing_enabled":true,"_links":{"self":[{"href":"https:\/\/wp.ufpel.edu.br\/redeteabrasil\/wp-json\/wp\/v2\/pages\/51","targetHints":{"allow":["GET"]}}],"collection":[{"href":"https:\/\/wp.ufpel.edu.br\/redeteabrasil\/wp-json\/wp\/v2\/pages"}],"about":[{"href":"https:\/\/wp.ufpel.edu.br\/redeteabrasil\/wp-json\/wp\/v2\/types\/page"}],"author":[{"embeddable":true,"href":"https:\/\/wp.ufpel.edu.br\/redeteabrasil\/wp-json\/wp\/v2\/users\/1375"}],"replies":[{"embeddable":true,"href":"https:\/\/wp.ufpel.edu.br\/redeteabrasil\/wp-json\/wp\/v2\/comments?post=51"}],"version-history":[{"count":7,"href":"https:\/\/wp.ufpel.edu.br\/redeteabrasil\/wp-json\/wp\/v2\/pages\/51\/revisions"}],"predecessor-version":[{"id":259,"href":"https:\/\/wp.ufpel.edu.br\/redeteabrasil\/wp-json\/wp\/v2\/pages\/51\/revisions\/259"}],"wp:attachment":[{"href":"https:\/\/wp.ufpel.edu.br\/redeteabrasil\/wp-json\/wp\/v2\/media?parent=51"}],"curies":[{"name":"wp","href":"https:\/\/api.w.org\/{rel}","templated":true}]}}