{"id":481,"date":"2025-01-22T15:39:47","date_gmt":"2025-01-22T18:39:47","guid":{"rendered":"https:\/\/wp.ufpel.edu.br\/redeteabrasil\/?page_id=481"},"modified":"2025-07-19T16:26:37","modified_gmt":"2025-07-19T19:26:37","slug":"beneficios-fiscais","status":"publish","type":"page","link":"https:\/\/wp.ufpel.edu.br\/redeteabrasil\/beneficios-fiscais\/","title":{"rendered":"Benef\u00edcios Fiscais"},"content":{"rendered":"<p style=\"padding-left: 40px;\">A categoria de <strong>BENEF\u00cdCIOS FISCAIS<\/strong><span style=\"font-weight: 400;\">\u00a0inclui normativas que concedem benef\u00edcios fiscais \u00e0s pessoas com TEA e suas fam\u00edlias.<\/span><\/p>\n<table dir=\"ltr\" style=\"width: 745px;\" border=\"1\" cellspacing=\"0\" cellpadding=\"0\" data-sheets-root=\"1\" data-sheets-baot=\"1\">\n<colgroup>\n<col width=\"100\" \/>\n<col width=\"100\" \/>\n<col width=\"306\" \/><\/colgroup>\n<tbody>\n<tr>\n<td style=\"text-align: center; width: 113px;\"><span style=\"color: #135685; font-size: 14pt;\"><strong>Estado<\/strong><\/span><\/td>\n<td style=\"text-align: center; width: 213px;\"><span style=\"color: #135685; font-size: 14pt;\"><strong>Legisla\u00e7\u00e3o<\/strong><\/span><\/td>\n<td style=\"text-align: center; width: 474px;\"><span style=\"color: #135685; font-size: 14pt;\"><strong>Objetivo<\/strong><\/span><\/td>\n<\/tr>\n<tr>\n<td style=\"width: 113px;\" rowspan=\"2\">\n<div>Rio Grande do Sul<\/div>\n<\/td>\n<td style=\"width: 213px;\">Decreto n\u00ba 56.208, de 23 de novembro de 2021<\/td>\n<td style=\"width: 474px;\">Modifica o Regulamento do Imposto sobre Opera\u00e7\u00f5es Relativas \u00e0 Circula\u00e7\u00e3o de Mercadorias e sobre Presta\u00e7\u00f5es de Servi\u00e7os de Transporte Interestadual e Intermunicipal e de Comunica\u00e7\u00e3o (RICMS).<\/td>\n<\/tr>\n<tr>\n<td style=\"width: 213px;\">Decreto n\u00ba 55.733, de 22 de janeiro de 2021<\/td>\n<td style=\"width: 474px;\">Modifica o Regulamento do Imposto sobre Opera\u00e7\u00f5es Relativas \u00e0 Circula\u00e7\u00e3o de Mercadorias e sobre Presta\u00e7\u00f5es de Servi\u00e7os de Transporte Interestadual e Intermunicipal e de Comunica\u00e7\u00e3o (RICMS).<\/td>\n<\/tr>\n<tr>\n<td style=\"width: 113px;\" rowspan=\"3\">\n<div>S\u00e3o Paulo<\/div>\n<\/td>\n<td style=\"width: 213px;\">Decreto n\u00ba 67.394, de 23 de dezembro de 2022<\/td>\n<td style=\"width: 474px;\">Altera o Decreto n\u00ba 66.470, de 1\u00ba de fevereiro de 2022, que disciplina as condi\u00e7\u00f5es para a concess\u00e3o do direito \u00e0 isen\u00e7\u00e3o do Imposto sobre a Propriedade de Ve\u00edculos Automotores &#8211; IPVA \u00e0 pessoa portadora de transtorno do espectro do autismo ou com defici\u00eancia f\u00edsica, sensorial, intelectual ou mental, enquanto n\u00e3o estiver regulamentada a avalia\u00e7\u00e3o biopsicossocial<\/td>\n<\/tr>\n<tr>\n<td style=\"width: 213px;\">Decreto n\u00ba 67.108, de 13 de setembro de 2022<\/td>\n<td style=\"width: 474px;\">Altera o Decreto n\u00ba 66.470, de 1\u00ba de fevereiro de 2022, que disciplina as condi\u00e7\u00f5es para a concess\u00e3o do direito \u00e0 isen\u00e7\u00e3o do Imposto sobre a Propriedade de Ve\u00edculos Automotores &#8211; IPVA \u00e0 pessoa portadora de transtorno do espectro do autismo ou com defici\u00eancia f\u00edsica, sensorial, intelectual ou mental, enquanto n\u00e3o estiver regulamentada a avalia\u00e7\u00e3o biopsicossocial<\/td>\n<\/tr>\n<tr>\n<td style=\"width: 213px;\">Decreto n\u00ba 66.470, de 01 de fevereiro de 2022<\/td>\n<td style=\"width: 474px;\">Disciplina as condi\u00e7\u00f5es para a concess\u00e3o do direito \u00e0 isen\u00e7\u00e3o do Imposto sobre a Propriedade de Ve\u00edculos Automotores &#8211; IPVA \u00e0 pessoa com transtorno do espectro do autismo ou com defici\u00eancia f\u00edsica, sensorial, intelectual ou mental, enquanto n\u00e3o estiver regulamentada a avalia\u00e7\u00e3o biopsicossocial, e d\u00e1 outras provid\u00eancias<\/td>\n<\/tr>\n<tr>\n<td style=\"width: 113px;\" rowspan=\"2\">\n<div>Rio de Janeiro<\/div>\n<\/td>\n<td style=\"width: 213px;\">Lei n\u00ba 7552 de 12 de abril de 2017<\/td>\n<td style=\"width: 474px;\">Se refere ao processo de comprova\u00e7\u00e3o de defici\u00eancias para fins de isen\u00e7\u00e3o do Imposto sobre a Propriedade de Ve\u00edculos Automotores (IPVA). A altera\u00e7\u00e3o incide sobre o \u00a7 6\u00ba do artigo 5\u00ba, estabelecendo novos crit\u00e9rios para a comprova\u00e7\u00e3o das defici\u00eancias descritas nos incisos I a III e do autismo no inciso IV do mesmo artigo.<\/td>\n<\/tr>\n<tr>\n<td style=\"width: 213px;\">Lei n\u00ba 7068 de 01 outubro 2015<\/td>\n<td style=\"width: 474px;\">disp\u00f5e sobre o Imposto sobre a Propriedade de Ve\u00edculos Automotores (IPVA) no Estado do Rio de Janeiro. Uma das altera\u00e7\u00f5es significativas introduzidas por esta lei est\u00e1 relacionada \u00e0 isen\u00e7\u00e3o de IPVA para determinados grupos, incluindo pessoas com defici\u00eancia e autistas.<\/td>\n<\/tr>\n<tr>\n<td style=\"width: 113px;\">Esp\u00edrito Santo<\/td>\n<td style=\"width: 213px;\">Decreto n\u00ba 5.580, de 26 de dezembro de 2023<\/td>\n<td style=\"width: 474px;\">Isen\u00e7\u00e3o de ICMS na compra de carros.<\/td>\n<\/tr>\n<tr>\n<td style=\"width: 113px;\">Minas Gerais<\/td>\n<td style=\"width: 213px;\">Decreto n\u00ba 48.386, de 24 de mar\u00e7o de 2022<\/td>\n<td style=\"width: 474px;\">Regulamento, Imposto sobre a Propriedade de Ve\u00edculos Automotores (IPVA). Art. 1\u00ba: Isen\u00e7\u00e3o, Imposto sobre a Propriedade de Ve\u00edculos Automotores (IPVA), Fixa\u00e7\u00e3o, Valor M\u00e1ximo, Sa\u00edda, Ve\u00edculo Automotor, Benefici\u00e1rio, Pessoa com Defici\u00eancia, Deficiente F\u00edsico, Deficiente Visual, Deficiente Mental, Portador (Doen\u00e7a), S\u00edndrome de Down, Pessoa com Transtorno do Espectro Autista<\/td>\n<\/tr>\n<tr>\n<td style=\"width: 113px;\" rowspan=\"2\">\n<div>Mato Grosso<\/div>\n<\/td>\n<td style=\"width: 213px;\">Decreto n\u00ba 1.235, de 30 de dezembro de 2021<\/td>\n<td style=\"width: 474px;\">Introduz altera\u00e7\u00f5es no Regulamento do ICMS, aprovado pelo Decreto n\u00ba 2.212, de 20 de mar\u00e7o de 2014, e d\u00e1 outras provid\u00eancias.<\/td>\n<\/tr>\n<tr>\n<td style=\"width: 213px;\">Decreto n\u00ba 1.398, de 16 de mar\u00e7o de 2018<\/td>\n<td style=\"width: 474px;\">Introduz altera\u00e7\u00f5es no Regulamento do ICMS, aprovado pelo Decreto n\u00ba 2.212, de 20 de mar\u00e7o de 2014, e d\u00e1 outras provid\u00eancias.<\/td>\n<\/tr>\n<tr>\n<td style=\"width: 113px;\" rowspan=\"4\">\n<div>Mato Grosso do Sul<\/div>\n<\/td>\n<td style=\"width: 213px;\">Decreto n\u00ba 15.857, de 21 de janeiro de 2022<\/td>\n<td style=\"width: 474px;\">ltera e acrescenta dispositivos ao Decreto n\u00ba 13.525, de 6 de dezembro de 2012, que concede isen\u00e7\u00e3o do ICMS nas sa\u00eddas de ve\u00edculos destinados a pessoas portadoras de defici\u00eancia f\u00edsica, visual, mental e autista<\/td>\n<\/tr>\n<tr>\n<td style=\"width: 213px;\">Decreto n\u00ba 15.589, de 25 de janeiro de 2021<\/td>\n<td style=\"width: 474px;\">Altera e acrescenta dispositivos ao Decreto n\u00ba 13.525, de 6 de dezembro de 2012, que concede isen\u00e7\u00e3o do ICMS nas sa\u00eddas de ve\u00edculos destinados a pessoas portadoras de defici\u00eancia f\u00edsica, visual, mental e autista.<\/td>\n<\/tr>\n<tr>\n<td style=\"width: 213px;\">Decreto n\u00ba 14.723, de 24 de abril de 2017<\/td>\n<td style=\"width: 474px;\">Altera a reda\u00e7\u00e3o dos incisos I e IV, do art. 2\u00ba do Decreto n\u00ba 13.525, de 6 de dezembro de 2012, que concede isen\u00e7\u00e3o do ICMS nas sa\u00eddas de ve\u00edculos destinados a pessoas portadoras de defici\u00eancia f\u00edsica, visual, mental e autista.<\/td>\n<\/tr>\n<tr>\n<td style=\"width: 213px;\">Decreto n\u00ba 13.525, de 6 de dezembro de 2012<\/td>\n<td style=\"width: 474px;\">Concede isen\u00e7\u00e3o do ICMS nas sa\u00eddas de ve\u00edculos destinados a pessoas portadoras de defici\u00eancia f\u00edsica, visual, mental severa ou profunda, s\u00edndrome de Down e autista.<\/td>\n<\/tr>\n<tr>\n<td style=\"width: 113px;\" rowspan=\"4\">\n<div>Goi\u00e1s<\/div>\n<\/td>\n<td style=\"width: 213px;\">Decreto n\u00ba 10.160, de 26 de outubro de 2022<\/td>\n<td style=\"width: 474px;\">Altera o Anexo IX do Decreto n\u00ba 4.852, de 29 de dezembro de 1997, Regulamento do C\u00f3digo Tribut\u00e1rio do Estado de Goi\u00e1s \u2013 RCTE.<\/td>\n<\/tr>\n<tr>\n<td style=\"width: 213px;\">Decreto n\u00ba 9.846, de 06 de abril de 2021<\/td>\n<td style=\"width: 474px;\">Altera o Anexo IX do Decreto n\u00ba 4.852, de 29 de dezembro de 1997, Regulamento do C\u00f3digo Tribut\u00e1rio do Estado de Goi\u00e1s \u2013 RCTE. (Desconto na compra de carros)<\/td>\n<\/tr>\n<tr>\n<td style=\"width: 213px;\">Decreto n\u00ba 9.095, de 28 de novembro de 2017<\/td>\n<td style=\"width: 474px;\">Altera o Decreto n\u00ba 4.852, de 29 de dezembro de 1997, Regulamento do C\u00f3digo Tribut\u00e1rio do Estado de Goi\u00e1s &#8211; RCTE -.<\/td>\n<\/tr>\n<tr>\n<td style=\"width: 213px;\">Decreto n\u00ba 7.817, de 27 de fevereiro de 2013<\/td>\n<td style=\"width: 474px;\">Altera o Decreto n\u00ba 4.852, de 29 de dezembro de 1997, Regulamento do C\u00f3digo Tribut\u00e1rio do Estado de Goi\u00e1s &#8211; RCTE -.<\/td>\n<\/tr>\n<tr>\n<td style=\"width: 113px;\">Amazonas<\/td>\n<td style=\"width: 213px;\">Decreto n\u00ba 44.539, de 15 de setembro de 2021<\/td>\n<td style=\"width: 474px;\">Disciplina a aplica\u00e7\u00e3o do artigo 10-A, da Lei n\u00ba 4.719, de 12 de dezembro de 2018, que &#8220;AUTORIZA o Poder Executivo a conceder parcelamento e remiss\u00e3o de d\u00e9bitos fiscais de ICMS, IPVA e ITCMD e a dispensar cr\u00e9ditos tribut\u00e1rios de IPVA e isenta de IPVA, na forma e nas condi\u00e7\u00f5es que especifica&#8221;, e d\u00e1 outras provid\u00eancias.<\/td>\n<\/tr>\n<tr>\n<td style=\"width: 113px;\" rowspan=\"2\">\n<div>Rond\u00f4nia<\/div>\n<\/td>\n<td style=\"width: 213px;\">Decreto n\u00ba 26.924, de 22 de fevereiro de 2022<\/td>\n<td style=\"width: 474px;\">Altera, acresce, revoga e revigora dispositivos do Regulamento do Imposto sobre Opera\u00e7\u00f5es Relativas \u00e0 Circula\u00e7\u00e3o de Mercadorias e sobre Presta\u00e7\u00f5es de Servi\u00e7os de Transporte Interestadual e Intermunicipal e de Comunica\u00e7\u00e3o &#8211; RICMS\/RO, aprovado pelo Decreto n\u00ba 22.721, de 5 de abril de 2018, no \u00e2mbito do CONFAZ, com altera\u00e7\u00f5es oriundas de Protocolos e Conv\u00eanios ICMS.<\/td>\n<\/tr>\n<tr>\n<td style=\"width: 213px;\">Decreto n\u00ba 26.449, de 1\u00ba de outubro de 2021<\/td>\n<td style=\"width: 474px;\">Altera, acresce e revoga dispositivos do Regulamento do Imposto sobre Opera\u00e7\u00f5es Relativas \u00e0 Circula\u00e7\u00e3o de Mercadorias e sobre Presta\u00e7\u00f5es de Servi\u00e7os de Transporte Interestadual e Intermunicipal e de Comunica\u00e7\u00e3o &#8211; RICMS\/RO, aprovado pelo Decreto n\u00ba 22.721, de 5 de abril de 2018, no \u00e2mbito do CONFAZ, com altera\u00e7\u00f5es oriundas de Protocolos e Conv\u00eanios ICMS.<\/td>\n<\/tr>\n<tr>\n<td style=\"width: 113px;\" rowspan=\"2\">\n<div>Ceara<\/div>\n<\/td>\n<td style=\"width: 213px;\">Decreto n\u00ba 34.617, de 31 de mar\u00e7o de 2022<\/td>\n<td style=\"width: 474px;\">Altera o decreto n\u00ba 33.327, de 30 de outubro de 2019, que consolida e regulamenta a legisla\u00e7\u00e3o do imposto sobre opera\u00e7\u00f5es relativas \u00e0 Circula\u00e7\u00e3o de Mercadorias e sobre Presta\u00e7\u00f5es de Servi\u00e7os de Transporte Interestadual e Intermunicipal e de Comunica\u00e7\u00e3o (ICMS).<\/td>\n<\/tr>\n<tr>\n<td style=\"width: 213px;\">Decreto n\u00ba 33.958, de 01 de mar\u00e7o de 2021<\/td>\n<td style=\"width: 474px;\">Altera o decreto n\u00ba 33.327, de 30 de outubro de 2019, que consolida e regulamenta a legisla\u00e7\u00e3o do imposto sobre opera\u00e7\u00f5es relativas \u00e0 circula\u00e7\u00e3o de mercadorias e sobre presta\u00e7\u00f5es de servi\u00e7os de transporte interestadual e intermunicipal e de comunica\u00e7\u00e3o (ICMS).<\/td>\n<\/tr>\n<tr>\n<td style=\"width: 113px;\">Piau\u00ed<\/td>\n<td style=\"width: 213px;\">Decreto n\u00ba 20.937, de 29 de abril de 2022<\/td>\n<td style=\"width: 474px;\">Altera os Decretos n\u00ba s 13.500, de 23 de dezembro de 2008, que consolida e regulamenta disposi\u00e7\u00f5es sobre o Imposto sobre Opera\u00e7\u00f5es Relativas \u00e0 Circula\u00e7\u00e3o de Mercadorias e Presta\u00e7\u00f5es de Servi\u00e7os de Transporte Interestadual e Intermunicipal e de Comunica\u00e7\u00e3o ICMS<\/td>\n<\/tr>\n<tr>\n<td style=\"width: 113px;\" rowspan=\"2\">\n<div>Para\u00edba<\/div>\n<\/td>\n<td style=\"width: 213px;\">Decreto n\u00ba 41.883 de 18 de novembro de 2021<\/td>\n<td style=\"width: 474px;\">Altera o Decreto n\u00ba 33.616, de 14 de dezembro de 2012, que concede isen\u00e7\u00e3o do ICMS nas sa\u00eddas de ve\u00edculos destinados a pessoas portadoras de defi ci\u00eancia f\u00edsica, visual, mental ou autista, e d\u00e1 outras provid\u00eancias.<\/td>\n<\/tr>\n<tr>\n<td style=\"width: 213px;\">Decreto n\u00ba 40.959 de 28 de dezembro de 2020<\/td>\n<td style=\"width: 474px;\">Altera o Regulamento do Imposto sobre a Propriedade de Ve\u00edculos Automotores &#8211; RIPVA, aprovado pelo Decreto n\u00ba 37.814, de 17 de novembro de 2017, e d\u00e1 outras provid\u00eancias.<\/td>\n<\/tr>\n<tr>\n<td style=\"width: 113px;\" rowspan=\"2\">\n<div>Pernambuco<\/div>\n<\/td>\n<td style=\"width: 213px;\">Decreto n\u00ba 39.227, de 27 de mar\u00e7o de 2013<\/td>\n<td style=\"width: 474px;\">Introduz altera\u00e7\u00f5es na Consolida\u00e7\u00e3o da Legisla\u00e7\u00e3o Tribut\u00e1ria do Estado, relativamente \u00e0 concess\u00e3o de isen\u00e7\u00e3o do ICMS para ve\u00edculos destinados a pessoa portadora de defici\u00eancia ou autismo.<\/td>\n<\/tr>\n<tr>\n<td style=\"width: 213px;\">Decreto n\u00ba 39.035, de 2 de janeiro de 2013<\/td>\n<td style=\"width: 474px;\">Introduz altera\u00e7\u00f5es na Consolida\u00e7\u00e3o da Legisla\u00e7\u00e3o Tribut\u00e1ria do Estado, relativamente \u00e0 concess\u00e3o de isen\u00e7\u00e3o do ICMS para ve\u00edculos destinados a pessoa portadora de defici\u00eancia.<\/td>\n<\/tr>\n<tr>\n<td style=\"width: 113px;\">Legisla\u00e7\u00e3o Federal<\/td>\n<td style=\"width: 213px;\">Decreto n\u00ba 11.063, de 04 de maio de 2022<\/td>\n<td style=\"width: 474px;\">Objetivo estabelecer os crit\u00e9rios e os requisitos para a avalia\u00e7\u00e3o de pessoas com defici\u00eancia ou pessoas com transtorno do espectro autista para fins de concess\u00e3o de isen\u00e7\u00e3o do Imposto sobre Produtos Industrializados (IPI) na aquisi\u00e7\u00e3o de autom\u00f3veis.<\/td>\n<\/tr>\n<\/tbody>\n<\/table>\n<p>&nbsp;<\/p>\n","protected":false},"excerpt":{"rendered":"<p>A categoria de BENEF\u00cdCIOS FISCAIS\u00a0inclui normativas que concedem benef\u00edcios fiscais \u00e0s pessoas com TEA e suas fam\u00edlias. Estado Legisla\u00e7\u00e3o Objetivo Rio Grande do Sul Decreto n\u00ba 56.208, de 23 de novembro de 2021 Modifica o Regulamento do Imposto sobre Opera\u00e7\u00f5es Relativas \u00e0 Circula\u00e7\u00e3o de Mercadorias e sobre Presta\u00e7\u00f5es de Servi\u00e7os de Transporte Interestadual e Intermunicipal [&hellip;]<\/p>\n","protected":false},"author":1375,"featured_media":0,"parent":0,"menu_order":0,"comment_status":"closed","ping_status":"closed","template":"","meta":{"footnotes":""},"class_list":["post-481","page","type-page","status-publish","hentry","post"],"jetpack_sharing_enabled":true,"_links":{"self":[{"href":"https:\/\/wp.ufpel.edu.br\/redeteabrasil\/wp-json\/wp\/v2\/pages\/481","targetHints":{"allow":["GET"]}}],"collection":[{"href":"https:\/\/wp.ufpel.edu.br\/redeteabrasil\/wp-json\/wp\/v2\/pages"}],"about":[{"href":"https:\/\/wp.ufpel.edu.br\/redeteabrasil\/wp-json\/wp\/v2\/types\/page"}],"author":[{"embeddable":true,"href":"https:\/\/wp.ufpel.edu.br\/redeteabrasil\/wp-json\/wp\/v2\/users\/1375"}],"replies":[{"embeddable":true,"href":"https:\/\/wp.ufpel.edu.br\/redeteabrasil\/wp-json\/wp\/v2\/comments?post=481"}],"version-history":[{"count":5,"href":"https:\/\/wp.ufpel.edu.br\/redeteabrasil\/wp-json\/wp\/v2\/pages\/481\/revisions"}],"predecessor-version":[{"id":842,"href":"https:\/\/wp.ufpel.edu.br\/redeteabrasil\/wp-json\/wp\/v2\/pages\/481\/revisions\/842"}],"wp:attachment":[{"href":"https:\/\/wp.ufpel.edu.br\/redeteabrasil\/wp-json\/wp\/v2\/media?parent=481"}],"curies":[{"name":"wp","href":"https:\/\/api.w.org\/{rel}","templated":true}]}}