{"id":478,"date":"2025-01-22T15:37:12","date_gmt":"2025-01-22T18:37:12","guid":{"rendered":"https:\/\/wp.ufpel.edu.br\/redeteabrasil\/?page_id=478"},"modified":"2025-07-19T16:28:07","modified_gmt":"2025-07-19T19:28:07","slug":"conscientizacao","status":"publish","type":"page","link":"https:\/\/wp.ufpel.edu.br\/redeteabrasil\/conscientizacao\/","title":{"rendered":"Conscientiza\u00e7\u00e3o"},"content":{"rendered":"<p style=\"padding-left: 40px;\">A categoria de <strong>CONSCIENTIZA\u00c7\u00c3O<\/strong> <span style=\"font-weight: 400;\">re\u00fane leis que t\u00eam como foco promover a conscientiza\u00e7\u00e3o da sociedade sobre o TEA e suas particularidades.<\/span><\/p>\n<table dir=\"ltr\" style=\"width: 740px;\" border=\"1\" cellspacing=\"0\" cellpadding=\"0\" data-sheets-root=\"1\" data-sheets-baot=\"1\">\n<colgroup>\n<col width=\"100\" \/>\n<col width=\"100\" \/>\n<col width=\"307\" \/><\/colgroup>\n<tbody>\n<tr>\n<td style=\"text-align: center; width: 140px;\"><span style=\"font-size: 14pt; color: #135685;\"><strong>Estado<\/strong><\/span><\/td>\n<td style=\"text-align: center; width: 173px;\"><span style=\"font-size: 14pt; color: #135685;\"><strong>Legisla\u00e7\u00e3o<\/strong><\/span><\/td>\n<td style=\"text-align: center; width: 477px;\"><span style=\"font-size: 14pt; color: #135685;\"><strong>Objetivo<\/strong><\/span><\/td>\n<\/tr>\n<tr>\n<td style=\"width: 140px;\">Rio Grande do Sul<\/td>\n<td style=\"width: 173px;\">Lei n\u00ba 15.950, de 09 de janeiro de 2023<\/td>\n<td style=\"width: 477px;\">Consolida a legisla\u00e7\u00e3o estadual relativa a eventos e datas estaduais, instituindo o Calend\u00e1rio Oficial de Eventos e Datas Comemorativas do Estado do Rio Grande do Sul, e d\u00e1 outras provid\u00eancias.<\/td>\n<\/tr>\n<tr>\n<td style=\"width: 140px;\" rowspan=\"3\">\n<div>Santa Catarina<\/div>\n<\/td>\n<td style=\"width: 173px;\">Lei n\u00ba 18.838, de 15 de janeiro de 2024<\/td>\n<td style=\"width: 477px;\">Declara de utilidade p\u00fablica a AMA Rio do Sul &#8211; AFADI &#8211; Associa\u00e7\u00e3o de Familiares e Amigos de Pessoas com Autismo e Defici\u00eancia Intelectual e M\u00faltipla e altera o Anexo \u00danico da Lei n\u00ba 18.278, de 2021, que \u201cConsolida os atos normativos que concedem o T\u00edtulo de Utilidade P\u00fablica estadual no \u00e2mbito do Estado de Santa Catarina\u201d, para fazer constar nele o nome de tal entidade.<\/td>\n<\/tr>\n<tr>\n<td style=\"width: 173px;\">Lei n\u00ba 18.662, de 21 de julho de 2023<\/td>\n<td style=\"width: 477px;\">Altera o Anexo \u00danico da Lei n\u00ba 18.278, de 2021, que \u201cConsolida os atos normativos que concedem o T\u00edtulo de Utilidade P\u00fablica estadual no \u00e2mbito do Estado de Santa Catarina\u201d, para alterar a denomina\u00e7\u00e3o da Associa\u00e7\u00e3o Catarinense de Autismo (ASCA), de Balne\u00e1rio Cambori\u00fa, para Federa\u00e7\u00e3o das Amas de Santa Catarina (FEAMAS), de Balne\u00e1rio Cambori\u00fa.<\/td>\n<\/tr>\n<tr>\n<td style=\"width: 173px;\">Lei n\u00ba 15.642, de 28 de novembro de 2011<\/td>\n<td style=\"width: 477px;\">Declara a Associa\u00e7\u00e3o de Pais e Amigos do Autismo do Litoral de Santa Catarina &#8211; AMA, de Balne\u00e1rio Cambori\u00fa.<\/td>\n<\/tr>\n<tr>\n<td style=\"width: 140px;\" rowspan=\"5\">\n<div>Paran\u00e1<\/div>\n<\/td>\n<td style=\"width: 173px;\">Lei n\u00ba 21225, de 6 de setembro de 2022<\/td>\n<td style=\"width: 477px;\">Institui o Dia Estadual de Conscientiza\u00e7\u00e3o sobre a S\u00edndrome de Asperger a ser realizado anualmente em 18 de fevereiro.<\/td>\n<\/tr>\n<tr>\n<td style=\"width: 173px;\">Lei n\u00ba 21125, de 4 de julho de 2022<\/td>\n<td style=\"width: 477px;\">Concede o T\u00edtulo de Utilidade P\u00fablica ao Instituto Maringaense de Autismo, com sede no Munic\u00edpio de Maring\u00e1.<\/td>\n<\/tr>\n<tr>\n<td style=\"width: 173px;\">Lei n\u00ba 20864, de 07 de dezembro de 2021<\/td>\n<td style=\"width: 477px;\">Concede o T\u00edtulo de Utilidade P\u00fablica \u00e0 Associa\u00e7\u00e3o Autismo sem Barreiras \u2013 Associa\u00e7\u00e3o de Atendimento e Apoio \u00e0 Pessoa com Transtorno do Espectro Autista, com sede no Munic\u00edpio de Uni\u00e3o da Vit\u00f3ria.<\/td>\n<\/tr>\n<tr>\n<td style=\"width: 173px;\">Lei n\u00ba 19876, de 03 de julho de 2019<\/td>\n<td style=\"width: 477px;\">Altera a reda\u00e7\u00e3o da Lei n\u00ba 19.025, de 17 de maio de 2017, que instituiu a Semana Estadual da Conscientiza\u00e7\u00e3o Sobre o Transtorno do Espectro Autista.<\/td>\n<\/tr>\n<tr>\n<td style=\"width: 173px;\">Lei n\u00ba 19025, de 17 de maio de 2017<\/td>\n<td style=\"width: 477px;\">Institui a Semana Estadual da Conscientiza\u00e7\u00e3o Sobre o Transtorno do Espectro Autista.<\/td>\n<\/tr>\n<tr>\n<td style=\"width: 140px;\" rowspan=\"7\">\n<div>S\u00e3o Paulo<\/div>\n<\/td>\n<td style=\"width: 173px;\">Lei n\u00ba 16.712, de 19 de abril de 2018<\/td>\n<td style=\"width: 477px;\">\u00c9 declarada a Associa\u00e7\u00e3o dos Familiares e Amigos dos Portadores de Autismo de Bauru \u2013 AFAPAB, com sede naquele Munic\u00edpio.<\/td>\n<\/tr>\n<tr>\n<td style=\"width: 173px;\">Decreto n\u00ba 58.496, de 30 de outubro de 2012<\/td>\n<td style=\"width: 477px;\">Autoriza a Fazenda do Estado a permitir o uso, a t\u00edtulo prec\u00e1rio e gratuito e por prazo indeterminado, em favor da AMA-Associa\u00e7\u00e3o de Amigos do Autista, do im\u00f3vel que especifica<\/td>\n<\/tr>\n<tr>\n<td style=\"width: 173px;\">Lei n\u00ba 13.933, de 7 de janeiro de 2010<\/td>\n<td style=\"width: 477px;\">\u00c9 declarado de utilidade p\u00fablica o Grupo de Apoio ao Indiv\u00edduo com Autismo e Afins &#8211; GAIA, com sede em S\u00e3o Jos\u00e9 dos Campos.<\/td>\n<\/tr>\n<tr>\n<td style=\"width: 173px;\">Decreto n\u00ba 45.714, de 16 de mar\u00e7o de 2001<\/td>\n<td style=\"width: 477px;\">Autoriza a Fazenda do Estado a permitir o uso, a t\u00edtulo prec\u00e1rio, em favor do Centro Pr\u00f3-Autista, do im\u00f3vel que especifica<\/td>\n<\/tr>\n<tr>\n<td style=\"width: 173px;\">Lei n\u00b0 17.744, de 12 de setembro de 2023<\/td>\n<td style=\"width: 477px;\">Autoriza a cria\u00e7\u00e3o de Centros de Refer\u00eancia e Atendimento Especializado \u00e0s Pessoas com Transtorno do Espectro Autista (TEA) e d\u00e1 outras disposi\u00e7\u00f5es<\/td>\n<\/tr>\n<tr>\n<td style=\"width: 173px;\">Lei n\u00ba 17.353, de 31 de mar\u00e7o de 2021<\/td>\n<td style=\"width: 477px;\">Institui a \u201cSemana de Conscientiza\u00e7\u00e3o sobre o Autismo\u201d e cria o Programa Estadual de Orienta\u00e7\u00e3o sobre Autismo para profissionais das \u00c1reas da Educa\u00e7\u00e3o e Sa\u00fade.<\/td>\n<\/tr>\n<tr>\n<td style=\"width: 173px;\">Lei n\u00ba 16.756, de 8 de junho de 2018<\/td>\n<td style=\"width: 477px;\">Disp\u00f5e sobre o dever de inser\u00e7\u00e3o do s\u00edmbolo mundial da conscientiza\u00e7\u00e3o sobre o<br \/>\nTranstorno do Espectro Autista &#8211; TEA nas placas de atendimento priorit\u00e1rio.<\/td>\n<\/tr>\n<tr>\n<td style=\"width: 140px;\" rowspan=\"2\">\n<div>Rio de Janeiro<\/div>\n<\/td>\n<td style=\"width: 173px;\">Lei n\u00ba 6801 de 10 de junho de 2014<\/td>\n<td style=\"width: 477px;\">Altera a lei n\u00ba 5645\/2010 e inclui no calend\u00e1rio oficial do estado do Rio de Janeiro a semana de conscientiza\u00e7\u00e3o do autismo, e d\u00e1 outras provid\u00eancias.<\/td>\n<\/tr>\n<tr>\n<td style=\"width: 173px;\">Lei n\u00ba 10.145, de 20 de outubro de 2023<\/td>\n<td style=\"width: 477px;\">Altera o anexo da lei n\u00ba 5.645, de 06 de janeiro de 2010, incluindo, no calend\u00e1rio oficial do estado do Rio de Janeiro, o \u201cDia estadual de conscientiza\u00e7\u00e3o sobre a S\u00edndrome de Asperger\u201d<\/td>\n<\/tr>\n<tr>\n<td style=\"width: 140px;\">Esp\u00edrito Santo<\/td>\n<td style=\"width: 173px;\">Lei n\u00ba 11.212, de 29 de outubro de 2020<\/td>\n<td style=\"width: 477px;\">Consolida toda a legisla\u00e7\u00e3o em vigor referente \u00e0s semanas e aos dias\/correlatos estaduais comemorativos de relevantes datas e de assuntos de interesse p\u00fablico, no \u00e2mbito do Estado.<\/td>\n<\/tr>\n<tr>\n<td style=\"width: 140px;\" rowspan=\"2\">\n<div>Minas Gerais<\/div>\n<\/td>\n<td style=\"width: 173px;\">Lei n\u00ba 22.419, de 19 de dezembro de 2016<\/td>\n<td style=\"width: 477px;\">Institui a Semana Estadual de Conscientiza\u00e7\u00e3o sobre os Transtornos do Espectro do Autismo.<\/td>\n<\/tr>\n<tr>\n<td style=\"width: 173px;\">Lei n\u00ba 22.278, de 01 de setembro de 2016<\/td>\n<td style=\"width: 477px;\">Declara de utilidade p\u00fablica o Centro Especializado Unidos pelo Autismo C\u00e9u Azul, com sede no Munic\u00edpio de Divin\u00f3polis.<\/td>\n<\/tr>\n<tr>\n<td style=\"width: 140px;\" rowspan=\"2\">\n<div>Distrito Federal<\/div>\n<\/td>\n<td style=\"width: 173px;\">Lei n\u00ba 5334, de 25 de abril de 2014<\/td>\n<td style=\"width: 477px;\">Disp\u00f5e sobre a inclus\u00e3o do Dia Mundial de Conscientiza\u00e7\u00e3o do Autismo no calend\u00e1rio oficial do Distrito Federal.<\/td>\n<\/tr>\n<tr>\n<td style=\"width: 173px;\">Lei n\u00ba 5078, de 11 de mar\u00e7o de 2013<\/td>\n<td style=\"width: 477px;\">Inclui, no calend\u00e1rio oficial de eventos do Distrito Federal, o Dia do Autismo.<\/td>\n<\/tr>\n<tr>\n<td style=\"width: 140px;\" rowspan=\"2\">\n<div>Mato Grosso<\/div>\n<\/td>\n<td style=\"width: 173px;\">Lei n\u00ba 10.873, de 25 de abril de 2019<\/td>\n<td style=\"width: 477px;\">Disp\u00f5e sobre o dever de inser\u00e7\u00e3o do s\u00edmbolo mundial da conscientiza\u00e7\u00e3o do transtorno do espectro autista nas placas de atendimento priorit\u00e1rio no \u00e2mbito do Estado de Mato Grosso.<\/td>\n<\/tr>\n<tr>\n<td style=\"width: 173px;\">Lei n\u00ba 10.262, de 22 de janeiro de 2015<\/td>\n<td style=\"width: 477px;\">Institui no Calend\u00e1rio Oficial de Eventos do Estado &#8220;A Semana Estadual de Conscientiza\u00e7\u00e3o e Reflex\u00e3o sobre o Autismo&#8221; e d\u00e1 outras provid\u00eancias.<\/td>\n<\/tr>\n<tr>\n<td style=\"width: 140px;\" rowspan=\"3\">\n<div>Mato Grosso do Sul<\/div>\n<\/td>\n<td style=\"width: 173px;\">Lei n\u00ba 6.151, de 1 de dezembro de 2023<\/td>\n<td style=\"width: 477px;\">Institui no \u00e2mbito do Estado de Mato Grosso do Sul, homenagem denominada \u201cEmpresa Amiga dos Autistas e com de TDAH\u201d.<\/td>\n<\/tr>\n<tr>\n<td style=\"width: 173px;\">Lei n\u00ba 5969 de 07 de novembro de 2022<\/td>\n<td style=\"width: 477px;\">Institui o uso do Colar de Girassol como instrumento auxiliar de orienta\u00e7\u00e3o para a identifica\u00e7\u00e3o de pessoas com defici\u00eancias ocultas.<\/td>\n<\/tr>\n<tr>\n<td style=\"width: 173px;\">Lei n\u00ba 5.721, de 23 de setembro de 2021<\/td>\n<td style=\"width: 477px;\">Institui o \u201cAbril Azul\u201d no Estado de Mato Grosso do Sul<\/td>\n<\/tr>\n<tr>\n<td style=\"width: 140px;\" rowspan=\"3\">\n<div>Goi\u00e1s<\/div>\n<\/td>\n<td style=\"width: 173px;\">Lei n\u00ba 21.931, de 17 de maio de 2023<\/td>\n<td style=\"width: 477px;\">Altera a Lei n\u00ba 18.242, de 28 de novembro de 2013, que institui o Dia Estadual de Conscientiza\u00e7\u00e3o do Autismo.<\/td>\n<\/tr>\n<tr>\n<td style=\"width: 173px;\">Lei n\u00ba 21.540, de 4 de agosto de 2022<\/td>\n<td style=\"width: 477px;\">declarada de utilidade p\u00fablica a ASSOCIA\u00c7\u00c3O DE PAIS E PESSOAS COM AUTISMO DE FORMOSA\/GO \u2013 APPAF, inscrita no Cadastro Nacional da Pessoa Jur\u00eddica (CNPJ) sob o n\u00ba 32.504.690\/0001-02, com sede no Munic\u00edpio de Formosa\/GO.<\/td>\n<\/tr>\n<tr>\n<td style=\"width: 173px;\">Lei n\u00ba 18.242, de 28 de novembro de 2013<\/td>\n<td style=\"width: 477px;\">Institui o Dia Estadual de Conscientiza\u00e7\u00e3o do Autismo.<\/td>\n<\/tr>\n<tr>\n<td style=\"width: 140px;\" rowspan=\"2\">\n<div>Amap\u00e1<\/div>\n<\/td>\n<td style=\"width: 173px;\">Lei n\u00ba 2.422, de 12 de julho de 2019<\/td>\n<td style=\"width: 477px;\">Inclui no Calend\u00e1rio Oficial de Eventos do Estado do Amap\u00e1, o Projeto &#8220;Ligados no Mundo Azul&#8221;, realizado em Macap\u00e1 por ocasi\u00e3o da passagem do Dia Mundial de Conscientiza\u00e7\u00e3o do Autismo.<\/td>\n<\/tr>\n<tr>\n<td style=\"width: 173px;\">Lei n\u00ba 2.170, de 03 de maio de 2017<\/td>\n<td style=\"width: 477px;\">Obriga os estabelecimentos p\u00fablicos e privados do Estado do Amap\u00e1 a inserir placas educativas sobre autismo e o s\u00edmbolo mundial do autismo nas placas de atendimento priorit\u00e1rio, e d\u00e1 outras provid\u00eancias.<\/td>\n<\/tr>\n<tr>\n<td style=\"width: 140px;\" rowspan=\"6\">\n<div>Amazonas<\/div>\n<\/td>\n<td style=\"width: 173px;\">Lei n\u00ba 6.714, de 04 de janeiro de 2024<\/td>\n<td style=\"width: 477px;\">Declara ao Instituto Autismo de Parintins Isadora Tupinamb\u00e1 &#8211; IAPIN.<\/td>\n<\/tr>\n<tr>\n<td style=\"width: 173px;\">Lei n\u00ba 6.350, de 31 de julho de 2023<\/td>\n<td style=\"width: 477px;\">Institui a Corrida em Alus\u00e3o ao Dia do Autismo no Estado do Amazonas, passando a integrar o Calend\u00e1rio Estadual de datas comemorativas.<\/td>\n<\/tr>\n<tr>\n<td style=\"width: 173px;\">Lei n\u00ba 6.499, de 11 de outubro de 2023<\/td>\n<td style=\"width: 477px;\">Institui e inclui no Calend\u00e1rio Oficial de Eventos o Festival de Talentos para pessoas com Transtorno do Espectro Autista &#8211; TEA.<\/td>\n<\/tr>\n<tr>\n<td style=\"width: 173px;\">Lei n\u00ba 6.374, de 02 de agosto de 2023<\/td>\n<td style=\"width: 477px;\">Disp\u00f5e sobre a Semana de Orienta\u00e7\u00e3o e Terapia para Pais e\/ou Respons\u00e1veis de Pessoas com Transtorno do Espectro Autista &#8211; TEA, no Estado do Amazonas.<\/td>\n<\/tr>\n<tr>\n<td style=\"width: 173px;\">Lei n\u00ba 6.313, de 20 de julho de 2023<\/td>\n<td style=\"width: 477px;\">Institui o Dia Estadual da Pessoa com Transtorno do Espectro Autista (TEA) no Estado do Amazonas.<\/td>\n<\/tr>\n<tr>\n<td style=\"width: 173px;\">Lei n\u00ba 6.234, de 04 de maio de 2023<\/td>\n<td style=\"width: 477px;\">Institui o Dia Estadual de Conscientiza\u00e7\u00e3o sobre a S\u00edndrome de Asperger, no Estado do Amazonas, e d\u00e1 outras provid\u00eancias.<\/td>\n<\/tr>\n<tr>\n<td style=\"width: 140px;\" rowspan=\"2\">\n<div>Acre<\/div>\n<\/td>\n<td style=\"width: 173px;\">Lei n\u00ba 3.810, de 22 de novembro de 2021<\/td>\n<td style=\"width: 477px;\">Declara de Utilidade P\u00fablica Associa\u00e7\u00e3o de Pais e Amigos de Pessoas com Autismo de Cruzeiro do Sul.<\/td>\n<\/tr>\n<tr>\n<td style=\"width: 173px;\">Lei n\u00ba 2.724, de 31 de julho de 2013<\/td>\n<td style=\"width: 477px;\">Institui o Dia de Conscientiza\u00e7\u00e3o do Autismo.<\/td>\n<\/tr>\n<tr>\n<td style=\"width: 140px;\">Ceara<\/td>\n<td style=\"width: 173px;\">Lei n\u00ba 18.200, de 14 de setembro de 2022<\/td>\n<td style=\"width: 477px;\">Inclui, no calend\u00e1rio oficial de eventos e datas comemorativas do estado do Cear\u00e1, o abril azul.<\/td>\n<\/tr>\n<tr>\n<td style=\"width: 140px;\" rowspan=\"2\">\n<div>Piau\u00ed<\/div>\n<\/td>\n<td style=\"width: 173px;\">Lei n\u00ba 8.109, de 03 de agosto de 2023<\/td>\n<td style=\"width: 477px;\">Reconhece a Utilidade P\u00fablica da Associa\u00e7\u00e3o dos Amigos e Familiares da Pessoa com Autismo &#8211; AAFAPA (Associa\u00e7\u00e3o Prismas).<\/td>\n<\/tr>\n<tr>\n<td style=\"width: 173px;\">Lei n\u00ba 8.081, de 20 de junho de 2023<\/td>\n<td style=\"width: 477px;\">Disp\u00f5e sobre a utiliza\u00e7\u00e3o do cord\u00e3o de girassol como s\u00edmbolo de identifica\u00e7\u00e3o das pessoas com defici\u00eancias ocultas no \u00e2mbito do estado do Piau\u00ed.<\/td>\n<\/tr>\n<tr>\n<td style=\"width: 140px;\">Maranh\u00e3o<\/td>\n<td style=\"width: 173px;\">Lei n\u00ba 9666, de 26 de julho de 2012<\/td>\n<td style=\"width: 477px;\">Institui o dia estadual de conscientiza\u00e7\u00e3o sobre o autismo no \u00e2mbito do Estado do Maranh\u00e3o e d\u00e1 outras provid\u00eancias.<\/td>\n<\/tr>\n<tr>\n<td style=\"width: 140px;\">Sergipe<\/td>\n<td style=\"width: 173px;\">Lei n\u00ba 8.685, de 19 de junho de 2020<\/td>\n<td style=\"width: 477px;\">Institui, no \u00e2mbito do Estado de Sergipe, o m\u00eas &#8220;Abril Azul&#8221;, dedicado a a\u00e7\u00f5es de conscientiza\u00e7\u00e3o sobre o autismo.<\/td>\n<\/tr>\n<tr>\n<td style=\"width: 140px;\">Rio Grande do Norte<\/td>\n<td style=\"width: 173px;\">Lei n\u00ba 11.120, de 02 de junho de 2022<\/td>\n<td style=\"width: 477px;\">Institui a &#8220;Semana de Conscientiza\u00e7\u00e3o sobre o Autismo&#8221; e cria o &#8220;Programa Estadual de Orienta\u00e7\u00e3o Permanente sobre o Autismo para Profissionais das \u00c1reas de Sa\u00fade e Educa\u00e7\u00e3o&#8221;.<\/td>\n<\/tr>\n<tr>\n<td style=\"width: 140px;\" rowspan=\"2\">\n<div>Para\u00edba<\/div>\n<\/td>\n<td style=\"width: 173px;\">Lei n\u00ba 12.773, de 19 de setembro de 2023<\/td>\n<td style=\"width: 477px;\">Institui, no Calend\u00e1rio Oficial de Eventos do Estado da Para\u00edba, o Festival de Talentos para Pessoas com Transtorno do Espectro Autista &#8211; TEA.<\/td>\n<\/tr>\n<tr>\n<td style=\"width: 173px;\">Lei n\u00ba 12.203, de 31 de dezembro de 2021<\/td>\n<td style=\"width: 477px;\">Reconhece de Utilidade P\u00fablica o Instituto Autismo Amor Infinito, localizado no munic\u00edpio de Guarabira, neste Estado.<\/td>\n<\/tr>\n<tr>\n<td style=\"width: 140px;\" rowspan=\"4\">\n<div>Pernambuco<\/div>\n<\/td>\n<td style=\"width: 173px;\">Lei n\u00ba 16.146, de 19 de setembro de 2017<\/td>\n<td style=\"width: 477px;\">Declara de utilidade p\u00fablica a Associa\u00e7\u00e3o de Fam\u00edlias para o Bem Estar e Tratamento da Pessoa com Autismo &#8211; AFETO.<\/td>\n<\/tr>\n<tr>\n<td style=\"width: 173px;\">Lei n\u00ba 18.057, de 21 de dezembro de 2022<\/td>\n<td style=\"width: 477px;\">Autoriza a Ag\u00eancia Estadual de Planejamento e Pesquisa de Pernambuco &#8211; CONDEPE\/FIDEM a renovar, com encargo, a cess\u00e3o de uso do im\u00f3vel m favor da Associa\u00e7\u00e3o de Fam\u00edlias para o Bem-Estar e Tratamento da Pessoa com Autismo &#8211; AFETO<\/td>\n<\/tr>\n<tr>\n<td style=\"width: 173px;\">Lei n\u00ba 17.486, de 18 de novembro de 2021<\/td>\n<td style=\"width: 477px;\">Altera a Lei n\u00ba 16.241, de 14 de dezembro de 2017, que cria o Calend\u00e1rio Oficial de Eventos e Datas Comemorativas do Estado de Pernambuco, define, fixa crit\u00e9rios e consolida as Leis que institu\u00edram Eventos e Datas Comemorativas Estaduais, originada de Projeto de Lei de autoria do Deputado Diogo Moraes, para incluir o M\u00eas Estadual da Prote\u00e7\u00e3o Integral \u00e0 Crian\u00e7a e ao Adolescente, dedicado \u00e0 defesa dos direitos e prote\u00e7\u00e3o das crian\u00e7as e adolescentes contra todo tipo de viol\u00eancia e vulnerabilidade.<\/td>\n<\/tr>\n<tr>\n<td style=\"width: 173px;\">Lei n\u00ba 16.438, de 26 de outubro de 2018<\/td>\n<td style=\"width: 477px;\">Autoriza a Ag\u00eancia Estadual de Planejamento e Pesquisas de Pernambuco &#8211; CONDEPE\/FIDEM, a ceder, com encargo, o direito de uso do im\u00f3vel para \u00e0 Associa\u00e7\u00e3o de Fam\u00edlias para o Bem &#8211; Estar e Tratamento da Pessoa com Autismo &#8211; AFETO<\/td>\n<\/tr>\n<tr>\n<td style=\"width: 140px;\" rowspan=\"2\">\n<div>Legisla\u00e7\u00e3o Federal<\/div>\n<\/td>\n<td style=\"width: 173px;\">Lei n\u00ba 13.652, de 13 de abril de 2018<\/td>\n<td style=\"width: 477px;\">Institui o Dia Nacional de Conscientiza\u00e7\u00e3o sobre o Autismo.<\/td>\n<\/tr>\n<tr>\n<td style=\"width: 173px;\">Lei n\u00b0 12.715, de 17 de setembro de 2012<\/td>\n<td style=\"width: 477px;\">Essa legisla\u00e7\u00e3o altera as anteriores para promover benef\u00edcios fiscais e incentivos relacionados a pessoas com defici\u00eancia.<br \/>\nIsso pode incluir, por exemplo, medidas que facilitam a aquisi\u00e7\u00e3o de ve\u00edculos adaptados por pessoas com defici\u00eancia, bem como incentivos para a produ\u00e7\u00e3o e comercializa\u00e7\u00e3o de produtos e servi\u00e7os destinados a melhorar a qualidade de vida dessa popula\u00e7\u00e3o.<\/td>\n<\/tr>\n<\/tbody>\n<\/table>\n<p>&nbsp;<\/p>\n","protected":false},"excerpt":{"rendered":"<p>A categoria de CONSCIENTIZA\u00c7\u00c3O re\u00fane leis que t\u00eam como foco promover a conscientiza\u00e7\u00e3o da sociedade sobre o TEA e suas particularidades. Estado Legisla\u00e7\u00e3o Objetivo Rio Grande do Sul Lei n\u00ba 15.950, de 09 de janeiro de 2023 Consolida a legisla\u00e7\u00e3o estadual relativa a eventos e datas estaduais, instituindo o Calend\u00e1rio Oficial de Eventos e Datas [&hellip;]<\/p>\n","protected":false},"author":1375,"featured_media":0,"parent":0,"menu_order":0,"comment_status":"closed","ping_status":"closed","template":"","meta":{"footnotes":""},"class_list":["post-478","page","type-page","status-publish","hentry","post"],"jetpack_sharing_enabled":true,"_links":{"self":[{"href":"https:\/\/wp.ufpel.edu.br\/redeteabrasil\/wp-json\/wp\/v2\/pages\/478","targetHints":{"allow":["GET"]}}],"collection":[{"href":"https:\/\/wp.ufpel.edu.br\/redeteabrasil\/wp-json\/wp\/v2\/pages"}],"about":[{"href":"https:\/\/wp.ufpel.edu.br\/redeteabrasil\/wp-json\/wp\/v2\/types\/page"}],"author":[{"embeddable":true,"href":"https:\/\/wp.ufpel.edu.br\/redeteabrasil\/wp-json\/wp\/v2\/users\/1375"}],"replies":[{"embeddable":true,"href":"https:\/\/wp.ufpel.edu.br\/redeteabrasil\/wp-json\/wp\/v2\/comments?post=478"}],"version-history":[{"count":6,"href":"https:\/\/wp.ufpel.edu.br\/redeteabrasil\/wp-json\/wp\/v2\/pages\/478\/revisions"}],"predecessor-version":[{"id":845,"href":"https:\/\/wp.ufpel.edu.br\/redeteabrasil\/wp-json\/wp\/v2\/pages\/478\/revisions\/845"}],"wp:attachment":[{"href":"https:\/\/wp.ufpel.edu.br\/redeteabrasil\/wp-json\/wp\/v2\/media?parent=478"}],"curies":[{"name":"wp","href":"https:\/\/api.w.org\/{rel}","templated":true}]}}