{"id":445,"date":"2025-01-13T16:59:34","date_gmt":"2025-01-13T19:59:34","guid":{"rendered":"https:\/\/wp.ufpel.edu.br\/redeteabrasil\/?page_id=445"},"modified":"2025-02-13T14:36:08","modified_gmt":"2025-02-13T17:36:08","slug":"leis-de-sergipe","status":"publish","type":"page","link":"https:\/\/wp.ufpel.edu.br\/redeteabrasil\/leis-de-sergipe\/","title":{"rendered":"Leis de Sergipe"},"content":{"rendered":"<table dir=\"ltr\" style=\"width: 750px; height: 325px;\" border=\"1\" cellspacing=\"0\" cellpadding=\"0\" data-sheets-root=\"1\" data-sheets-baot=\"1\">\n<colgroup>\n<col width=\"108\" \/>\n<col width=\"373\" \/>\n<col width=\"403\" \/><\/colgroup>\n<tbody>\n<tr>\n<td style=\"text-align: center; width: 123px;\"><span style=\"font-size: 14pt; color: #135685;\"><strong>Categoria<\/strong><\/span><\/td>\n<td style=\"text-align: center; width: 295px;\"><span style=\"font-size: 14pt; color: #135685;\"><strong>Legisla\u00e7\u00e3o<\/strong><\/span><\/td>\n<td style=\"text-align: center; width: 324px;\"><span style=\"font-size: 14pt; color: #135685;\"><strong>Objetivo<\/strong><\/span><\/td>\n<\/tr>\n<tr>\n<td style=\"width: 123px;\">C1 &#8211; Prote\u00e7\u00e3o Legal<\/td>\n<td style=\"width: 295px;\">Lei n\u00ba 9.313, de 16 de novembro de 2023<\/td>\n<td style=\"width: 324px;\">\n<p>Institui a Pol\u00edtica Estadual da Primeira Inf\u00e2ncia &#8211; SER CRIAN\u00c7A, revoga a Lei n\u00ba 8.941, de 22 de dezembro de 2021, que cria, no \u00e2mbito do Estado de Sergipe, o Programa Sergipe pela Inf\u00e2ncia &#8211; SPI, autoriza o pagamento do &#8220;CMAIS &#8211; SERGIPE PELA INF\u00c2NCIA&#8221;, e d\u00e1 provid\u00eancias correlatas.<\/p>\n<p>Prioridade para crian\u00e7as com TEA<\/td>\n<\/tr>\n<tr>\n<td style=\"width: 123px;\">C1 &#8211; Prote\u00e7\u00e3o Legal<\/td>\n<td style=\"width: 295px;\">Lei n\u00ba 9.244, de 02 de outubro de 2023<\/td>\n<td style=\"width: 324px;\">Institui a Pol\u00edtica Estadual de Prote\u00e7\u00e3o dos Direitos da Pessoa com Transtorno do Espectro Autista &#8211; PROPTEA, e d\u00e1 provid\u00eancias correlatas.<\/td>\n<\/tr>\n<tr>\n<td style=\"width: 123px;\">C5 &#8211; Conscientiza\u00e7\u00e3o<\/td>\n<td style=\"width: 295px;\">Lei n\u00ba 8.685, de 19 de junho de 2020<\/td>\n<td style=\"width: 324px;\">Institui, no \u00e2mbito do Estado de Sergipe, o m\u00eas &#8220;Abril Azul&#8221;, dedicado a a\u00e7\u00f5es de conscientiza\u00e7\u00e3o sobre o autismo.<\/td>\n<\/tr>\n<\/tbody>\n<\/table>\n<p>&nbsp;<\/p>\n","protected":false},"excerpt":{"rendered":"<p>Categoria Legisla\u00e7\u00e3o Objetivo C1 &#8211; Prote\u00e7\u00e3o Legal Lei n\u00ba 9.313, de 16 de novembro de 2023 Institui a Pol\u00edtica Estadual da Primeira Inf\u00e2ncia &#8211; SER CRIAN\u00c7A, revoga a Lei n\u00ba 8.941, de 22 de dezembro de 2021, que cria, no \u00e2mbito do Estado de Sergipe, o Programa Sergipe pela Inf\u00e2ncia &#8211; SPI, autoriza o pagamento [&hellip;]<\/p>\n","protected":false},"author":1375,"featured_media":0,"parent":0,"menu_order":0,"comment_status":"closed","ping_status":"closed","template":"","meta":{"footnotes":""},"class_list":["post-445","page","type-page","status-publish","hentry","post"],"jetpack_sharing_enabled":true,"_links":{"self":[{"href":"https:\/\/wp.ufpel.edu.br\/redeteabrasil\/wp-json\/wp\/v2\/pages\/445","targetHints":{"allow":["GET"]}}],"collection":[{"href":"https:\/\/wp.ufpel.edu.br\/redeteabrasil\/wp-json\/wp\/v2\/pages"}],"about":[{"href":"https:\/\/wp.ufpel.edu.br\/redeteabrasil\/wp-json\/wp\/v2\/types\/page"}],"author":[{"embeddable":true,"href":"https:\/\/wp.ufpel.edu.br\/redeteabrasil\/wp-json\/wp\/v2\/users\/1375"}],"replies":[{"embeddable":true,"href":"https:\/\/wp.ufpel.edu.br\/redeteabrasil\/wp-json\/wp\/v2\/comments?post=445"}],"version-history":[{"count":4,"href":"https:\/\/wp.ufpel.edu.br\/redeteabrasil\/wp-json\/wp\/v2\/pages\/445\/revisions"}],"predecessor-version":[{"id":664,"href":"https:\/\/wp.ufpel.edu.br\/redeteabrasil\/wp-json\/wp\/v2\/pages\/445\/revisions\/664"}],"wp:attachment":[{"href":"https:\/\/wp.ufpel.edu.br\/redeteabrasil\/wp-json\/wp\/v2\/media?parent=445"}],"curies":[{"name":"wp","href":"https:\/\/api.w.org\/{rel}","templated":true}]}}