{"id":442,"date":"2025-01-13T16:58:20","date_gmt":"2025-01-13T19:58:20","guid":{"rendered":"https:\/\/wp.ufpel.edu.br\/redeteabrasil\/?page_id=442"},"modified":"2025-02-13T14:36:08","modified_gmt":"2025-02-13T17:36:08","slug":"leis-de-sao-paulo","status":"publish","type":"page","link":"https:\/\/wp.ufpel.edu.br\/redeteabrasil\/leis-de-sao-paulo\/","title":{"rendered":"Leis de S\u00e3o Paulo"},"content":{"rendered":"<table dir=\"ltr\" style=\"width: 750px; height: 1910px;\" border=\"1\" cellspacing=\"0\" cellpadding=\"0\" data-sheets-root=\"1\" data-sheets-baot=\"1\">\n<colgroup>\n<col width=\"108\" \/>\n<col width=\"373\" \/>\n<col width=\"403\" \/><\/colgroup>\n<tbody>\n<tr>\n<td style=\"text-align: center; width: 123px;\"><span style=\"font-size: 14pt; color: #135685;\"><strong>Categoria<\/strong><\/span><\/td>\n<td style=\"text-align: center; width: 293px;\"><span style=\"font-size: 14pt; color: #135685;\"><strong>Legisla\u00e7\u00e3o<\/strong><\/span><\/td>\n<td style=\"text-align: center; width: 326px;\"><span style=\"font-size: 14pt; color: #135685;\"><strong>Objetivo<\/strong><\/span><\/td>\n<\/tr>\n<tr>\n<td style=\"width: 123px;\">C1 &#8211; Prote\u00e7\u00e3o Legal<\/td>\n<td style=\"width: 293px;\">Lei n\u00b0 17.798, de 06 de outubro de 2023<\/td>\n<td style=\"width: 326px;\">Altera a Lei n\u00b0 17.158, de 18 de setembro de 2019, que disp\u00f5e sobre a Pol\u00edtica Estadual de Prote\u00e7\u00e3o dos Direitos da Pessoa com Transtorno do Espectro Autista &#8211; TEA<\/td>\n<\/tr>\n<tr>\n<td style=\"width: 123px;\">C1 &#8211; Prote\u00e7\u00e3o Legal<\/td>\n<td style=\"width: 293px;\">Decreto n\u00ba 67.634, de 6 de abril de 2023<\/td>\n<td style=\"width: 326px;\">objetivo instituir o Plano Estadual Integrado para Pessoas com Transtorno do Espectro do Autismo (PEIPTEA). Este plano visa desenvolver uma cultura inclusiva, promover a participa\u00e7\u00e3o e a conviv\u00eancia entre todas as pessoas, al\u00e9m de articular e ampliar os servi\u00e7os de atendimento a indiv\u00edduos com Transtorno do Espectro do Autismo\u200b<\/td>\n<\/tr>\n<tr>\n<td style=\"width: 123px;\">C1 &#8211; Prote\u00e7\u00e3o Legal<\/td>\n<td style=\"width: 293px;\">Lei n\u00b0 17.158, de 18 de setembro de 2019<\/td>\n<td style=\"width: 326px;\">Institui a Pol\u00edtica Estadual de Prote\u00e7\u00e3o dos Direitos da Pessoa com Transtorno do Espectro<br \/>\nAutista &#8211; TEA, e d\u00e1 outras provid\u00eancias<\/td>\n<\/tr>\n<tr>\n<td style=\"width: 123px;\">C1 &#8211; Prote\u00e7\u00e3o Legal<\/td>\n<td style=\"width: 293px;\">Lei n\u00ba 16.107, de 13 de janeiro de 2016<\/td>\n<td style=\"width: 326px;\">Pro\u00edbe a cobran\u00e7a de taxa de reserva, sobretaxa ou quaisquer valores adicionais para matr\u00edcula, renova\u00e7\u00e3o de matr\u00edcula ou mensalidade de estudantes com s\u00edndrome de Down, autismo, transtorno invasivo do desenvolvimento ou outras s\u00edndromes.<\/td>\n<\/tr>\n<tr>\n<td style=\"width: 123px;\">C2 &#8211; Inclus\u00e3o Social<\/td>\n<td style=\"width: 293px;\">Lei n\u00ba 17.651, de 17 de mar\u00e7o de 2023<\/td>\n<td style=\"width: 326px;\">Disp\u00f5e sobre a emiss\u00e3o da Carteira de Identifica\u00e7\u00e3o da Pessoa com Transtorno do Espectro Autista &#8211; CIPTEA, no \u00e2mbito do Estado de S\u00e3o Paulo<\/td>\n<\/tr>\n<tr>\n<td style=\"width: 123px;\">C3 &#8211; Educa\u00e7\u00e3o<\/td>\n<td style=\"width: 293px;\">Decreto n\u00ba 67.635, de 6 de abril de 2023<\/td>\n<td style=\"width: 326px;\">Disp\u00f5e sobre a Educa\u00e7\u00e3o Especial na rede estadual de ensino e d\u00e1 provid\u00eancias correlatas.<\/td>\n<\/tr>\n<tr>\n<td style=\"width: 123px;\">C4 &#8211; Sa\u00fade<\/td>\n<td style=\"width: 293px;\">Lei n\u00ba 16.749, de 7 de junho de 2018<\/td>\n<td style=\"width: 326px;\">Autoriza o Poder Executivo a estabelecer conv\u00eanios com diferentes entidades especializadas no tratamento e acompanhamento de crian\u00e7as autistas e d\u00e1 outras provid\u00eancias.<\/td>\n<\/tr>\n<tr>\n<td style=\"width: 123px;\">C4 &#8211; Sa\u00fade<\/td>\n<td style=\"width: 293px;\">Lei n\u00ba 15.668, de 12 de janeiro de 2015<\/td>\n<td style=\"width: 326px;\">Disp\u00f5e sobre diretrizes para a pol\u00edtica de diagn\u00f3stico precoce e tratamento dos sintomas da S\u00edndrome do Autismo no \u00e2mbito do Sistema de Sa\u00fade.<\/td>\n<\/tr>\n<tr>\n<td style=\"width: 123px;\">C5 &#8211; Conscientiza\u00e7\u00e3o<\/td>\n<td style=\"width: 293px;\">Lei n\u00ba 16.712, de 19 de abril de 2018<\/td>\n<td style=\"width: 326px;\">\u00c9 declarada a Associa\u00e7\u00e3o dos Familiares e Amigos dos Portadores de Autismo de Bauru \u2013 AFAPAB, com sede naquele Munic\u00edpio.<\/td>\n<\/tr>\n<tr>\n<td style=\"width: 123px;\">C5 &#8211; Conscientiza\u00e7\u00e3o<\/td>\n<td style=\"width: 293px;\">Decreto n\u00ba 58.496, de 30 de outubro de 2012<\/td>\n<td style=\"width: 326px;\">Autoriza a Fazenda do Estado a permitir o uso, a t\u00edtulo prec\u00e1rio e gratuito e por prazo indeterminado, em favor da AMA-Associa\u00e7\u00e3o de Amigos do Autista, do im\u00f3vel que especifica<\/td>\n<\/tr>\n<tr>\n<td style=\"width: 123px;\">C5 &#8211; Conscientiza\u00e7\u00e3o<\/td>\n<td style=\"width: 293px;\">Lei n\u00ba 13.933, de 7 de janeiro de 2010<\/td>\n<td style=\"width: 326px;\">\u00c9 declarado de utilidade p\u00fablica o Grupo de Apoio ao Indiv\u00edduo com Autismo e Afins &#8211; GAIA, com sede em S\u00e3o Jos\u00e9 dos Campos.<\/td>\n<\/tr>\n<tr>\n<td style=\"width: 123px;\">C5 &#8211; Conscientiza\u00e7\u00e3o<\/td>\n<td style=\"width: 293px;\">Decreto n\u00ba 45.714, de 16 de mar\u00e7o de 2001<\/td>\n<td style=\"width: 326px;\">Autoriza a Fazenda do Estado a permitir o uso, a t\u00edtulo prec\u00e1rio, em favor do Centro Pr\u00f3-Autista, do im\u00f3vel que especifica<\/td>\n<\/tr>\n<tr>\n<td style=\"width: 123px;\">C5 &#8211; Conscientiza\u00e7\u00e3o<\/td>\n<td style=\"width: 293px;\">Lei n\u00b0 17.744, de 12 de setembro de 2023<\/td>\n<td style=\"width: 326px;\">Autoriza a cria\u00e7\u00e3o de Centros de Refer\u00eancia e Atendimento Especializado \u00e0s Pessoas com Transtorno do Espectro Autista (TEA) e d\u00e1 outras disposi\u00e7\u00f5es<\/td>\n<\/tr>\n<tr>\n<td style=\"width: 123px;\">C5 &#8211; Conscientiza\u00e7\u00e3o<\/td>\n<td style=\"width: 293px;\">Lei n\u00ba 17.353, de 31 de mar\u00e7o de 2021<\/td>\n<td style=\"width: 326px;\">Institui a \u201cSemana de Conscientiza\u00e7\u00e3o sobre o Autismo\u201d e cria o Programa Estadual de Orienta\u00e7\u00e3o sobre Autismo para profissionais das \u00c1reas da Educa\u00e7\u00e3o e Sa\u00fade.<\/td>\n<\/tr>\n<tr>\n<td style=\"width: 123px;\">C5 &#8211; Conscientiza\u00e7\u00e3o<\/td>\n<td style=\"width: 293px;\">Lei n\u00ba 16.756, de 8 de junho de 2018<\/td>\n<td style=\"width: 326px;\">Disp\u00f5e sobre o dever de inser\u00e7\u00e3o do s\u00edmbolo mundial da conscientiza\u00e7\u00e3o sobre o<br \/>\nTranstorno do Espectro Autista &#8211; TEA nas placas de atendimento priorit\u00e1rio.<\/td>\n<\/tr>\n<tr>\n<td style=\"width: 123px;\">C6 &#8211; Benef\u00edcios Fiscais<\/td>\n<td style=\"width: 293px;\">Decreto n\u00ba 67.394, de 23 de dezembro de 2022<\/td>\n<td style=\"width: 326px;\">Altera o Decreto n\u00ba 66.470, de 1\u00ba de fevereiro de 2022, que disciplina as condi\u00e7\u00f5es para a concess\u00e3o do direito \u00e0 isen\u00e7\u00e3o do Imposto sobre a Propriedade de Ve\u00edculos Automotores &#8211; IPVA \u00e0 pessoa portadora de transtorno do espectro do autismo ou com defici\u00eancia f\u00edsica, sensorial, intelectual ou mental, enquanto n\u00e3o estiver regulamentada a avalia\u00e7\u00e3o biopsicossocial<\/td>\n<\/tr>\n<tr>\n<td style=\"width: 123px;\">C6 &#8211; Benef\u00edcios Fiscais<\/td>\n<td style=\"width: 293px;\">Decreto n\u00ba 67.108, de 13 de setembro de 2022<\/td>\n<td style=\"width: 326px;\">Altera o Decreto n\u00ba 66.470, de 1\u00ba de fevereiro de 2022, que disciplina as condi\u00e7\u00f5es para a concess\u00e3o do direito \u00e0 isen\u00e7\u00e3o do Imposto sobre a Propriedade de Ve\u00edculos Automotores &#8211; IPVA \u00e0 pessoa portadora de transtorno do espectro do autismo ou com defici\u00eancia f\u00edsica, sensorial, intelectual ou mental, enquanto n\u00e3o estiver regulamentada a avalia\u00e7\u00e3o biopsicossocial<\/td>\n<\/tr>\n<tr>\n<td style=\"width: 123px;\">C6 &#8211; Benef\u00edcios Fiscais<\/td>\n<td style=\"width: 293px;\">Decreto n\u00ba 66.470, de 01 de fevereiro de 2022<\/td>\n<td style=\"width: 326px;\">Disciplina as condi\u00e7\u00f5es para a concess\u00e3o do direito \u00e0 isen\u00e7\u00e3o do Imposto sobre a Propriedade de Ve\u00edculos Automotores &#8211; IPVA \u00e0 pessoa com transtorno do espectro do autismo ou com defici\u00eancia f\u00edsica, sensorial, intelectual ou mental, enquanto n\u00e3o estiver regulamentada a avalia\u00e7\u00e3o biopsicossocial, e d\u00e1 outras provid\u00eancias<\/td>\n<\/tr>\n<\/tbody>\n<\/table>\n<p>&nbsp;<\/p>\n","protected":false},"excerpt":{"rendered":"<p>Categoria Legisla\u00e7\u00e3o Objetivo C1 &#8211; Prote\u00e7\u00e3o Legal Lei n\u00b0 17.798, de 06 de outubro de 2023 Altera a Lei n\u00b0 17.158, de 18 de setembro de 2019, que disp\u00f5e sobre a Pol\u00edtica Estadual de Prote\u00e7\u00e3o dos Direitos da Pessoa com Transtorno do Espectro Autista &#8211; TEA C1 &#8211; Prote\u00e7\u00e3o Legal Decreto n\u00ba 67.634, de 6 [&hellip;]<\/p>\n","protected":false},"author":1375,"featured_media":0,"parent":0,"menu_order":0,"comment_status":"closed","ping_status":"closed","template":"","meta":{"footnotes":""},"class_list":["post-442","page","type-page","status-publish","hentry","post"],"jetpack_sharing_enabled":true,"_links":{"self":[{"href":"https:\/\/wp.ufpel.edu.br\/redeteabrasil\/wp-json\/wp\/v2\/pages\/442","targetHints":{"allow":["GET"]}}],"collection":[{"href":"https:\/\/wp.ufpel.edu.br\/redeteabrasil\/wp-json\/wp\/v2\/pages"}],"about":[{"href":"https:\/\/wp.ufpel.edu.br\/redeteabrasil\/wp-json\/wp\/v2\/types\/page"}],"author":[{"embeddable":true,"href":"https:\/\/wp.ufpel.edu.br\/redeteabrasil\/wp-json\/wp\/v2\/users\/1375"}],"replies":[{"embeddable":true,"href":"https:\/\/wp.ufpel.edu.br\/redeteabrasil\/wp-json\/wp\/v2\/comments?post=442"}],"version-history":[{"count":4,"href":"https:\/\/wp.ufpel.edu.br\/redeteabrasil\/wp-json\/wp\/v2\/pages\/442\/revisions"}],"predecessor-version":[{"id":663,"href":"https:\/\/wp.ufpel.edu.br\/redeteabrasil\/wp-json\/wp\/v2\/pages\/442\/revisions\/663"}],"wp:attachment":[{"href":"https:\/\/wp.ufpel.edu.br\/redeteabrasil\/wp-json\/wp\/v2\/media?parent=442"}],"curies":[{"name":"wp","href":"https:\/\/api.w.org\/{rel}","templated":true}]}}