{"id":405,"date":"2025-01-10T16:32:42","date_gmt":"2025-01-10T19:32:42","guid":{"rendered":"https:\/\/wp.ufpel.edu.br\/redeteabrasil\/?page_id=405"},"modified":"2025-02-13T14:36:07","modified_gmt":"2025-02-13T17:36:07","slug":"leis-de-minas-gerais","status":"publish","type":"page","link":"https:\/\/wp.ufpel.edu.br\/redeteabrasil\/leis-de-minas-gerais\/","title":{"rendered":"Leis de Minas Gerais"},"content":{"rendered":"<table dir=\"ltr\" style=\"height: 1008px;\" border=\"1\" cellspacing=\"0\" cellpadding=\"0\" data-sheets-root=\"1\" data-sheets-baot=\"1\">\n<colgroup>\n<col width=\"108\" \/>\n<col width=\"373\" \/>\n<col width=\"403\" \/><\/colgroup>\n<tbody>\n<tr style=\"height: 24px;\">\n<td style=\"height: 24px; text-align: center; width: 124px;\"><span style=\"font-size: 14pt; color: #135685;\"><strong>Categoria<\/strong><\/span><\/td>\n<td style=\"height: 24px; text-align: center; width: 373px;\"><span style=\"font-size: 14pt; color: #135685;\"><strong>Legisla\u00e7\u00e3o<\/strong><\/span><\/td>\n<td style=\"height: 24px; text-align: center; width: 403px;\"><span style=\"font-size: 14pt; color: #135685;\"><strong>Objetivo<\/strong><\/span><\/td>\n<\/tr>\n<tr>\n<td style=\"width: 124px;\">C1 &#8211; Prote\u00e7\u00e3o Legal<\/td>\n<td style=\"width: 373px;\">Lei n\u00ba 23.676, de 09 de julho de 2020<\/td>\n<td style=\"width: 403px;\">Disp\u00f5e sobre o prazo de validade do laudo m\u00e9dico que ateste Transtorno do Espectro do Autismo \u2013 TEA \u2013, para os fins que especifica.<\/td>\n<\/tr>\n<tr>\n<td style=\"width: 124px;\">C1 &#8211; Prote\u00e7\u00e3o Legal<\/td>\n<td style=\"width: 373px;\">Lei n\u00ba 23.414, de 18 de setembro de 2019<\/td>\n<td style=\"width: 403px;\">Obriga os estabelecimentos p\u00fablicos e privados de atendimento ao p\u00fablico, localizados no Estado, a inserir refer\u00eancia a pessoa com transtorno do espectro do autismo em placa informativa que cont\u00e9m o rol dos benefici\u00e1rios de atendimento priorit\u00e1rio.<\/td>\n<\/tr>\n<tr>\n<td style=\"width: 124px;\">C1 &#8211; Prote\u00e7\u00e3o Legal<\/td>\n<td style=\"width: 373px;\">Lei n\u00ba 24.622, de 27 de dezembro de 2023<\/td>\n<td style=\"width: 403px;\">Disp\u00f5e sobre o prazo de validade do laudo m\u00e9dico-pericial que atesta Transtorno do Espectro do Autismo \u2013 TEA<\/td>\n<\/tr>\n<tr>\n<td style=\"width: 124px;\">C1 &#8211; Prote\u00e7\u00e3o Legal<\/td>\n<td style=\"width: 373px;\">Lei n\u00ba 24.222, de 18 de julho de 2022<\/td>\n<td style=\"width: 403px;\">Disp\u00f5e sobre a pol\u00edtica estadual dos direitos da pessoa com defici\u00eancia e cria o Conselho Estadual de Defesa dos Direitos da Pessoa com Defici\u00eancia.<\/td>\n<\/tr>\n<tr>\n<td style=\"width: 124px;\">C1 &#8211; Prote\u00e7\u00e3o Legal<\/td>\n<td style=\"width: 373px;\">Lei n\u00ba 13.799, de 21 de dezembro de 2000<\/td>\n<td style=\"width: 403px;\">Disp\u00f5e sobre a pol\u00edtica estadual dos direitos da pessoa com defici\u00eancia e cria o conselho estadual de defesa dos direitos da pessoa com defici\u00eancia.<\/td>\n<\/tr>\n<tr>\n<td style=\"width: 124px;\">C2 &#8211; Inclus\u00e3o Social<\/td>\n<td style=\"width: 373px;\">Decreto n\u00ba 48.321, de 16 de dezembro de 2021<\/td>\n<td style=\"width: 403px;\">Disp\u00f5e sobre a Carteira de Identifica\u00e7\u00e3o da Pessoa com Transtorno do Espectro Autista<\/td>\n<\/tr>\n<tr>\n<td style=\"width: 124px;\">C4 &#8211; Sa\u00fade<\/td>\n<td style=\"width: 373px;\">Lei n\u00ba 24.547, de 31 de outubro de 2023<\/td>\n<td style=\"width: 403px;\">Determina que o censo do portador de defici\u00eancia incluir\u00e1 o levantamento de dados relativos \u00e0 popula\u00e7\u00e3o com transtorno do espectro do autismo no Estado.<\/td>\n<\/tr>\n<tr>\n<td style=\"width: 124px;\">C4 &#8211; Sa\u00fade<\/td>\n<td style=\"width: 373px;\">Lei n\u00ba 13.641, de 13 de julho de 2000<\/td>\n<td style=\"width: 403px;\">Estabelece normas b\u00e1sicas para a realiza\u00e7\u00e3o do censo do portador de defici\u00eancia e d\u00e1 outras provid\u00eancias.<\/td>\n<\/tr>\n<tr>\n<td style=\"width: 124px;\">C5 &#8211; Conscientiza\u00e7\u00e3o<\/td>\n<td style=\"width: 373px;\">Lei n\u00ba 22.419, de 19 de dezembro de 2016<\/td>\n<td style=\"width: 403px;\">Institui a Semana Estadual de Conscientiza\u00e7\u00e3o sobre os Transtornos do Espectro do Autismo.<\/td>\n<\/tr>\n<tr>\n<td style=\"width: 124px;\">C5 &#8211; Conscientiza\u00e7\u00e3o<\/td>\n<td style=\"width: 373px;\">Lei n\u00ba 22.278, de 01 de setembro de 2016<\/td>\n<td style=\"width: 403px;\">Declara de utilidade p\u00fablica o Centro Especializado Unidos pelo Autismo C\u00e9u Azul, com sede no Munic\u00edpio de Divin\u00f3polis.<\/td>\n<\/tr>\n<tr>\n<td style=\"width: 124px;\">C6 &#8211; Benef\u00edcios Fiscais<\/td>\n<td style=\"width: 373px;\">Decreto n\u00ba 48.386, de 24 de mar\u00e7o de 2022<\/td>\n<td style=\"width: 403px;\">Regulamento, Imposto sobre a Propriedade de Ve\u00edculos Automotores (IPVA). Art. 1\u00ba: Isen\u00e7\u00e3o, Imposto sobre a Propriedade de Ve\u00edculos Automotores (IPVA), Fixa\u00e7\u00e3o, Valor M\u00e1ximo, Sa\u00edda, Ve\u00edculo Automotor, Benefici\u00e1rio, Pessoa com Defici\u00eancia, Deficiente F\u00edsico, Deficiente Visual, Deficiente Mental, Portador (Doen\u00e7a), S\u00edndrome de Down, Pessoa com Transtorno do Espectro Autista<\/td>\n<\/tr>\n<\/tbody>\n<\/table>\n<p>&nbsp;<\/p>\n","protected":false},"excerpt":{"rendered":"<p>Categoria Legisla\u00e7\u00e3o Objetivo C1 &#8211; Prote\u00e7\u00e3o Legal Lei n\u00ba 23.676, de 09 de julho de 2020 Disp\u00f5e sobre o prazo de validade do laudo m\u00e9dico que ateste Transtorno do Espectro do Autismo \u2013 TEA \u2013, para os fins que especifica. C1 &#8211; Prote\u00e7\u00e3o Legal Lei n\u00ba 23.414, de 18 de setembro de 2019 Obriga os [&hellip;]<\/p>\n","protected":false},"author":1375,"featured_media":0,"parent":0,"menu_order":0,"comment_status":"closed","ping_status":"closed","template":"","meta":{"footnotes":""},"class_list":["post-405","page","type-page","status-publish","hentry","post"],"jetpack_sharing_enabled":true,"_links":{"self":[{"href":"https:\/\/wp.ufpel.edu.br\/redeteabrasil\/wp-json\/wp\/v2\/pages\/405","targetHints":{"allow":["GET"]}}],"collection":[{"href":"https:\/\/wp.ufpel.edu.br\/redeteabrasil\/wp-json\/wp\/v2\/pages"}],"about":[{"href":"https:\/\/wp.ufpel.edu.br\/redeteabrasil\/wp-json\/wp\/v2\/types\/page"}],"author":[{"embeddable":true,"href":"https:\/\/wp.ufpel.edu.br\/redeteabrasil\/wp-json\/wp\/v2\/users\/1375"}],"replies":[{"embeddable":true,"href":"https:\/\/wp.ufpel.edu.br\/redeteabrasil\/wp-json\/wp\/v2\/comments?post=405"}],"version-history":[{"count":3,"href":"https:\/\/wp.ufpel.edu.br\/redeteabrasil\/wp-json\/wp\/v2\/pages\/405\/revisions"}],"predecessor-version":[{"id":651,"href":"https:\/\/wp.ufpel.edu.br\/redeteabrasil\/wp-json\/wp\/v2\/pages\/405\/revisions\/651"}],"wp:attachment":[{"href":"https:\/\/wp.ufpel.edu.br\/redeteabrasil\/wp-json\/wp\/v2\/media?parent=405"}],"curies":[{"name":"wp","href":"https:\/\/api.w.org\/{rel}","templated":true}]}}