{"id":368,"date":"2025-01-10T14:45:25","date_gmt":"2025-01-10T17:45:25","guid":{"rendered":"https:\/\/wp.ufpel.edu.br\/redeteabrasil\/?page_id=368"},"modified":"2025-02-13T14:36:08","modified_gmt":"2025-02-13T17:36:08","slug":"leis-do-amapa","status":"publish","type":"page","link":"https:\/\/wp.ufpel.edu.br\/redeteabrasil\/leis-do-amapa\/","title":{"rendered":"Leis do Amap\u00e1"},"content":{"rendered":"<table dir=\"ltr\" style=\"height: 672px;\" border=\"1\" cellspacing=\"0\" cellpadding=\"0\" data-sheets-root=\"1\" data-sheets-baot=\"1\">\n<colgroup>\n<col width=\"108\" \/>\n<col width=\"373\" \/>\n<col width=\"403\" \/><\/colgroup>\n<tbody>\n<tr style=\"height: 24px;\">\n<td style=\"height: 24px; text-align: center; width: 124px;\"><span style=\"color: #135685; font-size: 14pt;\"><strong>Categoria<\/strong><\/span><\/td>\n<td style=\"height: 24px; text-align: center; width: 373px;\"><span style=\"color: #135685; font-size: 14pt;\"><strong>Legisla\u00e7\u00e3o<\/strong><\/span><\/td>\n<td style=\"height: 24px; text-align: center; width: 403px;\"><span style=\"color: #135685; font-size: 14pt;\"><strong>Objetivo<\/strong><\/span><\/td>\n<\/tr>\n<tr>\n<td style=\"width: 124px;\">C1 &#8211; Prote\u00e7\u00e3o Legal<\/td>\n<td style=\"width: 373px;\">Lei n\u00ba 2.490, de 10 de janeiro de 2020<\/td>\n<td style=\"width: 403px;\">Veda qualquer discrimina\u00e7\u00e3o \u00e0 crian\u00e7a e ao adolescente com autismo, defici\u00eancia f\u00edsica e intelectual ou doen\u00e7a cr\u00f4nica nos estabelecimentos de ensino, creches ou similares, em institui\u00e7\u00f5es p\u00fablicas e privadas.<\/td>\n<\/tr>\n<tr>\n<td style=\"width: 124px;\">C1 &#8211; Prote\u00e7\u00e3o Legal<\/td>\n<td style=\"width: 373px;\">Lei n\u00ba 1.967, de 22 de dezembro de 2015<\/td>\n<td style=\"width: 403px;\">Acrescenta os \u00a7\u00a7 2\u00ba, 3\u00ba 4\u00ba e 5\u00ba ao artigo 116, da Lei n\u00ba 0066, de 03 de maio de 1993.<br \/>\nFala sobre redu\u00e7\u00e3o da carga hor\u00e1ria de cuidadores de pessoas com TEA<\/td>\n<\/tr>\n<tr>\n<td style=\"width: 124px;\">C2 &#8211; Inclus\u00e3o Social<\/td>\n<td style=\"width: 373px;\">Lei n\u00ba 2.471, de 30 de dezembro de 2019<\/td>\n<td style=\"width: 403px;\">Institui a Carteira de Identifica\u00e7\u00e3o da Pessoa com Autismo, a ser expedida para pessoa com Transtorno do Espectro do Autismo &#8211; TEA, v\u00e1lida no \u00e2mbito do Estado do Amap\u00e1 e d\u00e1 outras provid\u00eancias.<\/td>\n<\/tr>\n<tr>\n<td style=\"width: 124px;\">C2 &#8211; Inclus\u00e3o Social<\/td>\n<td style=\"width: 373px;\">Lei n\u00ba 2.109, de 18 de novembro de 2016<\/td>\n<td style=\"width: 403px;\">Disp\u00f5e sobre a institui\u00e7\u00e3o de meia-entrada para pessoas com Transtorno do Espectro do Autismo (TEA) \u00e0s sess\u00f5es de cinema, teatro, espet\u00e1culos esportivos, shows e outros eventos culturais exibidos nas salas e casas de espet\u00e1culos instaladas no Estado do Amap\u00e1, e d\u00e1 outras provid\u00eancias.<\/td>\n<\/tr>\n<tr>\n<td style=\"width: 124px;\">C5 &#8211; Conscientiza\u00e7\u00e3o<\/td>\n<td style=\"width: 373px;\">Lei n\u00ba 2.422, de 12 de julho de 2019<\/td>\n<td style=\"width: 403px;\">Inclui no Calend\u00e1rio Oficial de Eventos do Estado do Amap\u00e1, o Projeto &#8220;Ligados no Mundo Azul&#8221;, realizado em Macap\u00e1 por ocasi\u00e3o da passagem do Dia Mundial de Conscientiza\u00e7\u00e3o do Autismo.<\/td>\n<\/tr>\n<tr>\n<td style=\"width: 124px;\">C5 &#8211; Conscientiza\u00e7\u00e3o<\/td>\n<td style=\"width: 373px;\">Lei n\u00ba 2.170, de 03 de maio de 2017<\/td>\n<td style=\"width: 403px;\">Obriga os estabelecimentos p\u00fablicos e privados do Estado do Amap\u00e1 a inserir placas educativas sobre autismo e o s\u00edmbolo mundial do autismo nas placas de atendimento priorit\u00e1rio, e d\u00e1 outras provid\u00eancias.<\/td>\n<\/tr>\n<\/tbody>\n<\/table>\n<p>&nbsp;<\/p>\n","protected":false},"excerpt":{"rendered":"<p>Categoria Legisla\u00e7\u00e3o Objetivo C1 &#8211; Prote\u00e7\u00e3o Legal Lei n\u00ba 2.490, de 10 de janeiro de 2020 Veda qualquer discrimina\u00e7\u00e3o \u00e0 crian\u00e7a e ao adolescente com autismo, defici\u00eancia f\u00edsica e intelectual ou doen\u00e7a cr\u00f4nica nos estabelecimentos de ensino, creches ou similares, em institui\u00e7\u00f5es p\u00fablicas e privadas. C1 &#8211; Prote\u00e7\u00e3o Legal Lei n\u00ba 1.967, de 22 de [&hellip;]<\/p>\n","protected":false},"author":1375,"featured_media":0,"parent":0,"menu_order":0,"comment_status":"closed","ping_status":"closed","template":"","meta":{"footnotes":""},"class_list":["post-368","page","type-page","status-publish","hentry","post"],"jetpack_sharing_enabled":true,"_links":{"self":[{"href":"https:\/\/wp.ufpel.edu.br\/redeteabrasil\/wp-json\/wp\/v2\/pages\/368","targetHints":{"allow":["GET"]}}],"collection":[{"href":"https:\/\/wp.ufpel.edu.br\/redeteabrasil\/wp-json\/wp\/v2\/pages"}],"about":[{"href":"https:\/\/wp.ufpel.edu.br\/redeteabrasil\/wp-json\/wp\/v2\/types\/page"}],"author":[{"embeddable":true,"href":"https:\/\/wp.ufpel.edu.br\/redeteabrasil\/wp-json\/wp\/v2\/users\/1375"}],"replies":[{"embeddable":true,"href":"https:\/\/wp.ufpel.edu.br\/redeteabrasil\/wp-json\/wp\/v2\/comments?post=368"}],"version-history":[{"count":5,"href":"https:\/\/wp.ufpel.edu.br\/redeteabrasil\/wp-json\/wp\/v2\/pages\/368\/revisions"}],"predecessor-version":[{"id":636,"href":"https:\/\/wp.ufpel.edu.br\/redeteabrasil\/wp-json\/wp\/v2\/pages\/368\/revisions\/636"}],"wp:attachment":[{"href":"https:\/\/wp.ufpel.edu.br\/redeteabrasil\/wp-json\/wp\/v2\/media?parent=368"}],"curies":[{"name":"wp","href":"https:\/\/api.w.org\/{rel}","templated":true}]}}