{"id":314,"date":"2024-12-05T14:49:10","date_gmt":"2024-12-05T17:49:10","guid":{"rendered":"https:\/\/wp.ufpel.edu.br\/redeteabrasil\/?page_id=314"},"modified":"2025-08-01T12:44:41","modified_gmt":"2025-08-01T15:44:41","slug":"mapa-rede-tea-brasil","status":"publish","type":"page","link":"https:\/\/wp.ufpel.edu.br\/redeteabrasil\/mapa-rede-tea-brasil\/","title":{"rendered":"Mapa Interativo Rede TEA Brasil"},"content":{"rendered":"<p style=\"text-align: center;\"><span style=\"color: #135685;\"><strong><span style=\"font-size: 24pt;\">Mapa interativo de leis sobre TEA no Brasil<\/span><\/strong><\/span><\/p>\n<p style=\"padding-left: 40px;\"><span style=\"font-weight: 400;\">Esse mapa foi elaborado com a finalidade de facilitar o acesso \u00e0s principais normativas existentes para o Transtorno do Espectro Autista (TEA) no Brasil.<\/span><\/p>\n<p style=\"padding-left: 40px;\"><span style=\"font-weight: 400;\">Foram criadas seis categorias de normativas, que abrangem os diferentes aspectos relacionados aos direitos e garantias das pessoas com TEA:<\/span><\/p>\n<ul>\n<li style=\"list-style-type: none;\">\n<ul>\n<li style=\"font-weight: 400;\" aria-level=\"1\"><a href=\"https:\/\/wp.ufpel.edu.br\/redeteabrasil\/protecao-legal\/\"><span style=\"color: #135685;\"><b>Prote\u00e7\u00e3o Legal<\/b><\/span><\/a><span style=\"font-weight: 400;\"><span style=\"color: #135685;\">:<\/span> inclui legisla\u00e7\u00f5es que asseguram os direitos das pessoas com TEA, promovendo sua prote\u00e7\u00e3o jur\u00eddica.<\/span><\/li>\n<li style=\"font-weight: 400;\" aria-level=\"1\"><a href=\"https:\/\/wp.ufpel.edu.br\/redeteabrasil\/inclusao-social\/\"><span style=\"color: #135685;\"><b>Inclus\u00e3o Social<\/b><\/span><\/a><span style=\"font-weight: 400;\"><span style=\"color: #135685;\">:<\/span> re\u00fane leis que incentivam a inclus\u00e3o e acessibilidade das pessoas com TEA em diferentes espa\u00e7os e contextos.<\/span><\/li>\n<li style=\"font-weight: 400;\" aria-level=\"1\"><a href=\"https:\/\/wp.ufpel.edu.br\/redeteabrasil\/educacao\/\"><span style=\"color: #135685;\"><b>Educa\u00e7\u00e3o<\/b><\/span><\/a><span style=\"font-weight: 400;\"><span style=\"color: #135685;\">:<\/span> abrange normas sobre educa\u00e7\u00e3o especial e capacita\u00e7\u00e3o de profissionais da educa\u00e7\u00e3o e da sa\u00fade, promovendo um ensino mais inclusivo e qualificado.<\/span><\/li>\n<li style=\"font-weight: 400;\" aria-level=\"1\"><a href=\"https:\/\/wp.ufpel.edu.br\/redeteabrasil\/saude\/\"><span style=\"color: #135685;\"><b>Sa\u00fade<\/b><\/span><\/a><span style=\"font-weight: 400;\"><span style=\"color: #135685;\">:<\/span> contempla legisla\u00e7\u00f5es voltadas ao diagn\u00f3stico precoce, atendimento cl\u00ednico e a amplia\u00e7\u00e3o dos servi\u00e7os de sa\u00fade para pessoas com TEA.<\/span><\/li>\n<li style=\"font-weight: 400;\" aria-level=\"1\"><a href=\"https:\/\/wp.ufpel.edu.br\/redeteabrasil\/conscientizacao\/\"><span style=\"color: #135685;\"><b>Conscientiza\u00e7\u00e3o<\/b><\/span><\/a><span style=\"font-weight: 400;\"><span style=\"color: #135685;\">:<\/span> re\u00fane leis que t\u00eam como foco promover a conscientiza\u00e7\u00e3o da sociedade sobre o TEA e suas particularidades.<\/span><\/li>\n<li style=\"font-weight: 400;\" aria-level=\"1\"><a href=\"https:\/\/wp.ufpel.edu.br\/redeteabrasil\/beneficios-fiscais\/\"><span style=\"color: #135685;\"><b>Benef\u00edcios Fiscais<\/b><\/span><\/a><span style=\"font-weight: 400;\"><span style=\"color: #135685;\">:<\/span> inclui normativas que concedem benef\u00edcios fiscais \u00e0s pessoas com TEA e suas fam\u00edlias.<\/span><\/li>\n<\/ul>\n<\/li>\n<\/ul>\n<p style=\"padding-left: 40px;\"><span style=\"font-weight: 400;\">Navegue por cada estado e descubra as legisla\u00e7\u00f5es de cada uma dessas categorias. O objetivo do <\/span><b>Projeto Rede TEA<\/b><span style=\"font-weight: 400;\">\u00a0\u00e9 conectar fam\u00edlias, profissionais e gestores por meio de informa\u00e7\u00f5es claras e objetivas, promovendo maior acesso aos direitos dispon\u00edveis em cada regi\u00e3o.<\/span><\/p>\n<p style=\"text-align: left; padding-left: 40px;\"><a href=\"https:\/\/wp.ufpel.edu.br\/redeteabrasil\/leis-federais\/\"><span style=\"font-family: var(--fonte-corpo); color: #135685; font-size: 18.6667px;\">N\u00famero de legisla\u00e7\u00f5es federais: <strong>16<\/strong><\/span><\/a><strong style=\"font-family: var(--fonte-corpo); color: #135685; font-size: 18.6667px;\">\u00a0 \u00a0\u00a0<\/strong><a href=\"https:\/\/wp.ufpel.edu.br\/redeteabrasil\/leis\/\"><span style=\"font-family: var(--fonte-corpo); color: #135685; font-size: 18.6667px;\">N\u00famero de legisla\u00e7\u00f5es estaduais:<\/span><strong style=\"font-family: var(--fonte-corpo); color: #135685; font-size: 18.6667px;\"><span style=\"font-family: var(--fonte-corpo); color: #135685; font-size: 18.6667px;\"> 232<\/span><\/strong><\/a><\/p>\n<p style=\"text-align: center;\">(\u00daltima atualiza\u00e7\u00e3o realizada em abril de 2024)<\/p>\n<p style=\"text-align: center;\"><strong><span style=\"color: #135685; font-size: 14pt;\">Confira as leis de cada categoria:<\/span><\/strong><\/p>\n<p style=\"text-align: center;\"><span style=\"font-size: 14pt; color: #135685;\"><a style=\"text-align: justify; font-family: var(--fonte-corpo); font-size: 16px;\" href=\"https:\/\/wp.ufpel.edu.br\/redeteabrasil\/protecao-legal\/\"><img loading=\"lazy\" decoding=\"async\" class=\"alignnone wp-image-331\" src=\"https:\/\/wp.ufpel.edu.br\/redeteabrasil\/files\/2024\/12\/PL.png\" alt=\"\" width=\"100\" height=\"137\" srcset=\"https:\/\/wp.ufpel.edu.br\/redeteabrasil\/files\/2024\/12\/PL.png 387w, https:\/\/wp.ufpel.edu.br\/redeteabrasil\/files\/2024\/12\/PL-292x400.png 292w\" sizes=\"auto, (max-width: 100px) 100vw, 100px\" \/><\/a><a style=\"font-family: var(--fonte-corpo);\" href=\"https:\/\/wp.ufpel.edu.br\/redeteabrasil\/inclusao-social\/\"><img loading=\"lazy\" decoding=\"async\" class=\"alignnone wp-image-330\" src=\"https:\/\/wp.ufpel.edu.br\/redeteabrasil\/files\/2024\/12\/IS.png\" alt=\"\" width=\"100\" height=\"135\" srcset=\"https:\/\/wp.ufpel.edu.br\/redeteabrasil\/files\/2024\/12\/IS.png 387w, https:\/\/wp.ufpel.edu.br\/redeteabrasil\/files\/2024\/12\/IS-295x400.png 295w\" sizes=\"auto, (max-width: 100px) 100vw, 100px\" \/><\/a><a style=\"font-family: var(--fonte-corpo);\" href=\"https:\/\/wp.ufpel.edu.br\/redeteabrasil\/educacao\/\"><img loading=\"lazy\" decoding=\"async\" class=\"alignnone wp-image-528 \" src=\"https:\/\/wp.ufpel.edu.br\/redeteabrasil\/files\/2025\/01\/Ativo-20@4x.png\" alt=\"\" width=\"100\" height=\"136\" srcset=\"https:\/\/wp.ufpel.edu.br\/redeteabrasil\/files\/2025\/01\/Ativo-20@4x.png 387w, https:\/\/wp.ufpel.edu.br\/redeteabrasil\/files\/2025\/01\/Ativo-20@4x-295x400.png 295w\" sizes=\"auto, (max-width: 100px) 100vw, 100px\" \/><\/a><a style=\"font-family: var(--fonte-corpo);\" href=\"https:\/\/wp.ufpel.edu.br\/redeteabrasil\/saude\/\"><img loading=\"lazy\" decoding=\"async\" class=\"alignnone wp-image-529 \" src=\"https:\/\/wp.ufpel.edu.br\/redeteabrasil\/files\/2025\/01\/Ativo-21@4x.png\" alt=\"\" width=\"100\" height=\"136\" srcset=\"https:\/\/wp.ufpel.edu.br\/redeteabrasil\/files\/2025\/01\/Ativo-21@4x.png 387w, https:\/\/wp.ufpel.edu.br\/redeteabrasil\/files\/2025\/01\/Ativo-21@4x-295x400.png 295w\" sizes=\"auto, (max-width: 100px) 100vw, 100px\" \/><\/a><a style=\"font-family: var(--fonte-corpo);\" href=\"https:\/\/wp.ufpel.edu.br\/redeteabrasil\/conscientizacao\/\"><img loading=\"lazy\" decoding=\"async\" class=\"alignnone wp-image-530 \" src=\"https:\/\/wp.ufpel.edu.br\/redeteabrasil\/files\/2025\/01\/Ativo-22@4x.png\" alt=\"\" width=\"100\" height=\"135\" srcset=\"https:\/\/wp.ufpel.edu.br\/redeteabrasil\/files\/2025\/01\/Ativo-22@4x.png 387w, https:\/\/wp.ufpel.edu.br\/redeteabrasil\/files\/2025\/01\/Ativo-22@4x-296x400.png 296w\" sizes=\"auto, (max-width: 100px) 100vw, 100px\" \/><\/a><a href=\"https:\/\/wp.ufpel.edu.br\/redeteabrasil\/beneficios-fiscais\/\"><img loading=\"lazy\" decoding=\"async\" class=\"alignnone wp-image-587\" src=\"https:\/\/wp.ufpel.edu.br\/redeteabrasil\/files\/2025\/02\/BF.png\" alt=\"\" width=\"98\" height=\"136\" srcset=\"https:\/\/wp.ufpel.edu.br\/redeteabrasil\/files\/2025\/02\/BF.png 387w, https:\/\/wp.ufpel.edu.br\/redeteabrasil\/files\/2025\/02\/BF-289x400.png 289w\" sizes=\"auto, (max-width: 98px) 100vw, 98px\" \/><\/a><\/span><\/p>\n<p style=\"padding-left: 40px; text-align: center;\"><strong>Explore o mapa abaixo<\/strong>\u00a0e conhe\u00e7a mais sobre as normativas que fazem a diferen\u00e7a!<\/p>\n<p style=\"text-align: center;\"><span class=\"html5-map-bold\"> <!-- start Fla-shop.com HTML5 Map --> <div class='freeHtmlMapright htmlMapResponsive' style='max-width:780px; width: 100%'> <div id='map-container-0' class='freeHtmlMapContainer' data-map-variable='map0'><\/div> <link href='https:\/\/wp.ufpel.edu.br\/redeteabrasil\/wp-content\/plugins\/html5-maps\/static\/css\/map.css' rel='stylesheet'> <style> body .fm-tooltip { color: #000000; font-size: 20px; } <\/style> <script src='\/\/cdn.html5maps.com\/3d_party\/raphael.min.js'><\/script> <script src='https:\/\/wp.ufpel.edu.br\/redeteabrasil\/index.php?freemap_js_data=true&map_id=0&r=56439'><\/script> <script src='\/\/cdn.html5maps.com\/libs\/locator\/2.4.0\/brazil\/map.js'><\/script> <script> var map0 = new FlaMap(map_cfg); map0.drawOnDomReady('map-container-0'); map0.on('click', function(ev, sid, map) { jQuery('#freeHtmlMapStateInfo0').html(''); var link = map.mapConfig.map_data[sid]['link']; if (link == '#info') { var id = map.mapConfig.map_data[sid]['id']; jQuery('#freeHtmlMapStateInfo0').html('Loading...'); jQuery.ajax({ type: 'POST', url: 'https:\/\/wp.ufpel.edu.br\/redeteabrasil\/index.php?freemap_get_state_info='+id+'&map_id=0', success: function(data, textStatus, jqXHR){ jQuery('#freeHtmlMapStateInfo0').html(data); }, dataType: 'text' }); } }); <\/script> <div id='freeHtmlMapStateInfo0' class='freeHtmlMapStateInfo'><\/div> <\/div> <div style='clear: both'><\/div> <!-- end HTML5 Map --> <\/span><img loading=\"lazy\" decoding=\"async\" class=\"wp-image-316 aligncenter\" src=\"https:\/\/wp.ufpel.edu.br\/redeteabrasil\/files\/2024\/12\/LEGENDA.png\" alt=\"\" width=\"221\" height=\"181\" srcset=\"https:\/\/wp.ufpel.edu.br\/redeteabrasil\/files\/2024\/12\/LEGENDA.png 556w, https:\/\/wp.ufpel.edu.br\/redeteabrasil\/files\/2024\/12\/LEGENDA-400x328.png 400w\" sizes=\"auto, (max-width: 221px) 100vw, 221px\" \/><\/p>\n<p>&nbsp;<\/p>\n<p style=\"text-align: center;\">Acompanhe o mapeamento por meio de um panorama geral:<\/p>\n<p><a href=\"https:\/\/wp.ufpel.edu.br\/redeteabrasil\/leis\/\"><img loading=\"lazy\" decoding=\"async\" class=\"alignnone wp-image-888 size-full\" src=\"https:\/\/wp.ufpel.edu.br\/redeteabrasil\/files\/2025\/08\/categorias-mapa_Mesa-de-trabajo-1-copia-scaled.png\" alt=\"\" width=\"2560\" height=\"1922\" srcset=\"https:\/\/wp.ufpel.edu.br\/redeteabrasil\/files\/2025\/08\/categorias-mapa_Mesa-de-trabajo-1-copia-scaled.png 2560w, https:\/\/wp.ufpel.edu.br\/redeteabrasil\/files\/2025\/08\/categorias-mapa_Mesa-de-trabajo-1-copia-400x300.png 400w, https:\/\/wp.ufpel.edu.br\/redeteabrasil\/files\/2025\/08\/categorias-mapa_Mesa-de-trabajo-1-copia-1024x769.png 1024w, https:\/\/wp.ufpel.edu.br\/redeteabrasil\/files\/2025\/08\/categorias-mapa_Mesa-de-trabajo-1-copia-768x577.png 768w, https:\/\/wp.ufpel.edu.br\/redeteabrasil\/files\/2025\/08\/categorias-mapa_Mesa-de-trabajo-1-copia-1536x1153.png 1536w, https:\/\/wp.ufpel.edu.br\/redeteabrasil\/files\/2025\/08\/categorias-mapa_Mesa-de-trabajo-1-copia-2048x1538.png 2048w\" sizes=\"auto, (max-width: 2560px) 100vw, 2560px\" \/><\/a><\/p>\n<p>Acesse a planilha completa com todas as leis e categorias citadas:<br \/>\n<span style=\"color: #135685;\"><strong><a style=\"color: #135685;\" href=\"https:\/\/docs.google.com\/spreadsheets\/d\/1F5f6TfmRTPCf8pRdyRIL68UVOkKzhHdgNZq6YaRqM4c\/edit?gid=570365101#gid=570365101\" target=\"_blank\" rel=\"noopener\">Planilha de legisla\u00e7\u00f5es com categorias<\/a><\/strong><\/span><\/p>\n<p>Como citar: <span style=\"font-family: arial, helvetica, sans-serif; font-size: 10pt;\">Figura 1. Disposi\u00e7\u00e3o de categorias de leis relacionadas ao TEA por estado brasileiro. Fonte: Site Rede TEA Brasil, 2025.<\/span><\/p>\n<p style=\"text-align: left;\"><span style=\"font-family: arial, helvetica, sans-serif;\">Como referenciar: Mapa interativo de leis sobre TEA no Brasil.<strong> Rede TEA Brasil<\/strong>. Pelotas, 13 fev. 2025. Dispon\u00edvel em: https:\/\/wp.ufpel.edu.br\/redeteabrasil\/mapa-rede-tea-brasil\/. Acesso em:<\/span><\/p>\n","protected":false},"excerpt":{"rendered":"<p>Mapa interativo de leis sobre TEA no Brasil Esse mapa foi elaborado com a finalidade de facilitar o acesso \u00e0s principais normativas existentes para o Transtorno do Espectro Autista (TEA) no Brasil. Foram criadas seis categorias de normativas, que abrangem os diferentes aspectos relacionados aos direitos e garantias das pessoas com TEA: Prote\u00e7\u00e3o Legal: inclui [&hellip;]<\/p>\n","protected":false},"author":1375,"featured_media":595,"parent":0,"menu_order":0,"comment_status":"closed","ping_status":"closed","template":"","meta":{"footnotes":""},"class_list":["post-314","page","type-page","status-publish","has-post-thumbnail","hentry","post","post-with-thumbnail","post-with-thumbnail-large"],"jetpack_sharing_enabled":true,"_links":{"self":[{"href":"https:\/\/wp.ufpel.edu.br\/redeteabrasil\/wp-json\/wp\/v2\/pages\/314","targetHints":{"allow":["GET"]}}],"collection":[{"href":"https:\/\/wp.ufpel.edu.br\/redeteabrasil\/wp-json\/wp\/v2\/pages"}],"about":[{"href":"https:\/\/wp.ufpel.edu.br\/redeteabrasil\/wp-json\/wp\/v2\/types\/page"}],"author":[{"embeddable":true,"href":"https:\/\/wp.ufpel.edu.br\/redeteabrasil\/wp-json\/wp\/v2\/users\/1375"}],"replies":[{"embeddable":true,"href":"https:\/\/wp.ufpel.edu.br\/redeteabrasil\/wp-json\/wp\/v2\/comments?post=314"}],"version-history":[{"count":36,"href":"https:\/\/wp.ufpel.edu.br\/redeteabrasil\/wp-json\/wp\/v2\/pages\/314\/revisions"}],"predecessor-version":[{"id":889,"href":"https:\/\/wp.ufpel.edu.br\/redeteabrasil\/wp-json\/wp\/v2\/pages\/314\/revisions\/889"}],"wp:featuredmedia":[{"embeddable":true,"href":"https:\/\/wp.ufpel.edu.br\/redeteabrasil\/wp-json\/wp\/v2\/media\/595"}],"wp:attachment":[{"href":"https:\/\/wp.ufpel.edu.br\/redeteabrasil\/wp-json\/wp\/v2\/media?parent=314"}],"curies":[{"name":"wp","href":"https:\/\/api.w.org\/{rel}","templated":true}]}}