{"id":107,"date":"2024-09-03T20:46:48","date_gmt":"2024-09-03T23:46:48","guid":{"rendered":"https:\/\/wp.ufpel.edu.br\/redeteabrasil\/?page_id=107"},"modified":"2024-09-28T21:23:23","modified_gmt":"2024-09-29T00:23:23","slug":"links","status":"publish","type":"page","link":"https:\/\/wp.ufpel.edu.br\/redeteabrasil\/links\/","title":{"rendered":"Links"},"content":{"rendered":"<ul>\n<li>Universidade Federal de Pelotas &#8211; UFPel: <a title=\"Site da UFPel\" href=\"http:\/\/www.ufpel.edu.br\/\" target=\"_blank\" rel=\"noopener noreferrer\">http:\/\/www.ufpel.edu.br<\/a><\/li>\n<li>Faculdade de Nutri\u00e7\u00e3o &#8211; FN \/ UFPel: <a title=\"Site da Faculdade de Nutri\u00e7\u00e3o \/ UFPel\" href=\"https:\/\/wp.ufpel.edu.br\/nutricao\/\" target=\"_blank\" rel=\"noopener\">https:\/\/wp.ufpel.edu.br\/nutricao\/<\/a><\/li>\n<li>Programa de P\u00f3s-Gradua\u00e7\u00e3o em Nutri\u00e7\u00e3o e Alimentos &#8211; PPGNA \/ FN &#8211; UFPel: <a title=\"Site do PPGNA \/ UFPel\" href=\"https:\/\/wp.ufpel.edu.br\/ppgna\/\" target=\"_blank\" rel=\"noopener\">https:\/\/wp.ufpel.edu.br\/ppgna\/<\/a><\/li>\n<li>Estudo Protocolo de Atendimento Nutricional ao Autista &#8211; PANA \/ UFPel: <a title=\"Site do Estudo PANA\" href=\"https:\/\/www.instagram.com\/estudopana\/\" target=\"_blank\" rel=\"noopener\">https:\/\/www.instagram.com\/estudopana\/<\/a><\/li>\n<\/ul>\n<p>_________________________<\/p>\n<ul>\n<li>Conselho Nacional de Desenvolvimento Cient\u00edfico e Tecnol\u00f3gico &#8211; CNPq: <a title=\"Site do CNPq\" href=\"https:\/\/www.gov.br\/cnpq\/pt-br\" target=\"_blank\" rel=\"noopener\">https:\/\/www.gov.br\/cnpq\/pt-br<\/a><\/li>\n<li>Minist\u00e9rio da Sa\u00fade &#8211; MS \/ Governo Federal: <a title=\"Site do Minist\u00e9rio de Sa\u00fade\" href=\"https:\/\/www.gov.br\/saude\/pt-br\" target=\"_blank\" rel=\"noopener\">https:\/\/www.gov.br\/saude\/pt-br<\/a><\/li>\n<li>Secretaria de Ci\u00eancia, Tecnologia e Inova\u00e7\u00e3o e do Complexo Econ\u00f4mico-Industrial da Sa\u00fade &#8211; SECTICS \/ MS: <a title=\"Site da SECTICS\" href=\"https:\/\/www.gov.br\/saude\/pt-br\/composicao\/sectics\" target=\"_blank\" rel=\"noopener\">https:\/\/www.gov.br\/saude\/pt-br\/composicao\/sectics<\/a><\/li>\n<li>Departamento de Ci\u00eancia e Tecnologia &#8211; DECIT \/ SECTICS &#8211; MS: <a title=\"Site do DECIT\" href=\"https:\/\/www.gov.br\/saude\/pt-br\/composicao\/sectics\/decit\" target=\"_blank\" rel=\"noopener\">https:\/\/www.gov.br\/saude\/pt-br\/composicao\/sectics\/decit<\/a><\/li>\n<li>Sistema \u00danico de Sa\u00fade &#8211; SUS \/ MS: <a title=\"Site do SUS\" href=\"https:\/\/www.gov.br\/saude\/pt-br\/sus\" target=\"_blank\" rel=\"noopener\">https:\/\/www.gov.br\/saude\/pt-br\/sus<\/a><\/li>\n<\/ul>\n","protected":false},"excerpt":{"rendered":"<p>Universidade Federal de Pelotas &#8211; UFPel: http:\/\/www.ufpel.edu.br Faculdade de Nutri\u00e7\u00e3o &#8211; FN \/ UFPel: https:\/\/wp.ufpel.edu.br\/nutricao\/ Programa de P\u00f3s-Gradua\u00e7\u00e3o em Nutri\u00e7\u00e3o e Alimentos &#8211; PPGNA \/ FN &#8211; UFPel: https:\/\/wp.ufpel.edu.br\/ppgna\/ Estudo Protocolo de Atendimento Nutricional ao Autista &#8211; PANA \/ UFPel: https:\/\/www.instagram.com\/estudopana\/ _________________________ Conselho Nacional de Desenvolvimento Cient\u00edfico e Tecnol\u00f3gico &#8211; CNPq: https:\/\/www.gov.br\/cnpq\/pt-br Minist\u00e9rio da Sa\u00fade [&hellip;]<\/p>\n","protected":false},"author":1375,"featured_media":0,"parent":0,"menu_order":0,"comment_status":"closed","ping_status":"closed","template":"","meta":{"footnotes":""},"class_list":["post-107","page","type-page","status-publish","hentry","post"],"jetpack_sharing_enabled":true,"_links":{"self":[{"href":"https:\/\/wp.ufpel.edu.br\/redeteabrasil\/wp-json\/wp\/v2\/pages\/107","targetHints":{"allow":["GET"]}}],"collection":[{"href":"https:\/\/wp.ufpel.edu.br\/redeteabrasil\/wp-json\/wp\/v2\/pages"}],"about":[{"href":"https:\/\/wp.ufpel.edu.br\/redeteabrasil\/wp-json\/wp\/v2\/types\/page"}],"author":[{"embeddable":true,"href":"https:\/\/wp.ufpel.edu.br\/redeteabrasil\/wp-json\/wp\/v2\/users\/1375"}],"replies":[{"embeddable":true,"href":"https:\/\/wp.ufpel.edu.br\/redeteabrasil\/wp-json\/wp\/v2\/comments?post=107"}],"version-history":[{"count":10,"href":"https:\/\/wp.ufpel.edu.br\/redeteabrasil\/wp-json\/wp\/v2\/pages\/107\/revisions"}],"predecessor-version":[{"id":268,"href":"https:\/\/wp.ufpel.edu.br\/redeteabrasil\/wp-json\/wp\/v2\/pages\/107\/revisions\/268"}],"wp:attachment":[{"href":"https:\/\/wp.ufpel.edu.br\/redeteabrasil\/wp-json\/wp\/v2\/media?parent=107"}],"curies":[{"name":"wp","href":"https:\/\/api.w.org\/{rel}","templated":true}]}}