{"id":28,"date":"2013-06-03T14:36:58","date_gmt":"2013-06-03T17:36:58","guid":{"rendered":"https:\/\/wp.ufpel.edu.br\/redesecagem\/?page_id=28"},"modified":"2013-06-20T14:42:52","modified_gmt":"2013-06-20T17:42:52","slug":"inicio","status":"publish","type":"page","link":"https:\/\/wp.ufpel.edu.br\/redesecagem\/","title":{"rendered":"INICIO"},"content":{"rendered":"<p>A Rede Sul Americana de Pesquisadores de Secagem da Madeira foi proposta durante a realiza\u00e7\u00e3o do 12\u00ba Conferencia Internacional sobre Secagem da Madeira da IUFRO em Bel\u00e9m, Par\u00e1, Brasil. <\/p>\n<p>O  principal objetivo da rede \u00e9 contribuir para o desenvolvimento de a\u00e7\u00f5es de coopera\u00e7\u00e3o t\u00e9cnica cient\u00edfica entre pesquisadores que atuam na \u00e1rea de secagem da madeira na Am\u00e9rica do Sul.<\/p>\n<p>Tendo como objetivos espec\u00edficos:<\/p>\n<p>a) Integrar pesquisadores da Am\u00e9rica do Sul;<br \/>\nb) Criar e manter atualizado banco de contatos;<br \/>\nc) Contribuir para o desenvolvimento de a\u00e7\u00f5es interinstitucionais;<br \/>\nd) Elaborar e padronizar normas sobre secagem da madeira;<br \/>\ne) Estabelecer agenda de reuni\u00f5es t\u00e9cnicas.<\/p>\n<p>Para participar da Rede basta preencher o formul\u00e1rio online dispon\u00edvel no link CADASTRO. Para acessar os pesquisadores cadastrados verifique o link PESQUISADORES, onde est\u00e1 disponibilizado a Institui\u00e7\u00e3o, \u00e1rea de atua\u00e7\u00e3o e contato eletr\u00f4nico do pesquisador.<\/p>\n<p>SEJA BEM VINDO!!!! E FA\u00c7A PARTE DESSA REDE PELA SECAGEM DA MADEIRA!!!<\/p>\n<p><strong>La Red Sudamericana  de Investigadores en Secado de Madera fue propuesta durante la 12\u00aa Conferencia Internacional de Secado de Madera de IUFRO, realizada en Bel\u00e9m do Par\u00e1, Brasil.<\/p>\n<p>El objetivo principal de la red es contribuir al desarrollo de acciones de cooperaci\u00f3n t\u00e9cnica y cient\u00edfica entre investigadores que trabajan en el \u00e1rea de secado da madera en Am\u00e9rica del Sur.<\/p>\n<p>Tiene como objetivos espec\u00edficos:<br \/>\na) Integrar investigadores de Am\u00e9rica del Sur;<br \/>\nb) Crear y mantener actualizado un banco de contactos;<br \/>\nc) Contribuir al desarrollo de acciones interinstitucionales;<br \/>\nd) Elaborar y uniformizar normas sobre secado da madera;<br \/>\ne) Establecer agenda de reuniones t\u00e9cnicas con periodicidad.<\/p>\n<p>Para participar en la Red basta llenar el formulario disponible on-line a trav\u00e9s del link CADASTRO.<br \/>\nPara contactar a los investigadores registrados ingrese en el link PESQUISADORES, donde se encuentra disponible la Instituci\u00f3n, el \u00e1rea de actuaci\u00f3n y la direcci\u00f3n electr\u00f3nica del investigador.<\/p>\n<p>BIENVENIDO A LA RED PARA INVESTIGACI\u00d3N SOBRE SECADO DE MADERA!!!<\/strong><\/p>\n","protected":false},"excerpt":{"rendered":"<p>A Rede Sul Americana de Pesquisadores de Secagem da Madeira foi proposta durante a realiza\u00e7\u00e3o do 12\u00ba Conferencia Internacional sobre Secagem da Madeira da IUFRO em Bel\u00e9m, Par\u00e1, Brasil. O principal objetivo da rede \u00e9 contribuir para o desenvolvimento de a\u00e7\u00f5es de coopera\u00e7\u00e3o t\u00e9cnica cient\u00edfica entre pesquisadores que atuam na \u00e1rea de secagem da madeira &hellip; <\/p>\n<p><a class=\"more-link btn\" href=\"https:\/\/wp.ufpel.edu.br\/redesecagem\/\">Continue lendo<\/a><\/p>\n","protected":false},"author":264,"featured_media":0,"parent":0,"menu_order":0,"comment_status":"closed","ping_status":"closed","template":"","meta":{"footnotes":""},"class_list":["post-28","page","type-page","status-publish","hentry","nodate","item-wrap"],"_links":{"self":[{"href":"https:\/\/wp.ufpel.edu.br\/redesecagem\/index.php?rest_route=\/wp\/v2\/pages\/28","targetHints":{"allow":["GET"]}}],"collection":[{"href":"https:\/\/wp.ufpel.edu.br\/redesecagem\/index.php?rest_route=\/wp\/v2\/pages"}],"about":[{"href":"https:\/\/wp.ufpel.edu.br\/redesecagem\/index.php?rest_route=\/wp\/v2\/types\/page"}],"author":[{"embeddable":true,"href":"https:\/\/wp.ufpel.edu.br\/redesecagem\/index.php?rest_route=\/wp\/v2\/users\/264"}],"replies":[{"embeddable":true,"href":"https:\/\/wp.ufpel.edu.br\/redesecagem\/index.php?rest_route=%2Fwp%2Fv2%2Fcomments&post=28"}],"version-history":[{"count":17,"href":"https:\/\/wp.ufpel.edu.br\/redesecagem\/index.php?rest_route=\/wp\/v2\/pages\/28\/revisions"}],"predecessor-version":[{"id":95,"href":"https:\/\/wp.ufpel.edu.br\/redesecagem\/index.php?rest_route=\/wp\/v2\/pages\/28\/revisions\/95"}],"wp:attachment":[{"href":"https:\/\/wp.ufpel.edu.br\/redesecagem\/index.php?rest_route=%2Fwp%2Fv2%2Fmedia&parent=28"}],"curies":[{"name":"wp","href":"https:\/\/api.w.org\/{rel}","templated":true}]}}

<p>A Rede Sul Americana de Pesquisadores de Secagem da Madeira foi proposta durante a realização do 12º Conferencia Internacional sobre Secagem da Madeira da IUFRO em Belém, Pará, Brasil. </p>
<p>O  principal objetivo da rede é contribuir para o desenvolvimento de ações de cooperação técnica científica entre pesquisadores que atuam na área de secagem da madeira na América do Sul.</p>
<p>Tendo como objetivos específicos:</p>
<p>a) Integrar pesquisadores da América do Sul;<br />
b) Criar e manter atualizado banco de contatos;<br />
c) Contribuir para o desenvolvimento de ações interinstitucionais;<br />
d) Elaborar e padronizar normas sobre secagem da madeira;<br />
e) Estabelecer agenda de reuniões técnicas.</p>
<p>Para participar da Rede basta preencher o formulário online disponível no link CADASTRO. Para acessar os pesquisadores cadastrados verifique o link PESQUISADORES, onde está disponibilizado a Instituição, área de atuação e contato eletrônico do pesquisador.</p>
<p>SEJA BEM VINDO!!!! E FAÇA PARTE DESSA REDE PELA SECAGEM DA MADEIRA!!!</p>
<p><strong>La Red Sudamericana  de Investigadores en Secado de Madera fue propuesta durante la 12ª Conferencia Internacional de Secado de Madera de IUFRO, realizada en Belém do Pará, Brasil.</p>
<p>El objetivo principal de la red es contribuir al desarrollo de acciones de cooperación técnica y científica entre investigadores que trabajan en el área de secado da madera en América del Sur.</p>
<p>Tiene como objetivos específicos:<br />
a) Integrar investigadores de América del Sur;<br />
b) Crear y mantener actualizado un banco de contactos;<br />
c) Contribuir al desarrollo de acciones interinstitucionales;<br />
d) Elaborar y uniformizar normas sobre secado da madera;<br />
e) Establecer agenda de reuniones técnicas con periodicidad.</p>
<p>Para participar en la Red basta llenar el formulario disponible on-line a través del link CADASTRO.<br />
Para contactar a los investigadores registrados ingrese en el link PESQUISADORES, donde se encuentra disponible la Institución, el área de actuación y la dirección electrónica del investigador.</p>
<p>BIENVENIDO A LA RED PARA INVESTIGACIÓN SOBRE SECADO DE MADERA!!!</strong></p>

<p>A Rede Sul Americana de Pesquisadores de Secagem da Madeira foi proposta durante a realização do 12º Conferencia Internacional sobre Secagem da Madeira da IUFRO em Belém, Pará, Brasil. O principal objetivo da rede é contribuir para o desenvolvimento de ações de cooperação técnica científica entre pesquisadores que atuam na área de secagem da madeira &hellip; </p>
<p><a class="more-link btn" href="https://wp.ufpel.edu.br/redesecagem/">Continue lendo</a></p>
