{"id":1673,"date":"2020-12-03T17:25:44","date_gmt":"2020-12-03T20:25:44","guid":{"rendered":"https:\/\/wp.ufpel.edu.br\/rededemuseusdaufpel\/?page_id=1673"},"modified":"2020-12-03T17:41:33","modified_gmt":"2020-12-03T20:41:33","slug":"acervo-do-choro-de-pelotas","status":"publish","type":"page","link":"https:\/\/wp.ufpel.edu.br\/rededemuseusdaufpel\/acervo-do-choro-de-pelotas\/","title":{"rendered":"Acervo do Choro de Pelotas"},"content":{"rendered":"<div>\n<p dir=\"ltr\" style=\"text-align: left\">O Acervo do Choro de Pelotas \u00e9 fruto de uma pesquisa que vem sendo desenvolvida desde 2002, a partir do projeto coordenado pelo professor Raul Costa D&#8217;Avilla e a antrop\u00f3loga Ana Paula Silveira. Em 2016 o projeto ganhou o apoio do Clube do Choro de Pelotas e o refor\u00e7o do professor e saxofonista de choro Rafael Velloso, que passaram a promover encontros musicais entre os m\u00fasicos de choro e os acad\u00eamicos do curso de m\u00fasica da UFPel. A parceria frutificou produzindo ao longo destes 4 anos de atividades materiais did\u00e1ticos, eventos, rodas e apresenta\u00e7\u00f5es que foram respons\u00e1veis por reacender a rela\u00e7\u00e3o intensa entre o choro e o p\u00fablico da cidade. Em 2020, no dia 19 de Novembro, Dia Municipal do Choro (data criada em homenagem a Avendano J\u00fanior), foi realizada uma live comemorativa, no Facebook do Clube, onde ocorreu o lan\u00e7amento oficial do Acervo em seu formato digital, vinculado a p\u00e1gina wordpress do projeto.<\/p>\n<p dir=\"ltr\" style=\"text-align: left\">O projeto de cria\u00e7\u00e3o deste acervo foi feito a muitas m\u00e3os, com base em um material que foi preservado na mem\u00f3ria e nas casas de m\u00fasicos e admiradores do choro e do Regional Avendano Jr. em seus mais de 30 anos de atua\u00e7\u00e3o na cidade. Em seu formato digital ganhou forma e estrutura. Tal constru\u00e7\u00e3o, realizada de forma colaborativa, teve in\u00edcio em uma s\u00e9rie de visitas em sua fase de estrutura\u00e7\u00e3o em 2019, \u00e0s resid\u00eancias dos m\u00fasicos e demais colaboradores do Acervo. Formaram-se equipes para a realiza\u00e7\u00e3o das mesmas, tudo organizado previamente e combinado com todos envolvidos e detentores dos documentos e das mem\u00f3rias, que foram devidamente consultados sobre a possibilidade do projeto ficar com os materiais recolhidos por um per\u00edodo de tempo, at\u00e9 que fossem realizadas as digitaliza\u00e7\u00f5es e ent\u00e3o devolvidos aos donos. O material que foi restaurado, digitalizado e armazenado em recipientes apropriados para sua preserva\u00e7\u00e3o, est\u00e1 pronto para ser devolvido aos colaboradores.\u00a0 Entretanto, com a pandemia, ainda n\u00e3o conseguiu-se efetuar a devolu\u00e7\u00e3o dos materiais, que est\u00e3o guardados com todos os devidos cuidados pela UFPel.<\/p>\n<p dir=\"ltr\" style=\"text-align: left\">Desde o primeiro semestre de 2020 o graduando em M\u00fasica Popular e bolsista da Inicia\u00e7\u00e3o Cient\u00edfica Gustavo Mustaf\u00e9, vem trabalhando ativamente na manuten\u00e7\u00e3o e amplia\u00e7\u00e3o do reposit\u00f3rio digital do Acervo de Choro de Pelotas que comp\u00f5e o projeto de pesquisa coordenado pelo prof. Rafael Velloso. O projeto que criado para manter e expandir as a\u00e7\u00f5es do acervo, cadastrou mais recentemente o N\u00facleo de Pesquisa sobre o Choro de Pelotas. O n\u00facleo formado por alguns integrantes do clube e acad\u00eamicos do curso de m\u00fasica da UFPel, tem como objetivo desenvolver pesquisa e manter os di\u00e1logos entre os m\u00fasicos e os itens do acervo a fim de certificar que essas mem\u00f3rias continuem ativas e vivas. O reposit\u00f3rio digital conta atualmente com cinco cole\u00e7\u00f5es que podem ser acessadas pelo site do Clube e mais duas est\u00e3o sendo trabalhadas no momento, e em breve ser\u00e3o tamb\u00e9m disponibilizadas.<\/p>\n<p style=\"text-align: left\"><span id=\"m_-1645868609826307823m_-2722006388638722818m_8146912247487260729gmail-docs-internal-guid-3cea6a5b-7fff-50ee-9bb8-90f6fcff8000\">O material est\u00e1 super acess\u00edvel, \u00e9 s\u00f3 acessar: <a href=\"https:\/\/acervosvirtuais.ufpel.edu.br\/acervodochorodepelotas\/\" target=\"_blank\" rel=\"noopener noreferrer\" data-saferedirecturl=\"https:\/\/www.google.com\/url?q=https:\/\/acervosvirtuais.ufpel.edu.br\/acervodochorodepelotas\/&amp;source=gmail&amp;ust=1607112192133000&amp;usg=AFQjCNEbkZb-FEm2g5IgfuVXyZsOEs41qg\">https:\/\/acervosvirtuais.ufpel.edu.br\/acervodochorodepelotas\/<\/a>\u00a0<\/span><\/p>\n<p style=\"text-align: left\"><span id=\"m_-1645868609826307823m_-2722006388638722818m_8146912247487260729gmail-docs-internal-guid-3cea6a5b-7fff-50ee-9bb8-90f6fcff8000\">A navega\u00e7\u00e3o \u00e9 intuitiva sendo poss\u00edvel comentar no pr\u00f3prio site as experi\u00eancias e impress\u00f5es sobre os itens e compartilhar as mem\u00f3rias revividas nas principais redes sociais. Para quem quiser entrar em contato com o projeto, \u00e9 s\u00f3 acessar o \u201cFormul\u00e1rio de contato\u201d, por onde \u00e9 poss\u00edvel tamb\u00e9m enviar algum material que possa ter rela\u00e7\u00e3o com as mem\u00f3rias do Acervo.<\/span><\/p>\n<\/div>\n<div><\/div>\n<div>\n\n\t\t<style type=\"text\/css\">\n\t\t\t#gallery-1 {\n\t\t\t\tmargin: auto;\n\t\t\t}\n\t\t\t#gallery-1 .gallery-item {\n\t\t\t\tfloat: left;\n\t\t\t\tmargin-top: 10px;\n\t\t\t\ttext-align: center;\n\t\t\t\twidth: 33%;\n\t\t\t}\n\t\t\t#gallery-1 img {\n\t\t\t\tborder: 2px solid #cfcfcf;\n\t\t\t}\n\t\t\t#gallery-1 .gallery-caption {\n\t\t\t\tmargin-left: 0;\n\t\t\t}\n\t\t\t\/* see gallery_shortcode() in wp-includes\/media.php *\/\n\t\t<\/style>\n\t\t<div data-carousel-extra='{&quot;blog_id&quot;:732,&quot;permalink&quot;:&quot;https:\/\/wp.ufpel.edu.br\/rededemuseusdaufpel\/acervo-do-choro-de-pelotas\/&quot;}' id='gallery-1' class='gallery galleryid-1673 gallery-columns-3 gallery-size-thumbnail'><dl class='gallery-item'>\n\t\t\t<dt class='gallery-icon portrait'>\n\t\t\t\t<a href='https:\/\/wp.ufpel.edu.br\/rededemuseusdaufpel\/acervo-do-choro-de-pelotas\/avendano-e-cavaquinho-ii\/'><img width=\"200\" height=\"200\" src=\"https:\/\/i0.wp.com\/wp.ufpel.edu.br\/rededemuseusdaufpel\/files\/2020\/12\/Avendano-e-Cavaquinho-II.jpg?resize=200%2C200&amp;ssl=1\" class=\"attachment-thumbnail size-thumbnail\" alt=\"\" srcset=\"https:\/\/i0.wp.com\/wp.ufpel.edu.br\/rededemuseusdaufpel\/files\/2020\/12\/Avendano-e-Cavaquinho-II.jpg?resize=200%2C200&amp;ssl=1 200w, https:\/\/i0.wp.com\/wp.ufpel.edu.br\/rededemuseusdaufpel\/files\/2020\/12\/Avendano-e-Cavaquinho-II.jpg?zoom=2&amp;resize=200%2C200&amp;ssl=1 400w, https:\/\/i0.wp.com\/wp.ufpel.edu.br\/rededemuseusdaufpel\/files\/2020\/12\/Avendano-e-Cavaquinho-II.jpg?zoom=3&amp;resize=200%2C200&amp;ssl=1 600w\" sizes=\"(max-width: 200px) 100vw, 200px\" data-attachment-id=\"1675\" data-permalink=\"https:\/\/wp.ufpel.edu.br\/rededemuseusdaufpel\/acervo-do-choro-de-pelotas\/avendano-e-cavaquinho-ii\/\" data-orig-file=\"https:\/\/i0.wp.com\/wp.ufpel.edu.br\/rededemuseusdaufpel\/files\/2020\/12\/Avendano-e-Cavaquinho-II.jpg?fit=1024%2C1536&amp;ssl=1\" data-orig-size=\"1024,1536\" data-comments-opened=\"0\" data-image-meta=\"{&quot;aperture&quot;:&quot;5.6&quot;,&quot;credit&quot;:&quot;&quot;,&quot;camera&quot;:&quot;Canon EOS 10D&quot;,&quot;caption&quot;:&quot;&quot;,&quot;created_timestamp&quot;:&quot;1087834580&quot;,&quot;copyright&quot;:&quot;&quot;,&quot;focal_length&quot;:&quot;15&quot;,&quot;iso&quot;:&quot;400&quot;,&quot;shutter_speed&quot;:&quot;0.016666666666667&quot;,&quot;title&quot;:&quot;&quot;,&quot;orientation&quot;:&quot;1&quot;}\" data-image-title=\"Avendano e Cavaquinho II\" data-image-description=\"\" data-image-caption=\"\" data-medium-file=\"https:\/\/i0.wp.com\/wp.ufpel.edu.br\/rededemuseusdaufpel\/files\/2020\/12\/Avendano-e-Cavaquinho-II.jpg?fit=267%2C400&amp;ssl=1\" data-large-file=\"https:\/\/i0.wp.com\/wp.ufpel.edu.br\/rededemuseusdaufpel\/files\/2020\/12\/Avendano-e-Cavaquinho-II.jpg?fit=683%2C1024&amp;ssl=1\" \/><\/a>\n\t\t\t<\/dt><\/dl><dl class='gallery-item'>\n\t\t\t<dt class='gallery-icon landscape'>\n\t\t\t\t<a href='https:\/\/wp.ufpel.edu.br\/rededemuseusdaufpel\/acervo-do-choro-de-pelotas\/jc-f3a\/'><img width=\"200\" height=\"200\" src=\"https:\/\/i0.wp.com\/wp.ufpel.edu.br\/rededemuseusdaufpel\/files\/2020\/12\/JC-F3A.jpg?resize=200%2C200&amp;ssl=1\" class=\"attachment-thumbnail size-thumbnail\" alt=\"\" srcset=\"https:\/\/i0.wp.com\/wp.ufpel.edu.br\/rededemuseusdaufpel\/files\/2020\/12\/JC-F3A.jpg?resize=200%2C200&amp;ssl=1 200w, https:\/\/i0.wp.com\/wp.ufpel.edu.br\/rededemuseusdaufpel\/files\/2020\/12\/JC-F3A.jpg?zoom=2&amp;resize=200%2C200&amp;ssl=1 400w, https:\/\/i0.wp.com\/wp.ufpel.edu.br\/rededemuseusdaufpel\/files\/2020\/12\/JC-F3A.jpg?zoom=3&amp;resize=200%2C200&amp;ssl=1 600w\" sizes=\"(max-width: 200px) 100vw, 200px\" data-attachment-id=\"1676\" data-permalink=\"https:\/\/wp.ufpel.edu.br\/rededemuseusdaufpel\/acervo-do-choro-de-pelotas\/jc-f3a\/\" data-orig-file=\"https:\/\/i0.wp.com\/wp.ufpel.edu.br\/rededemuseusdaufpel\/files\/2020\/12\/JC-F3A.jpg?fit=1120%2C776&amp;ssl=1\" data-orig-size=\"1120,776\" data-comments-opened=\"0\" data-image-meta=\"{&quot;aperture&quot;:&quot;0&quot;,&quot;credit&quot;:&quot;&quot;,&quot;camera&quot;:&quot;&quot;,&quot;caption&quot;:&quot;&quot;,&quot;created_timestamp&quot;:&quot;0&quot;,&quot;copyright&quot;:&quot;&quot;,&quot;focal_length&quot;:&quot;0&quot;,&quot;iso&quot;:&quot;0&quot;,&quot;shutter_speed&quot;:&quot;0&quot;,&quot;title&quot;:&quot;&quot;,&quot;orientation&quot;:&quot;1&quot;}\" data-image-title=\"JC-F3A\" data-image-description=\"\" data-image-caption=\"\" data-medium-file=\"https:\/\/i0.wp.com\/wp.ufpel.edu.br\/rededemuseusdaufpel\/files\/2020\/12\/JC-F3A.jpg?fit=400%2C277&amp;ssl=1\" data-large-file=\"https:\/\/i0.wp.com\/wp.ufpel.edu.br\/rededemuseusdaufpel\/files\/2020\/12\/JC-F3A.jpg?fit=1024%2C709&amp;ssl=1\" \/><\/a>\n\t\t\t<\/dt><\/dl><dl class='gallery-item'>\n\t\t\t<dt class='gallery-icon landscape'>\n\t\t\t\t<a href='https:\/\/wp.ufpel.edu.br\/rededemuseusdaufpel\/acervo-do-choro-de-pelotas\/ra-f2a\/'><img width=\"200\" height=\"200\" src=\"https:\/\/i0.wp.com\/wp.ufpel.edu.br\/rededemuseusdaufpel\/files\/2020\/12\/RA-F2A.jpg?resize=200%2C200&amp;ssl=1\" class=\"attachment-thumbnail size-thumbnail\" alt=\"\" srcset=\"https:\/\/i0.wp.com\/wp.ufpel.edu.br\/rededemuseusdaufpel\/files\/2020\/12\/RA-F2A.jpg?resize=200%2C200&amp;ssl=1 200w, https:\/\/i0.wp.com\/wp.ufpel.edu.br\/rededemuseusdaufpel\/files\/2020\/12\/RA-F2A.jpg?zoom=2&amp;resize=200%2C200&amp;ssl=1 400w, https:\/\/i0.wp.com\/wp.ufpel.edu.br\/rededemuseusdaufpel\/files\/2020\/12\/RA-F2A.jpg?zoom=3&amp;resize=200%2C200&amp;ssl=1 600w\" sizes=\"(max-width: 200px) 100vw, 200px\" data-attachment-id=\"1677\" data-permalink=\"https:\/\/wp.ufpel.edu.br\/rededemuseusdaufpel\/acervo-do-choro-de-pelotas\/ra-f2a\/\" data-orig-file=\"https:\/\/i0.wp.com\/wp.ufpel.edu.br\/rededemuseusdaufpel\/files\/2020\/12\/RA-F2A.jpg?fit=1579%2C1131&amp;ssl=1\" data-orig-size=\"1579,1131\" data-comments-opened=\"0\" data-image-meta=\"{&quot;aperture&quot;:&quot;8&quot;,&quot;credit&quot;:&quot;&quot;,&quot;camera&quot;:&quot;Canon EOS Rebel T6&quot;,&quot;caption&quot;:&quot;&quot;,&quot;created_timestamp&quot;:&quot;1571850114&quot;,&quot;copyright&quot;:&quot;&quot;,&quot;focal_length&quot;:&quot;35&quot;,&quot;iso&quot;:&quot;100&quot;,&quot;shutter_speed&quot;:&quot;1.3&quot;,&quot;title&quot;:&quot;&quot;,&quot;orientation&quot;:&quot;0&quot;}\" data-image-title=\"RA-F2A\" data-image-description=\"\" data-image-caption=\"\" data-medium-file=\"https:\/\/i0.wp.com\/wp.ufpel.edu.br\/rededemuseusdaufpel\/files\/2020\/12\/RA-F2A.jpg?fit=400%2C287&amp;ssl=1\" data-large-file=\"https:\/\/i0.wp.com\/wp.ufpel.edu.br\/rededemuseusdaufpel\/files\/2020\/12\/RA-F2A.jpg?fit=1024%2C733&amp;ssl=1\" \/><\/a>\n\t\t\t<\/dt><\/dl><br style=\"clear: both\" \/>\n\t\t<\/div>\n\n<\/div>\n<div>Redes Sociais do Acervo do Choro de Pelotas:<\/div>\n<div><\/div>\n<div><a href=\"https:\/\/www.facebook.com\/clubedochorodepelotas\">Facebook<\/a><\/div>\n<div><a href=\"https:\/\/www.instagram.com\/clubedochorodepelotas\/\">Instagram<\/a><\/div>\n<div><a href=\"https:\/\/www.youtube.com\/channel\/UC4BbrWZk6G03tyUf6_ZppHg\/featured\">YouTube<\/a><\/div>\n<div><a href=\"https:\/\/soundcloud.com\/user-940400967\">SoundCloud<\/a><\/div>\n","protected":false},"excerpt":{"rendered":"<p>O Acervo do Choro de Pelotas \u00e9 fruto de uma pesquisa que vem sendo desenvolvida desde 2002, a partir do projeto coordenado pelo professor Raul Costa D&#8217;Avilla e a antrop\u00f3loga Ana Paula Silveira. Em 2016 o projeto ganhou o apoio do Clube do Choro de Pelotas e o refor\u00e7o do professor e saxofonista de choro [&hellip;]<\/p>\n","protected":false},"author":722,"featured_media":0,"parent":0,"menu_order":0,"comment_status":"closed","ping_status":"closed","template":"","meta":{"jetpack_post_was_ever_published":false,"footnotes":""},"class_list":["post-1673","page","type-page","status-publish","hentry"],"jetpack_sharing_enabled":true,"jetpack_shortlink":"https:\/\/wp.me\/P8I7ve-qZ","jetpack-related-posts":[{"id":22,"url":"https:\/\/wp.ufpel.edu.br\/rededemuseusdaufpel\/museu-etnografico-da-colonia-maciel\/","url_meta":{"origin":1673,"position":0},"title":"Projeto de Extens\u00e3o &#8220;Museu Etnogr\u00e1fico da Col\u00f4nia Maciel&#8221;","author":"rededemuseusdaufpel","date":"8 de maio de 2017","format":false,"excerpt":"HIST\u00d3RICO O Museu Etnogr\u00e1fico da Col\u00f4nia Maciel, tendo como tem\u00e1tica as mem\u00f3rias dos descendentes dos imigrantes italianos que colonizaram a por\u00e7\u00e3o rural do munic\u00edpio de Pelotas no extremo sul do estado do Rio Grande do Sul, foi implantado entre os anos de 2004 e 2006, pelo Laborat\u00f3rio de Ensino e\u2026","rel":"","context":"Post similar","block_context":{"text":"Post similar","link":""},"img":{"alt_text":"","src":"","width":0,"height":0},"classes":[]},{"id":1684,"url":"https:\/\/wp.ufpel.edu.br\/rededemuseusdaufpel\/nucleo-de-documentacao-historica-prof-beatriz-loner\/","url_meta":{"origin":1673,"position":1},"title":"N\u00facleo de Documenta\u00e7\u00e3o Hist\u00f3rica Professora Beatriz Loner","author":"rededemuseusdaufpel","date":"4 de dezembro de 2020","format":false,"excerpt":"O N\u00facleo de Documenta\u00e7\u00e3o Hist\u00f3rica da Universidade Federal de Pelotas (NDH\/UFPel) foi fundado em 1990 pela Professora Doutora Beatriz Ana Loner. Desde 2018, como um tributo a mem\u00f3ria de sua fundadora, o NDH passou a se chamar: N\u00facleo de Documenta\u00e7\u00e3o Hist\u00f3rica Prof. Beatriz Loner. Destaca-se por seus acervos voltados aos\u2026","rel":"","context":"Post similar","block_context":{"text":"Post similar","link":""},"img":{"alt_text":"","src":"https:\/\/i0.wp.com\/wp.ufpel.edu.br\/rededemuseusdaufpel\/files\/2020\/12\/Acervo-de-Revistas-de-noticias.jpeg?resize=350%2C200","width":350,"height":200,"srcset":"https:\/\/i0.wp.com\/wp.ufpel.edu.br\/rededemuseusdaufpel\/files\/2020\/12\/Acervo-de-Revistas-de-noticias.jpeg?resize=350%2C200 1x, https:\/\/i0.wp.com\/wp.ufpel.edu.br\/rededemuseusdaufpel\/files\/2020\/12\/Acervo-de-Revistas-de-noticias.jpeg?resize=525%2C300 1.5x, https:\/\/i0.wp.com\/wp.ufpel.edu.br\/rededemuseusdaufpel\/files\/2020\/12\/Acervo-de-Revistas-de-noticias.jpeg?resize=700%2C400 2x"},"classes":[]},{"id":1318,"url":"https:\/\/wp.ufpel.edu.br\/rededemuseusdaufpel\/discoteca-l-c-vinholes\/","url_meta":{"origin":1673,"position":2},"title":"Discoteca L. C. Vinholes","author":"rededemuseusdaufpel","date":"4 de setembro de 2020","format":false,"excerpt":"Situada hoje entre os importantes acervos fonogr\u00e1ficos sediados em institui\u00e7\u00f5es p\u00fablicas no Brasil, a Discoteca L. C. Vinholes est\u00e1 vinculada ao Laborat\u00f3rio de Etnomusicologia do Curso de Bacharelado em M\u00fasica \u2013 Ci\u00eancias Musicais da Universidade Federal de Pelotas, e se localiza na sala 305\/Bloco 1 do Centro de Artes desta\u2026","rel":"","context":"Post similar","block_context":{"text":"Post similar","link":""},"img":{"alt_text":"","src":"https:\/\/i0.wp.com\/wp.ufpel.edu.br\/rededemuseusdaufpel\/files\/2020\/09\/discoteca_015-scaled.jpg?resize=350%2C200","width":350,"height":200,"srcset":"https:\/\/i0.wp.com\/wp.ufpel.edu.br\/rededemuseusdaufpel\/files\/2020\/09\/discoteca_015-scaled.jpg?resize=350%2C200 1x, https:\/\/i0.wp.com\/wp.ufpel.edu.br\/rededemuseusdaufpel\/files\/2020\/09\/discoteca_015-scaled.jpg?resize=525%2C300 1.5x, https:\/\/i0.wp.com\/wp.ufpel.edu.br\/rededemuseusdaufpel\/files\/2020\/09\/discoteca_015-scaled.jpg?resize=700%2C400 2x, https:\/\/i0.wp.com\/wp.ufpel.edu.br\/rededemuseusdaufpel\/files\/2020\/09\/discoteca_015-scaled.jpg?resize=1050%2C600 3x, https:\/\/i0.wp.com\/wp.ufpel.edu.br\/rededemuseusdaufpel\/files\/2020\/09\/discoteca_015-scaled.jpg?resize=1400%2C800 4x"},"classes":[]},{"id":1361,"url":"https:\/\/wp.ufpel.edu.br\/rededemuseusdaufpel\/composicao-rede-museus-da-ufpel\/","url_meta":{"origin":1673,"position":3},"title":"Composi\u00e7\u00e3o do Conselho Consultivo da Rede de Museus da UFPel","author":"rededemuseusdaufpel","date":"11 de setembro de 2020","format":false,"excerpt":"Coordena\u00e7\u00e3o de Arte, Cultura e Patrimo\u0302 nio (PREC) Eleonora Campos da Motta Santos \u2013 coordenadora da Rede de Museus Acervo do Choro de Pelotas (CA) Titular: Rafael Henrique Soares Velloso Suplente: Raul Costa d\u2019Avila Centro de mem\u00f3ria e pesquisa Hist\u00f3ria da Alfabetiza\u00e7\u00e3o, Leitura, Escrita e dos LivrosEscolares \u2013 Hisales (FaE)\u2026","rel":"","context":"Post similar","block_context":{"text":"Post similar","link":""},"img":{"alt_text":"","src":"","width":0,"height":0},"classes":[]},{"id":1372,"url":"https:\/\/wp.ufpel.edu.br\/rededemuseusdaufpel\/museu-das-telecomunicacoes\/","url_meta":{"origin":1673,"position":4},"title":"Museu das Telecomunica\u00e7\u00f5es","author":"rededemuseusdaufpel","date":"13 de setembro de 2020","format":false,"excerpt":"Apresenta\u00e7\u00e3o No contexto de projetos de ensino, pesquisa e extens\u00e3o vinculados ao Instituto de Ci\u00eancias Humanas, realiza-se a salvaguarda do acervo das telecomunica\u00e7\u00f5es pertencente \u00e0 antiga Companhia Telephonica de Melhoramento e Resist\u00eancia (CTMR), de forma a preservar a hist\u00f3ria, desta que foi uma importante empresa para a cidade de Pelotas,\u2026","rel":"","context":"Post similar","block_context":{"text":"Post similar","link":""},"img":{"alt_text":"","src":"https:\/\/i0.wp.com\/wp.ufpel.edu.br\/rededemuseusdaufpel\/files\/2020\/09\/mascara3-scaled.jpg?resize=350%2C200","width":350,"height":200,"srcset":"https:\/\/i0.wp.com\/wp.ufpel.edu.br\/rededemuseusdaufpel\/files\/2020\/09\/mascara3-scaled.jpg?resize=350%2C200 1x, https:\/\/i0.wp.com\/wp.ufpel.edu.br\/rededemuseusdaufpel\/files\/2020\/09\/mascara3-scaled.jpg?resize=525%2C300 1.5x, https:\/\/i0.wp.com\/wp.ufpel.edu.br\/rededemuseusdaufpel\/files\/2020\/09\/mascara3-scaled.jpg?resize=700%2C400 2x, https:\/\/i0.wp.com\/wp.ufpel.edu.br\/rededemuseusdaufpel\/files\/2020\/09\/mascara3-scaled.jpg?resize=1050%2C600 3x, https:\/\/i0.wp.com\/wp.ufpel.edu.br\/rededemuseusdaufpel\/files\/2020\/09\/mascara3-scaled.jpg?resize=1400%2C800 4x"},"classes":[]},{"id":1408,"url":"https:\/\/wp.ufpel.edu.br\/rededemuseusdaufpel\/fototeca-memoria-da-ufpel\/","url_meta":{"origin":1673,"position":5},"title":"Fototeca Mem\u00f3ria da UFpel","author":"rededemuseusdaufpel","date":"1 de outubro de 2020","format":false,"excerpt":"Hist\u00f3ria A atual Fototeca Mem\u00f3ria da Universidade Federal de Pelotas surgiu com o t\u00edtulo de Arquivo Fotogr\u00e1fico Mem\u00f3ria da Universidade Federal de Pelotas em junho de 2009, como projeto de extens\u00e3o vinculado ao Museu de Arte Leopoldo Gotuzzo. Em outubro de 2011 migrou para o Departamento de Museologia, Conserva\u00e7\u00e3o e\u2026","rel":"","context":"Post similar","block_context":{"text":"Post similar","link":""},"img":{"alt_text":"","src":"https:\/\/i0.wp.com\/wp.ufpel.edu.br\/rededemuseusdaufpel\/files\/2020\/10\/WhatsApp-Image-2020-09-28-at-15.07.58-1.jpeg?resize=350%2C200","width":350,"height":200,"srcset":"https:\/\/i0.wp.com\/wp.ufpel.edu.br\/rededemuseusdaufpel\/files\/2020\/10\/WhatsApp-Image-2020-09-28-at-15.07.58-1.jpeg?resize=350%2C200 1x, https:\/\/i0.wp.com\/wp.ufpel.edu.br\/rededemuseusdaufpel\/files\/2020\/10\/WhatsApp-Image-2020-09-28-at-15.07.58-1.jpeg?resize=525%2C300 1.5x, https:\/\/i0.wp.com\/wp.ufpel.edu.br\/rededemuseusdaufpel\/files\/2020\/10\/WhatsApp-Image-2020-09-28-at-15.07.58-1.jpeg?resize=700%2C400 2x, https:\/\/i0.wp.com\/wp.ufpel.edu.br\/rededemuseusdaufpel\/files\/2020\/10\/WhatsApp-Image-2020-09-28-at-15.07.58-1.jpeg?resize=1050%2C600 3x"},"classes":[]}],"_links":{"self":[{"href":"https:\/\/wp.ufpel.edu.br\/rededemuseusdaufpel\/wp-json\/wp\/v2\/pages\/1673","targetHints":{"allow":["GET"]}}],"collection":[{"href":"https:\/\/wp.ufpel.edu.br\/rededemuseusdaufpel\/wp-json\/wp\/v2\/pages"}],"about":[{"href":"https:\/\/wp.ufpel.edu.br\/rededemuseusdaufpel\/wp-json\/wp\/v2\/types\/page"}],"author":[{"embeddable":true,"href":"https:\/\/wp.ufpel.edu.br\/rededemuseusdaufpel\/wp-json\/wp\/v2\/users\/722"}],"replies":[{"embeddable":true,"href":"https:\/\/wp.ufpel.edu.br\/rededemuseusdaufpel\/wp-json\/wp\/v2\/comments?post=1673"}],"version-history":[{"count":4,"href":"https:\/\/wp.ufpel.edu.br\/rededemuseusdaufpel\/wp-json\/wp\/v2\/pages\/1673\/revisions"}],"predecessor-version":[{"id":1683,"href":"https:\/\/wp.ufpel.edu.br\/rededemuseusdaufpel\/wp-json\/wp\/v2\/pages\/1673\/revisions\/1683"}],"wp:attachment":[{"href":"https:\/\/wp.ufpel.edu.br\/rededemuseusdaufpel\/wp-json\/wp\/v2\/media?parent=1673"}],"curies":[{"name":"wp","href":"https:\/\/api.w.org\/{rel}","templated":true}]}}