{"id":1435,"date":"2020-10-08T15:27:36","date_gmt":"2020-10-08T18:27:36","guid":{"rendered":"https:\/\/wp.ufpel.edu.br\/rededemuseusdaufpel\/?page_id=1435"},"modified":"2020-12-19T16:39:58","modified_gmt":"2020-12-19T19:39:58","slug":"museu-afro-brasil-sul","status":"publish","type":"page","link":"https:\/\/wp.ufpel.edu.br\/rededemuseusdaufpel\/museu-afro-brasil-sul\/","title":{"rendered":"Museu Afro-Brasil-Sul"},"content":{"rendered":"<p style=\"text-align: right\"><em>Pela Prof. Maristela Machado Corr\u00eaa<\/em><\/p>\n<p style=\"text-align: left\">O\u00a0 <a href=\"https:\/\/wp.ufpel.edu.br\/museuafrobrasilsul\/\" target=\"_blank\" rel=\"noopener noreferrer\">Museu\u00a0 Afro-Brasil-Sul<\/a>\u00a0(MABSul), vinculado ao\u00a0<a href=\"http:\/\/ca.ufpel.edu.br\/\" target=\"_blank\" rel=\"noopener noreferrer\">Centro de Artes<\/a>, \u00e9 uma A\u00e7\u00e3o Afirmativa que pertence \u00e0 Divis\u00e3o de Pesquisa e Extens\u00e3o da Universidade Federal de Pelotas \u2013 UFPel, coordenado pela Prof. Dra.\u00a0<a href=\"http:\/\/lattes.cnpq.br\/2533906161145789\" target=\"_blank\" rel=\"noopener noreferrer\">Rosemar Lemos<\/a>\u00a0e sediado no site dessa Universidade.<\/p>\n<p style=\"text-align: left\">Do ponto de vista hist\u00f3rico, o Projeto MABSul\u00a0 consolida um processo dial\u00f3gico embasado na Hist\u00f3ria e no Patrim\u00f4nio Cultural afro-brasileiro e\u00a0 permeia a luta antirracista e a efetiva\u00e7\u00e3o da <a href=\"http:\/\/www.planalto.gov.br\/ccivil_03\/_Ato2007-2010\/2008\/Lei\/L11645.htm\" target=\"_blank\" rel=\"noopener noreferrer\">Lei.11645\/08<\/a>\u00a0no reconhecimento da hist\u00f3ria e da contribui\u00e7\u00e3o da popula\u00e7\u00e3o negra \u00e0 sociedade brasileira.<\/p>\n<p style=\"text-align: left\">O MABSul\u00a0 promove a pesquisa e a constru\u00e7\u00e3o do conhecimento acerca das peculiaridades regionais, simbologias e singularidades da cultura negra. Focado no resgate identit\u00e1rio e na mem\u00f3ria hist\u00f3rica, o MABSul\u00a0 formaliza a manuten\u00e7\u00e3o e a preserva\u00e7\u00e3o do Patrim\u00f4nio hist\u00f3rico material e imaterial do povo negro sul-brasileiro, difundindo e disseminando os Saberes e Fazeres art\u00edsticos (modos de ver, sentir, fazer e interagir) que comp\u00f5em o rico acervo \u00e9tnico afro de cada comunidade da regi\u00e3o sul, criados ou recriados p\u00f3s-di\u00e1spora (clubes sociais, carnaval, ritos \/religi\u00e3o de matriz africana, benzeduras).<\/p>\n<p style=\"text-align: left\">O MABSul recupera as mem\u00f3rias vivas e a ancestralidade, legitimando e dando visibilidade \u00e0s representatividades, \u00e0s viv\u00eancia e narrativas de indiv\u00edduos e grupos envolvidos em diferentes manifesta\u00e7\u00f5es da cultura afro-brasileira.<\/p>\n<p style=\"text-align: left\">CONTATO<\/p>\n<p style=\"text-align: left\">Site: <a href=\"http:\/\/wp.ufpel.edu.br\/museuafrobrasilsul\/\">wp.ufpel.edu.br\/museuafrobrasilsul\/<\/a><\/p>\n<p style=\"text-align: left\">Facebook: <a href=\"http:\/\/facebook.com\/museuafrobrasilsul\/\">facebook.com\/museuafrobrasilsul\/<\/a><\/p>\n<p style=\"text-align: left\">Instagram: <a href=\"http:\/\/instagram.com\/museuafrobrasilsul\/\">instagram.com\/museuafrobrasilsul\/<\/a><\/p>\n<p style=\"text-align: left\">YouTube: <a href=\"http:\/\/youtube.com\/channel\/UCnDIX9t-DCtuiUWVL2MR3rw\">youtube.com\/channel\/UCnDIX9t-DCtuiUWVL2MR3rw<\/a><\/p>\n","protected":false},"excerpt":{"rendered":"<p>Pela Prof. Maristela Machado Corr\u00eaa O\u00a0 Museu\u00a0 Afro-Brasil-Sul\u00a0(MABSul), vinculado ao\u00a0Centro de Artes, \u00e9 uma A\u00e7\u00e3o Afirmativa que pertence \u00e0 Divis\u00e3o de Pesquisa e Extens\u00e3o da Universidade Federal de Pelotas \u2013 UFPel, coordenado pela Prof. Dra.\u00a0Rosemar Lemos\u00a0e sediado no site dessa Universidade. Do ponto de vista hist\u00f3rico, o Projeto MABSul\u00a0 consolida um processo dial\u00f3gico embasado na [&hellip;]<\/p>\n","protected":false},"author":722,"featured_media":0,"parent":0,"menu_order":0,"comment_status":"closed","ping_status":"closed","template":"","meta":{"jetpack_post_was_ever_published":false,"footnotes":""},"class_list":["post-1435","page","type-page","status-publish","hentry"],"jetpack_sharing_enabled":true,"jetpack_shortlink":"https:\/\/wp.me\/P8I7ve-n9","jetpack-related-posts":[{"id":185,"url":"https:\/\/wp.ufpel.edu.br\/rededemuseusdaufpel\/a-rede\/","url_meta":{"origin":1435,"position":0},"title":"A Rede","author":"rededemuseusdaufpel","date":"15 de janeiro de 2019","format":false,"excerpt":"A Rede de Museus da Universidade Federal de Pelotas (UFPel) \u00e9 um \u00f3rg\u00e3o suplementar da Pr\u00f3-Reitoria de Extens\u00e3o e Cultura (PREC) que tem por miss\u00e3o unir as institui\u00e7\u00f5es, projetos museol\u00f3gicos, acervos e cole\u00e7\u00f5es existentes na Universidade, visando a implanta\u00e7\u00e3o e manuten\u00e7\u00e3o de uma pol\u00edtica para a \u00e1rea, de forma a\u2026","rel":"","context":"Post similar","block_context":{"text":"Post similar","link":""},"img":{"alt_text":"","src":"","width":0,"height":0},"classes":[]},{"id":1361,"url":"https:\/\/wp.ufpel.edu.br\/rededemuseusdaufpel\/composicao-rede-museus-da-ufpel\/","url_meta":{"origin":1435,"position":1},"title":"Composi\u00e7\u00e3o do Conselho Consultivo da Rede de Museus da UFPel","author":"rededemuseusdaufpel","date":"11 de setembro de 2020","format":false,"excerpt":"Coordena\u00e7\u00e3o de Arte, Cultura e Patrimo\u0302 nio (PREC) Eleonora Campos da Motta Santos \u2013 coordenadora da Rede de Museus Acervo do Choro de Pelotas (CA) Titular: Rafael Henrique Soares Velloso Suplente: Raul Costa d\u2019Avila Centro de mem\u00f3ria e pesquisa Hist\u00f3ria da Alfabetiza\u00e7\u00e3o, Leitura, Escrita e dos LivrosEscolares \u2013 Hisales (FaE)\u2026","rel":"","context":"Post similar","block_context":{"text":"Post similar","link":""},"img":{"alt_text":"","src":"","width":0,"height":0},"classes":[]},{"id":1663,"url":"https:\/\/wp.ufpel.edu.br\/rededemuseusdaufpel\/exposicao-minha-mascara\/","url_meta":{"origin":1435,"position":2},"title":"Exposi\u00e7\u00e3o Virtual &#8220;Minha M\u00e1scara&#8221;","author":"rededemuseusdaufpel","date":"2 de dezembro de 2020","format":false,"excerpt":"Exposi\u00e7\u00e3o Minha M\u00e1scara em comemora\u00e7\u00e3o ao Dia do Patrim\u00f4nio O Dia do Patrim\u00f4nio \u00e9 comemorado em 17 de agosto. A data foi escolhida em raz\u00e3o do nascimento do historiador e jornalista Rodrigo Melo Franco de Andrade (Belo Horizonte - MG, 1898-1969), o primeiro presidente do Instituto do Patrim\u00f4nio Hist\u00f3rico e\u2026","rel":"","context":"Post similar","block_context":{"text":"Post similar","link":""},"img":{"alt_text":"","src":"https:\/\/i0.wp.com\/wp.ufpel.edu.br\/rededemuseusdaufpel\/files\/2020\/12\/unilasalle5.jpg?resize=350%2C200","width":350,"height":200,"srcset":"https:\/\/i0.wp.com\/wp.ufpel.edu.br\/rededemuseusdaufpel\/files\/2020\/12\/unilasalle5.jpg?resize=350%2C200 1x, https:\/\/i0.wp.com\/wp.ufpel.edu.br\/rededemuseusdaufpel\/files\/2020\/12\/unilasalle5.jpg?resize=525%2C300 1.5x, https:\/\/i0.wp.com\/wp.ufpel.edu.br\/rededemuseusdaufpel\/files\/2020\/12\/unilasalle5.jpg?resize=700%2C400 2x, https:\/\/i0.wp.com\/wp.ufpel.edu.br\/rededemuseusdaufpel\/files\/2020\/12\/unilasalle5.jpg?resize=1050%2C600 3x"},"classes":[]},{"id":2041,"url":"https:\/\/wp.ufpel.edu.br\/rededemuseusdaufpel\/museu-virtual-do-judo\/","url_meta":{"origin":1435,"position":3},"title":"Museu Virtual do Jud\u00f4","author":"rededemuseusdaufpel","date":"11 de janeiro de 2022","format":false,"excerpt":"O Museu Virtual do Jud\u00f4 nasceu do amor a modalidade e pela inten\u00e7\u00e3o de conectar a comunidade a este esporte. O Museu, idealizado a partir do Projeto de Extens\u00e3o \"Jud\u00f4 para a comunidade\" da Escola Superior de Educa\u00e7\u00e3o F\u00edsica da Universidade Federal de Pelotas (ESEF\/UFPel), tem como prop\u00f3sito ser um\u2026","rel":"","context":"Post similar","block_context":{"text":"Post similar","link":""},"img":{"alt_text":"","src":"https:\/\/i0.wp.com\/wp.ufpel.edu.br\/rededemuseusdaufpel\/files\/2022\/01\/Design-sem-nome-1-400x225.png?resize=350%2C200&ssl=1","width":350,"height":200},"classes":[]},{"id":527,"url":"https:\/\/wp.ufpel.edu.br\/rededemuseusdaufpel\/projeto-de-extensao-museu-historico-de-morro-redondo\/","url_meta":{"origin":1435,"position":4},"title":"Projeto de Extens\u00e3o \u201cMUSEU HIST\u00d3RICO DE MORRO REDONDO\u201d","author":"rededemuseusdaufpel","date":"18 de fevereiro de 2019","format":false,"excerpt":"Miss\u00e3o O Museu Hist\u00f3rico de Morro Redondo (MHMR) tem como miss\u00e3o promover a reflex\u00e3o, observa\u00e7\u00e3o e intera\u00e7\u00e3o da sociedade com o patrim\u00f4nio cultural do munic\u00edpio, traduzido por suas hist\u00f3rias, mem\u00f3rias e lugares. Assume como compromisso, igualmente, a preserva\u00e7\u00e3o e comunica\u00e7\u00e3o dos bens culturais sob sua guarda, enfatizando seus valores educativo,\u2026","rel":"","context":"Post similar","block_context":{"text":"Post similar","link":""},"img":{"alt_text":"","src":"https:\/\/i0.wp.com\/wp.ufpel.edu.br\/rededemuseusdaufpel\/files\/2021\/04\/1.jpg?resize=350%2C200","width":350,"height":200,"srcset":"https:\/\/i0.wp.com\/wp.ufpel.edu.br\/rededemuseusdaufpel\/files\/2021\/04\/1.jpg?resize=350%2C200 1x, https:\/\/i0.wp.com\/wp.ufpel.edu.br\/rededemuseusdaufpel\/files\/2021\/04\/1.jpg?resize=525%2C300 1.5x, https:\/\/i0.wp.com\/wp.ufpel.edu.br\/rededemuseusdaufpel\/files\/2021\/04\/1.jpg?resize=700%2C400 2x"},"classes":[]},{"id":22,"url":"https:\/\/wp.ufpel.edu.br\/rededemuseusdaufpel\/museu-etnografico-da-colonia-maciel\/","url_meta":{"origin":1435,"position":5},"title":"Projeto de Extens\u00e3o &#8220;Museu Etnogr\u00e1fico da Col\u00f4nia Maciel&#8221;","author":"rededemuseusdaufpel","date":"8 de maio de 2017","format":false,"excerpt":"HIST\u00d3RICO O Museu Etnogr\u00e1fico da Col\u00f4nia Maciel, tendo como tem\u00e1tica as mem\u00f3rias dos descendentes dos imigrantes italianos que colonizaram a por\u00e7\u00e3o rural do munic\u00edpio de Pelotas no extremo sul do estado do Rio Grande do Sul, foi implantado entre os anos de 2004 e 2006, pelo Laborat\u00f3rio de Ensino e\u2026","rel":"","context":"Post similar","block_context":{"text":"Post similar","link":""},"img":{"alt_text":"","src":"","width":0,"height":0},"classes":[]}],"_links":{"self":[{"href":"https:\/\/wp.ufpel.edu.br\/rededemuseusdaufpel\/wp-json\/wp\/v2\/pages\/1435","targetHints":{"allow":["GET"]}}],"collection":[{"href":"https:\/\/wp.ufpel.edu.br\/rededemuseusdaufpel\/wp-json\/wp\/v2\/pages"}],"about":[{"href":"https:\/\/wp.ufpel.edu.br\/rededemuseusdaufpel\/wp-json\/wp\/v2\/types\/page"}],"author":[{"embeddable":true,"href":"https:\/\/wp.ufpel.edu.br\/rededemuseusdaufpel\/wp-json\/wp\/v2\/users\/722"}],"replies":[{"embeddable":true,"href":"https:\/\/wp.ufpel.edu.br\/rededemuseusdaufpel\/wp-json\/wp\/v2\/comments?post=1435"}],"version-history":[{"count":3,"href":"https:\/\/wp.ufpel.edu.br\/rededemuseusdaufpel\/wp-json\/wp\/v2\/pages\/1435\/revisions"}],"predecessor-version":[{"id":1776,"href":"https:\/\/wp.ufpel.edu.br\/rededemuseusdaufpel\/wp-json\/wp\/v2\/pages\/1435\/revisions\/1776"}],"wp:attachment":[{"href":"https:\/\/wp.ufpel.edu.br\/rededemuseusdaufpel\/wp-json\/wp\/v2\/media?parent=1435"}],"curies":[{"name":"wp","href":"https:\/\/api.w.org\/{rel}","templated":true}]}}