{"id":1361,"date":"2020-09-11T14:25:27","date_gmt":"2020-09-11T17:25:27","guid":{"rendered":"https:\/\/wp.ufpel.edu.br\/rededemuseusdaufpel\/?page_id=1361"},"modified":"2022-08-30T13:11:06","modified_gmt":"2022-08-30T16:11:06","slug":"composicao-rede-museus-da-ufpel","status":"publish","type":"page","link":"https:\/\/wp.ufpel.edu.br\/rededemuseusdaufpel\/composicao-rede-museus-da-ufpel\/","title":{"rendered":"Composi\u00e7\u00e3o do Conselho Consultivo da Rede de Museus da UFPel"},"content":{"rendered":"<p style=\"text-align: left;\"><strong>Coordena\u00e7\u00e3o de Arte, Cultura e Patrimo\u0302 nio (PREC)<\/strong><br \/>\nEleonora Campos da Motta Santos \u2013 coordenadora da Rede de Museus<\/p>\n<p><strong>Acervo do Choro de Pelotas (CA)<\/strong><br \/>\nTitular: Rafael Henrique Soares Velloso<br \/>\nSuplente: Raul Costa d\u2019Avila<\/p>\n<p><strong>Centro de mem\u00f3ria e pesquisa Hist\u00f3ria da Alfabetiza\u00e7\u00e3o, Leitura, Escrita e dos LivrosEscolares \u2013 Hisales (FaE)<\/strong><br \/>\nTitular: Chris de Azevedo Ramil<br \/>\nSuplente: Vania Grim Thies<\/p>\n<p><strong>Curso de Bacharelado em Conserva\u00e7\u00e3o e Restaura\u00e7\u00e3o de Bens CulturaisM\u00f3veis (ICH)<\/strong><br \/>\nTitular: Andr\u00e9a Lacerda Bachettini<br \/>\nSuplente: Daniele Baltz da Fonseca<\/p>\n<p><strong>Curso de Bacharelado em Museologia (ICH)<\/strong><br \/>\nTitular: Sarah Maggitti Silva<br \/>\nSuplente: Carla Rodrigues Gastaud<\/p>\n<p><strong>Discoteca L. C. Vinholes (CA)<\/strong><br \/>\nTitular: Eduardo Montagna da Silveira<br \/>\nSuplente: Werner Ewald<\/p>\n<p><strong>Fototeca Mem\u00f3ria da UFPel (ICH)<\/strong><br \/>\nTitular: Silvana de F\u00e1tima Bojanoski<br \/>\nSuplente: Jossana Peil Coelho<\/p>\n<p><strong>Herb\u00e1rio Pel (IB)<\/strong><br \/>\nTitular: Caroline Scherer<br \/>\nSuplente: Raquel L\u00fcdtke<\/p>\n<p><strong>Laborat\u00f3rio de Ensino e Pesquisa em Antropologia e Arqueologia \u2013 LEPAARQ (ICH)<\/strong><br \/>\nTitular: Rafael Guedes Milheira<br \/>\nSuplente: Gustavo Peretti Wagner<\/p>\n<p><strong>Memorial do Anglo (PREC \u2013 SMIE)<\/strong><br \/>\nTitular: Eleonora Campos da Motta Santos<br \/>\nSuplente: Daniela da Silva Pieper<\/p>\n<p><strong>Museu Afro-Brasil-Sul \u2013 MABSul (CA)<\/strong><br \/>\nTitular: Rosemar Gomes Lemos<br \/>\nSuplente: Jocelem Mariza Soares Fernandes<\/p>\n<p><strong>Museu Arqueol\u00f3gico e Antropol\u00f3gico \u2013 MUARAN (ICH)<\/strong><br \/>\nTitular: Pedro Lu\u00eds Machado Sanches<br \/>\nSuplente: Mariana Brauner Lobato<\/p>\n<p><strong>Museu das Coisas Banais (ICH)<\/strong><br \/>\nTitular: Juliane Concei\u00e7\u00e3o Primon Serres<br \/>\nSuplente: Joana Schneider<\/p>\n<p><strong>Museu das Telecomunica\u00e7\u00f5es (ICH)<\/strong><br \/>\nTitular: Annelise Costa Montone<br \/>\nSuplente: Karen Velleda Caldas<\/p>\n<p><strong>Museu de Arte Leopoldo Gotuzzo \u2013 MALG (CA)<\/strong><br \/>\nTitular: Lauer Alves Nunes dos Santos<br \/>\nSuplente: Cl\u00f3vis Vergara de Almeida Martins Costa<\/p>\n<p><strong>Museu de Ci\u00eancias Naturais Carlos Ritter (IB)<\/strong><br \/>\nTitular: Cristiano Agra Iserhard<br \/>\nSuplente: Carolina Silveira Regis<\/p>\n<p><strong>Museu Di\u00e1rios do Isolamento \u2013 MuDI (ICH)<\/strong><br \/>\nTitular: Daniel Maur\u00edcio Viana de Souza<br \/>\nSuplente: Noris Mara Pacheco Martins Leal<\/p>\n<p><strong>Museu do Doce da UFPel (ICH)<\/strong><br \/>\nTitular: Roberto Heiden<br \/>\nSuplente: Gilberto Lu\u00eds da Silva Carvalho<\/p>\n<p><strong>Museu Virtual do Judo\u0302 (ESEF)<\/strong><br \/>\nTitular: Eduardo Merino<br \/>\nSuplente: Michael Marroni Pires<\/p>\n<p><strong>N\u00facleo de Documenta\u00e7\u00e3o Hist\u00f3rica Professora Beatriz Loner (ICH)<\/strong><br \/>\nTitular: Aristeu Elisandro Machado Lopes<br \/>\nSuplente: Lorena Almeida Gill<\/p>\n<p><strong>Planet\u00e1rio da UFPel (IFM)<\/strong><br \/>\nTitular: Virg\u00ednia Mello Alves<br \/>\nSuplente: Maur\u00edcio Pinto da Silva<\/p>\n<p><strong>Projeto de extens\u00e3o Museu da Col\u00f4nia Francesa (ICH)<\/strong><br \/>\nTitular: Eliana Menezes de Souza<\/p>\n<p><strong>Projeto de extens\u00e3o Museu Etnogr\u00e1fico da Col\u00f4nia Maciel (ICH)<\/strong><br \/>\nTitular: F\u00e1bio Vergara Cerqueira<\/p>\n<p><strong>Projeto de extens\u00e3o Museu Grupelli (ICH)<\/strong><br \/>\nTitular: Diego Lemos Ribeiro<br \/>\nSuplente: Chayane Lise Fernandes de Souza<\/p>\n<p><strong>Projeto de extens\u00e3o Museu Hist\u00f3rico do Morro Redondo (ICH)<\/strong><br \/>\nTitular: Carlos Eduardo \u00c1vila Bauer<br \/>\nSuplente: Andrea Cunha Messias<\/p>\n<p><strong>Servidor t\u00e9cnico-administrativo \u2013 cargo de T\u00e9cnico em Restaura\u00e7\u00e3o<\/strong><br \/>\nTitular: Keli Cristina Scolari<\/p>\n","protected":false},"excerpt":{"rendered":"<p>Coordena\u00e7\u00e3o de Arte, Cultura e Patrimo\u0302 nio (PREC) Eleonora Campos da Motta Santos \u2013 coordenadora da Rede de Museus Acervo do Choro de Pelotas (CA) Titular: Rafael Henrique Soares Velloso Suplente: Raul Costa d\u2019Avila Centro de mem\u00f3ria e pesquisa Hist\u00f3ria da Alfabetiza\u00e7\u00e3o, Leitura, Escrita e dos LivrosEscolares \u2013 Hisales (FaE) Titular: Chris de Azevedo Ramil [&hellip;]<\/p>\n","protected":false},"author":722,"featured_media":0,"parent":0,"menu_order":0,"comment_status":"closed","ping_status":"closed","template":"","meta":{"jetpack_post_was_ever_published":false,"footnotes":""},"class_list":["post-1361","page","type-page","status-publish","hentry"],"jetpack_sharing_enabled":true,"jetpack_shortlink":"https:\/\/wp.me\/P8I7ve-lX","jetpack-related-posts":[{"id":185,"url":"https:\/\/wp.ufpel.edu.br\/rededemuseusdaufpel\/a-rede\/","url_meta":{"origin":1361,"position":0},"title":"A Rede","author":"rededemuseusdaufpel","date":"15 de janeiro de 2019","format":false,"excerpt":"A Rede de Museus da Universidade Federal de Pelotas (UFPel) \u00e9 um \u00f3rg\u00e3o suplementar da Pr\u00f3-Reitoria de Extens\u00e3o e Cultura (PREC) que tem por miss\u00e3o unir as institui\u00e7\u00f5es, projetos museol\u00f3gicos, acervos e cole\u00e7\u00f5es existentes na Universidade, visando a implanta\u00e7\u00e3o e manuten\u00e7\u00e3o de uma pol\u00edtica para a \u00e1rea, de forma a\u2026","rel":"","context":"Post similar","block_context":{"text":"Post similar","link":""},"img":{"alt_text":"","src":"","width":0,"height":0},"classes":[]},{"id":43,"url":"https:\/\/wp.ufpel.edu.br\/rededemuseusdaufpel\/laneira-casa-dos-museus\/","url_meta":{"origin":1361,"position":1},"title":"Laneira Casa dos Museus","author":"rededemuseusdaufpel","date":"8 de maio de 2017","format":false,"excerpt":"HIST\u00d3RICO A planta industrial da f\u00e1brica Laneira Brasileira S. A. foi adquirida pela Universidade Federal de Pelotas em 2010. A partir do ano de 2012, iniciou-se o trabalho de reconhecimento e estudo de viabilidade de uso de parte do local para a implanta\u00e7\u00e3o do Museu da UFPel. No decorrer deste\u2026","rel":"","context":"Post similar","block_context":{"text":"Post similar","link":""},"img":{"alt_text":"","src":"https:\/\/i0.wp.com\/wp.ufpel.edu.br\/rededemuseusdaufpel\/files\/2017\/05\/LANEIRA_1.jpg?resize=350%2C200","width":350,"height":200},"classes":[]},{"id":1350,"url":"https:\/\/wp.ufpel.edu.br\/rededemuseusdaufpel\/documentos\/","url_meta":{"origin":1361,"position":2},"title":"Documentos","author":"rededemuseusdaufpel","date":"4 de setembro de 2020","format":false,"excerpt":"Diretrizes Para Uma Pol\u00edtica de Museus e Cole\u00e7\u00f5es Universit\u00e1rios\u00a0 Resolu\u00e7\u00e3o-CONSUN: Aprova\u00e7\u00e3o do Regimento Interno da Rede de Museus da UFPel Portaria - Composi\u00e7\u00e3o do Conselho da Rede de Museus da UFPel Anais da Semana dos Museus da UFPel E-book \"Um museu para todos: manual para programas de acessibilidade\" E-book \"Acessibilidade\u2026","rel":"","context":"Post similar","block_context":{"text":"Post similar","link":""},"img":{"alt_text":"","src":"","width":0,"height":0},"classes":[]},{"id":1170,"url":"https:\/\/wp.ufpel.edu.br\/rededemuseusdaufpel\/eventos\/","url_meta":{"origin":1361,"position":3},"title":"EVENTOS","author":"rededemuseusdaufpel","date":"2 de junho de 2020","format":false,"excerpt":"Est\u00e3o dispon\u00edveis as grava\u00e7\u00f5es das apresenta\u00e7\u00f5es das comunica\u00e7\u00f5es realizadas durante o Semin\u00e1rio da Semana de Museus da UFPel 2020, entre os dias 19 e 21 de maio. Dia 19 de maio \u2013 ter\u00e7a-feira:\u00a0assista aqui. Dia 20 de maio \u2013 quarta-feira:\u00a0assista aqui. Dia 21 de maio \u2013 quinta-feira:\u00a0assista aqui. As grava\u00e7\u00f5es\u2026","rel":"","context":"Post similar","block_context":{"text":"Post similar","link":""},"img":{"alt_text":"","src":"https:\/\/i0.wp.com\/wp.ufpel.edu.br\/rededemuseusdaufpel\/files\/2020\/05\/qr-code-e1590428502232.png?resize=350%2C200&ssl=1","width":350,"height":200},"classes":[]},{"id":46,"url":"https:\/\/wp.ufpel.edu.br\/rededemuseusdaufpel\/programa-de-preservacao-do-patrimonio-cultural-da-regiao-do-anglo\/","url_meta":{"origin":1361,"position":4},"title":"Programa de Preserva\u00e7\u00e3o do Patrim\u00f4nio Cultural da Regi\u00e3o do Anglo","author":"rededemuseusdaufpel","date":"8 de maio de 2017","format":false,"excerpt":"HIST\u00d3RICO Este processo muse\u00f3logico teve o seu in\u00edcio em 2009, como projeto de extens\u00e3o desenvolvido no \u00e2mbito do Bacharelado em Museologia, e surgiu a partir da necessidade da comunidade vizinha ao Campus Anglo da UFPel,de preservar a sua mem\u00f3ria e sua hist\u00f3ria. A comunidade ali instalada \u00e9 composta por oper\u00e1rios\u2026","rel":"","context":"Post similar","block_context":{"text":"Post similar","link":""},"img":{"alt_text":"","src":"","width":0,"height":0},"classes":[]},{"id":1715,"url":"https:\/\/wp.ufpel.edu.br\/rededemuseusdaufpel\/anais-da-semana-dos-museus-da-ufpel\/","url_meta":{"origin":1361,"position":5},"title":"Anais da Semana dos Museus da UFPel","author":"rededemuseusdaufpel","date":"15 de dezembro de 2020","format":false,"excerpt":"Anais da Semana dos Museus da UFPel 2021 Anais da Semana dos Museus da UFPel 2020 Anais da Semana dos Museus da UFPel 2019 Anais da Semana dos Museus da UFPel 2018 Anais da Semana dos Museus da UFPel 2015, 2016 e 2017","rel":"","context":"Post similar","block_context":{"text":"Post similar","link":""},"img":{"alt_text":"","src":"","width":0,"height":0},"classes":[]}],"_links":{"self":[{"href":"https:\/\/wp.ufpel.edu.br\/rededemuseusdaufpel\/wp-json\/wp\/v2\/pages\/1361","targetHints":{"allow":["GET"]}}],"collection":[{"href":"https:\/\/wp.ufpel.edu.br\/rededemuseusdaufpel\/wp-json\/wp\/v2\/pages"}],"about":[{"href":"https:\/\/wp.ufpel.edu.br\/rededemuseusdaufpel\/wp-json\/wp\/v2\/types\/page"}],"author":[{"embeddable":true,"href":"https:\/\/wp.ufpel.edu.br\/rededemuseusdaufpel\/wp-json\/wp\/v2\/users\/722"}],"replies":[{"embeddable":true,"href":"https:\/\/wp.ufpel.edu.br\/rededemuseusdaufpel\/wp-json\/wp\/v2\/comments?post=1361"}],"version-history":[{"count":8,"href":"https:\/\/wp.ufpel.edu.br\/rededemuseusdaufpel\/wp-json\/wp\/v2\/pages\/1361\/revisions"}],"predecessor-version":[{"id":2102,"href":"https:\/\/wp.ufpel.edu.br\/rededemuseusdaufpel\/wp-json\/wp\/v2\/pages\/1361\/revisions\/2102"}],"wp:attachment":[{"href":"https:\/\/wp.ufpel.edu.br\/rededemuseusdaufpel\/wp-json\/wp\/v2\/media?parent=1361"}],"curies":[{"name":"wp","href":"https:\/\/api.w.org\/{rel}","templated":true}]}}

Composição do Conselho Consultivo da Rede de Museus da UFPel

<p style="text-align: left;"><strong>Coordenação de Arte, Cultura e Patrimô nio (PREC)</strong><br />
Eleonora Campos da Motta Santos – coordenadora da Rede de Museus</p>
<p><strong>Acervo do Choro de Pelotas (CA)</strong><br />
Titular: Rafael Henrique Soares Velloso<br />
Suplente: Raul Costa d’Avila</p>
<p><strong>Centro de memória e pesquisa História da Alfabetização, Leitura, Escrita e dos LivrosEscolares – Hisales (FaE)</strong><br />
Titular: Chris de Azevedo Ramil<br />
Suplente: Vania Grim Thies</p>
<p><strong>Curso de Bacharelado em Conservação e Restauração de Bens CulturaisMóveis (ICH)</strong><br />
Titular: Andréa Lacerda Bachettini<br />
Suplente: Daniele Baltz da Fonseca</p>
<p><strong>Curso de Bacharelado em Museologia (ICH)</strong><br />
Titular: Sarah Maggitti Silva<br />
Suplente: Carla Rodrigues Gastaud</p>
<p><strong>Discoteca L. C. Vinholes (CA)</strong><br />
Titular: Eduardo Montagna da Silveira<br />
Suplente: Werner Ewald</p>
<p><strong>Fototeca Memória da UFPel (ICH)</strong><br />
Titular: Silvana de Fátima Bojanoski<br />
Suplente: Jossana Peil Coelho</p>
<p><strong>Herbário Pel (IB)</strong><br />
Titular: Caroline Scherer<br />
Suplente: Raquel Lüdtke</p>
<p><strong>Laboratório de Ensino e Pesquisa em Antropologia e Arqueologia – LEPAARQ (ICH)</strong><br />
Titular: Rafael Guedes Milheira<br />
Suplente: Gustavo Peretti Wagner</p>
<p><strong>Memorial do Anglo (PREC – SMIE)</strong><br />
Titular: Eleonora Campos da Motta Santos<br />
Suplente: Daniela da Silva Pieper</p>
<p><strong>Museu Afro-Brasil-Sul – MABSul (CA)</strong><br />
Titular: Rosemar Gomes Lemos<br />
Suplente: Jocelem Mariza Soares Fernandes</p>
<p><strong>Museu Arqueológico e Antropológico – MUARAN (ICH)</strong><br />
Titular: Pedro Luís Machado Sanches<br />
Suplente: Mariana Brauner Lobato</p>
<p><strong>Museu das Coisas Banais (ICH)</strong><br />
Titular: Juliane Conceição Primon Serres<br />
Suplente: Joana Schneider</p>
<p><strong>Museu das Telecomunicações (ICH)</strong><br />
Titular: Annelise Costa Montone<br />
Suplente: Karen Velleda Caldas</p>
<p><strong>Museu de Arte Leopoldo Gotuzzo – MALG (CA)</strong><br />
Titular: Lauer Alves Nunes dos Santos<br />
Suplente: Clóvis Vergara de Almeida Martins Costa</p>
<p><strong>Museu de Ciências Naturais Carlos Ritter (IB)</strong><br />
Titular: Cristiano Agra Iserhard<br />
Suplente: Carolina Silveira Regis</p>
<p><strong>Museu Diários do Isolamento – MuDI (ICH)</strong><br />
Titular: Daniel Maurício Viana de Souza<br />
Suplente: Noris Mara Pacheco Martins Leal</p>
<p><strong>Museu do Doce da UFPel (ICH)</strong><br />
Titular: Roberto Heiden<br />
Suplente: Gilberto Luís da Silva Carvalho</p>
<p><strong>Museu Virtual do Judô (ESEF)</strong><br />
Titular: Eduardo Merino<br />
Suplente: Michael Marroni Pires</p>
<p><strong>Núcleo de Documentação Histórica Professora Beatriz Loner (ICH)</strong><br />
Titular: Aristeu Elisandro Machado Lopes<br />
Suplente: Lorena Almeida Gill</p>
<p><strong>Planetário da UFPel (IFM)</strong><br />
Titular: Virgínia Mello Alves<br />
Suplente: Maurício Pinto da Silva</p>
<p><strong>Projeto de extensão Museu da Colônia Francesa (ICH)</strong><br />
Titular: Eliana Menezes de Souza</p>
<p><strong>Projeto de extensão Museu Etnográfico da Colônia Maciel (ICH)</strong><br />
Titular: Fábio Vergara Cerqueira</p>
<p><strong>Projeto de extensão Museu Grupelli (ICH)</strong><br />
Titular: Diego Lemos Ribeiro<br />
Suplente: Chayane Lise Fernandes de Souza</p>
<p><strong>Projeto de extensão Museu Histórico do Morro Redondo (ICH)</strong><br />
Titular: Carlos Eduardo Ávila Bauer<br />
Suplente: Andrea Cunha Messias</p>
<p><strong>Servidor técnico-administrativo – cargo de Técnico em Restauração</strong><br />
Titular: Keli Cristina Scolari</p>

<p>Coordenação de Arte, Cultura e Patrimô nio (PREC) Eleonora Campos da Motta Santos – coordenadora da Rede de Museus Acervo do Choro de Pelotas (CA) Titular: Rafael Henrique Soares Velloso Suplente: Raul Costa d’Avila Centro de memória e pesquisa História da Alfabetização, Leitura, Escrita e dos LivrosEscolares – Hisales (FaE) Titular: Chris de Azevedo Ramil [&hellip;]</p>

A Rede de Museus da Universidade Federal de Pelotas (UFPel) é um órgão suplementar da Pró-Reitoria de Extensão e Cultura (PREC) que tem por missão unir as instituições, projetos museológicos, acervos e coleções existentes na Universidade, visando a implantação e manutenção de uma política para a área, de forma a…

HISTÓRICO A planta industrial da fábrica Laneira Brasileira S. A. foi adquirida pela Universidade Federal de Pelotas em 2010. A partir do ano de 2012, iniciou-se o trabalho de reconhecimento e estudo de viabilidade de uso de parte do local para a implantação do Museu da UFPel. No decorrer deste…

Diretrizes Para Uma Política de Museus e Coleções Universitários  Resolução-CONSUN: Aprovação do Regimento Interno da Rede de Museus da UFPel Portaria - Composição do Conselho da Rede de Museus da UFPel Anais da Semana dos Museus da UFPel E-book "Um museu para todos: manual para programas de acessibilidade" E-book "Acessibilidade…

Estão disponíveis as gravações das apresentações das comunicações realizadas durante o Seminário da Semana de Museus da UFPel 2020, entre os dias 19 e 21 de maio. Dia 19 de maio – terça-feira: assista aqui. Dia 20 de maio – quarta-feira: assista aqui. Dia 21 de maio – quinta-feira: assista aqui. As gravações…

Programa de Preservação do Patrimônio Cultural da Região do Anglo

HISTÓRICO Este processo museólogico teve o seu início em 2009, como projeto de extensão desenvolvido no âmbito do Bacharelado em Museologia, e surgiu a partir da necessidade da comunidade vizinha ao Campus Anglo da UFPel,de preservar a sua memória e sua história. A comunidade ali instalada é composta por operários…
