{"id":1170,"date":"2020-06-02T10:59:41","date_gmt":"2020-06-02T13:59:41","guid":{"rendered":"https:\/\/wp.ufpel.edu.br\/rededemuseusdaufpel\/?page_id=1170"},"modified":"2020-06-02T10:59:41","modified_gmt":"2020-06-02T13:59:41","slug":"eventos","status":"publish","type":"page","link":"https:\/\/wp.ufpel.edu.br\/rededemuseusdaufpel\/eventos\/","title":{"rendered":"EVENTOS"},"content":{"rendered":"<p><img data-recalc-dims=\"1\" data-attachment-id=\"1156\" data-permalink=\"https:\/\/wp.ufpel.edu.br\/rededemuseusdaufpel\/2020\/05\/25\/semana-de-museus-2020-gravacoes-das-apresentacoes-de-trabalhos\/qr-code\/\" data-orig-file=\"https:\/\/i0.wp.com\/wp.ufpel.edu.br\/rededemuseusdaufpel\/files\/2020\/05\/qr-code-e1590428502232.png?fit=200%2C199&amp;ssl=1\" data-orig-size=\"200,199\" data-comments-opened=\"0\" data-image-meta=\"{&quot;aperture&quot;:&quot;0&quot;,&quot;credit&quot;:&quot;&quot;,&quot;camera&quot;:&quot;&quot;,&quot;caption&quot;:&quot;&quot;,&quot;created_timestamp&quot;:&quot;0&quot;,&quot;copyright&quot;:&quot;&quot;,&quot;focal_length&quot;:&quot;0&quot;,&quot;iso&quot;:&quot;0&quot;,&quot;shutter_speed&quot;:&quot;0&quot;,&quot;title&quot;:&quot;&quot;,&quot;orientation&quot;:&quot;0&quot;}\" data-image-title=\"qr code\" data-image-description=\"\" data-image-caption=\"\" data-medium-file=\"https:\/\/i0.wp.com\/wp.ufpel.edu.br\/rededemuseusdaufpel\/files\/2020\/05\/qr-code-e1590428502232.png?fit=400%2C400&amp;ssl=1\" data-large-file=\"https:\/\/i0.wp.com\/wp.ufpel.edu.br\/rededemuseusdaufpel\/files\/2020\/05\/qr-code-e1590428502232.png?fit=1024%2C1021&amp;ssl=1\" class=\"alignleft size-full wp-image-1156\" src=\"https:\/\/i0.wp.com\/wp.ufpel.edu.br\/rededemuseusdaufpel\/files\/2020\/05\/qr-code-e1590428502232.png?resize=200%2C199&#038;ssl=1\" alt=\"\" width=\"200\" height=\"199\" \/>Est\u00e3o dispon\u00edveis as grava\u00e7\u00f5es das apresenta\u00e7\u00f5es das comunica\u00e7\u00f5es realizadas durante o Semin\u00e1rio da Semana de Museus da UFPel 2020, entre os dias 19 e 21 de maio.<\/p>\n<ul>\n<li>Dia 19 de maio \u2013 ter\u00e7a-feira:\u00a0<a href=\"https:\/\/bit.ly\/3d293uJ\">assista aqui<\/a>.<\/li>\n<li>Dia 20 de maio \u2013 quarta-feira:\u00a0<a href=\"https:\/\/bit.ly\/3glbcDW\">assista aqui<\/a>.<\/li>\n<li>Dia 21 de maio \u2013 quinta-feira:\u00a0<a href=\"https:\/\/bit.ly\/2ywAOwt\">assista aqui<\/a>.<\/li>\n<\/ul>\n<p>As grava\u00e7\u00f5es do lan\u00e7amento dos Anais da Semana dos Museus da UFPel de 2019 e das palestras dos Semin\u00e1rio da Semana de Museus da UFPel 2020 est\u00e3o dispon\u00edveis na p\u00e1gina da Rede de Museus da UFPel no\u00a0<a href=\"https:\/\/www.facebook.com\/rededemuseusufpel\/\">Facebook<\/a>.<\/p>\n","protected":false},"excerpt":{"rendered":"<p>Est\u00e3o dispon\u00edveis as grava\u00e7\u00f5es das apresenta\u00e7\u00f5es das comunica\u00e7\u00f5es realizadas durante o Semin\u00e1rio da Semana de Museus da UFPel 2020, entre os dias 19 e 21 de maio. Dia 19 de maio \u2013 ter\u00e7a-feira:\u00a0assista aqui. Dia 20 de maio \u2013 quarta-feira:\u00a0assista aqui. Dia 21 de maio \u2013 quinta-feira:\u00a0assista aqui. As grava\u00e7\u00f5es do lan\u00e7amento dos Anais da [&hellip;]<\/p>\n","protected":false},"author":722,"featured_media":0,"parent":0,"menu_order":0,"comment_status":"closed","ping_status":"closed","template":"","meta":{"jetpack_post_was_ever_published":false,"footnotes":""},"class_list":["post-1170","page","type-page","status-publish","hentry"],"jetpack_sharing_enabled":true,"jetpack_shortlink":"https:\/\/wp.me\/P8I7ve-iS","jetpack-related-posts":[{"id":1715,"url":"https:\/\/wp.ufpel.edu.br\/rededemuseusdaufpel\/anais-da-semana-dos-museus-da-ufpel\/","url_meta":{"origin":1170,"position":0},"title":"Anais da Semana dos Museus da UFPel","author":"rededemuseusdaufpel","date":"15 de dezembro de 2020","format":false,"excerpt":"Anais da Semana dos Museus da UFPel 2021 Anais da Semana dos Museus da UFPel 2020 Anais da Semana dos Museus da UFPel 2019 Anais da Semana dos Museus da UFPel 2018 Anais da Semana dos Museus da UFPel 2015, 2016 e 2017","rel":"","context":"Post similar","block_context":{"text":"Post similar","link":""},"img":{"alt_text":"","src":"","width":0,"height":0},"classes":[]},{"id":1350,"url":"https:\/\/wp.ufpel.edu.br\/rededemuseusdaufpel\/documentos\/","url_meta":{"origin":1170,"position":1},"title":"Documentos","author":"rededemuseusdaufpel","date":"4 de setembro de 2020","format":false,"excerpt":"Diretrizes Para Uma Pol\u00edtica de Museus e Cole\u00e7\u00f5es Universit\u00e1rios\u00a0 Resolu\u00e7\u00e3o-CONSUN: Aprova\u00e7\u00e3o do Regimento Interno da Rede de Museus da UFPel Portaria - Composi\u00e7\u00e3o do Conselho da Rede de Museus da UFPel Anais da Semana dos Museus da UFPel E-book \"Um museu para todos: manual para programas de acessibilidade\" E-book \"Acessibilidade\u2026","rel":"","context":"Post similar","block_context":{"text":"Post similar","link":""},"img":{"alt_text":"","src":"","width":0,"height":0},"classes":[]},{"id":185,"url":"https:\/\/wp.ufpel.edu.br\/rededemuseusdaufpel\/a-rede\/","url_meta":{"origin":1170,"position":2},"title":"A Rede","author":"rededemuseusdaufpel","date":"15 de janeiro de 2019","format":false,"excerpt":"A Rede de Museus da Universidade Federal de Pelotas (UFPel) \u00e9 um \u00f3rg\u00e3o suplementar da Pr\u00f3-Reitoria de Extens\u00e3o e Cultura (PREC) que tem por miss\u00e3o unir as institui\u00e7\u00f5es, projetos museol\u00f3gicos, acervos e cole\u00e7\u00f5es existentes na Universidade, visando a implanta\u00e7\u00e3o e manuten\u00e7\u00e3o de uma pol\u00edtica para a \u00e1rea, de forma a\u2026","rel":"","context":"Post similar","block_context":{"text":"Post similar","link":""},"img":{"alt_text":"","src":"","width":0,"height":0},"classes":[]},{"id":43,"url":"https:\/\/wp.ufpel.edu.br\/rededemuseusdaufpel\/laneira-casa-dos-museus\/","url_meta":{"origin":1170,"position":3},"title":"Laneira Casa dos Museus","author":"rededemuseusdaufpel","date":"8 de maio de 2017","format":false,"excerpt":"HIST\u00d3RICO A planta industrial da f\u00e1brica Laneira Brasileira S. A. foi adquirida pela Universidade Federal de Pelotas em 2010. A partir do ano de 2012, iniciou-se o trabalho de reconhecimento e estudo de viabilidade de uso de parte do local para a implanta\u00e7\u00e3o do Museu da UFPel. No decorrer deste\u2026","rel":"","context":"Post similar","block_context":{"text":"Post similar","link":""},"img":{"alt_text":"","src":"https:\/\/i0.wp.com\/wp.ufpel.edu.br\/rededemuseusdaufpel\/files\/2017\/05\/LANEIRA_1.jpg?resize=350%2C200","width":350,"height":200},"classes":[]},{"id":533,"url":"https:\/\/wp.ufpel.edu.br\/rededemuseusdaufpel\/museu-arqueologico-e-antropologico\/","url_meta":{"origin":1170,"position":4},"title":"MUARAN &#8211; MUSEU ARQUEOL\u00d3GICO E ANTROPOL\u00d3GICO","author":"rededemuseusdaufpel","date":"18 de fevereiro de 2019","format":false,"excerpt":"HIST\u00d3RICO No segundo semestre de 2008, o Prof. Dr. F\u00e1bio Vergara Cerqueira, ent\u00e3o diretor do Instituto de Ci\u00eancias Humanas da UFPel, convidou todos os arque\u00f3logos da institui\u00e7\u00e3o a participarem da implanta\u00e7\u00e3o de um novo museu arqueol\u00f3gico. A administra\u00e7\u00e3o da UFPel reconheceu os trabalhos deste grupo e constituiu comiss\u00e3o pr\u00f3pria em\u2026","rel":"","context":"Post similar","block_context":{"text":"Post similar","link":""},"img":{"alt_text":"","src":"https:\/\/i0.wp.com\/wp.ufpel.edu.br\/rededemuseusdaufpel\/files\/2019\/08\/arq1.jpg?resize=350%2C200","width":350,"height":200},"classes":[]},{"id":1361,"url":"https:\/\/wp.ufpel.edu.br\/rededemuseusdaufpel\/composicao-rede-museus-da-ufpel\/","url_meta":{"origin":1170,"position":5},"title":"Composi\u00e7\u00e3o do Conselho Consultivo da Rede de Museus da UFPel","author":"rededemuseusdaufpel","date":"11 de setembro de 2020","format":false,"excerpt":"Coordena\u00e7\u00e3o de Arte, Cultura e Patrimo\u0302 nio (PREC) Eleonora Campos da Motta Santos \u2013 coordenadora da Rede de Museus Acervo do Choro de Pelotas (CA) Titular: Rafael Henrique Soares Velloso Suplente: Raul Costa d\u2019Avila Centro de mem\u00f3ria e pesquisa Hist\u00f3ria da Alfabetiza\u00e7\u00e3o, Leitura, Escrita e dos LivrosEscolares \u2013 Hisales (FaE)\u2026","rel":"","context":"Post similar","block_context":{"text":"Post similar","link":""},"img":{"alt_text":"","src":"","width":0,"height":0},"classes":[]}],"_links":{"self":[{"href":"https:\/\/wp.ufpel.edu.br\/rededemuseusdaufpel\/wp-json\/wp\/v2\/pages\/1170","targetHints":{"allow":["GET"]}}],"collection":[{"href":"https:\/\/wp.ufpel.edu.br\/rededemuseusdaufpel\/wp-json\/wp\/v2\/pages"}],"about":[{"href":"https:\/\/wp.ufpel.edu.br\/rededemuseusdaufpel\/wp-json\/wp\/v2\/types\/page"}],"author":[{"embeddable":true,"href":"https:\/\/wp.ufpel.edu.br\/rededemuseusdaufpel\/wp-json\/wp\/v2\/users\/722"}],"replies":[{"embeddable":true,"href":"https:\/\/wp.ufpel.edu.br\/rededemuseusdaufpel\/wp-json\/wp\/v2\/comments?post=1170"}],"version-history":[{"count":1,"href":"https:\/\/wp.ufpel.edu.br\/rededemuseusdaufpel\/wp-json\/wp\/v2\/pages\/1170\/revisions"}],"predecessor-version":[{"id":1173,"href":"https:\/\/wp.ufpel.edu.br\/rededemuseusdaufpel\/wp-json\/wp\/v2\/pages\/1170\/revisions\/1173"}],"wp:attachment":[{"href":"https:\/\/wp.ufpel.edu.br\/rededemuseusdaufpel\/wp-json\/wp\/v2\/media?parent=1170"}],"curies":[{"name":"wp","href":"https:\/\/api.w.org\/{rel}","templated":true}]}}

<p><img data-recalc-dims="1" data-attachment-id="1156" data-permalink="https://wp.ufpel.edu.br/rededemuseusdaufpel/2020/05/25/semana-de-museus-2020-gravacoes-das-apresentacoes-de-trabalhos/qr-code/" data-orig-file="https://i0.wp.com/wp.ufpel.edu.br/rededemuseusdaufpel/files/2020/05/qr-code-e1590428502232.png?fit=200%2C199&amp;ssl=1" data-orig-size="200,199" data-comments-opened="0" data-image-meta="{&quot;aperture&quot;:&quot;0&quot;,&quot;credit&quot;:&quot;&quot;,&quot;camera&quot;:&quot;&quot;,&quot;caption&quot;:&quot;&quot;,&quot;created_timestamp&quot;:&quot;0&quot;,&quot;copyright&quot;:&quot;&quot;,&quot;focal_length&quot;:&quot;0&quot;,&quot;iso&quot;:&quot;0&quot;,&quot;shutter_speed&quot;:&quot;0&quot;,&quot;title&quot;:&quot;&quot;,&quot;orientation&quot;:&quot;0&quot;}" data-image-title="qr code" data-image-description="" data-image-caption="" data-medium-file="https://i0.wp.com/wp.ufpel.edu.br/rededemuseusdaufpel/files/2020/05/qr-code-e1590428502232.png?fit=400%2C400&amp;ssl=1" data-large-file="https://i0.wp.com/wp.ufpel.edu.br/rededemuseusdaufpel/files/2020/05/qr-code-e1590428502232.png?fit=1024%2C1021&amp;ssl=1" class="alignleft size-full wp-image-1156" src="https://i0.wp.com/wp.ufpel.edu.br/rededemuseusdaufpel/files/2020/05/qr-code-e1590428502232.png?resize=200%2C199&#038;ssl=1" alt="" width="200" height="199" />Estão disponíveis as gravações das apresentações das comunicações realizadas durante o Seminário da Semana de Museus da UFPel 2020, entre os dias 19 e 21 de maio.</p>
<ul>
<li>Dia 19 de maio – terça-feira: <a href="https://bit.ly/3d293uJ">assista aqui</a>.</li>
<li>Dia 20 de maio – quarta-feira: <a href="https://bit.ly/3glbcDW">assista aqui</a>.</li>
<li>Dia 21 de maio – quinta-feira: <a href="https://bit.ly/2ywAOwt">assista aqui</a>.</li>
</ul>
<p>As gravações do lançamento dos Anais da Semana dos Museus da UFPel de 2019 e das palestras dos Seminário da Semana de Museus da UFPel 2020 estão disponíveis na página da Rede de Museus da UFPel no <a href="https://www.facebook.com/rededemuseusufpel/">Facebook</a>.</p>

<p>Estão disponíveis as gravações das apresentações das comunicações realizadas durante o Seminário da Semana de Museus da UFPel 2020, entre os dias 19 e 21 de maio. Dia 19 de maio – terça-feira: assista aqui. Dia 20 de maio – quarta-feira: assista aqui. Dia 21 de maio – quinta-feira: assista aqui. As gravações do lançamento dos Anais da [&hellip;]</p>

Diretrizes Para Uma Política de Museus e Coleções Universitários  Resolução-CONSUN: Aprovação do Regimento Interno da Rede de Museus da UFPel Portaria - Composição do Conselho da Rede de Museus da UFPel Anais da Semana dos Museus da UFPel E-book "Um museu para todos: manual para programas de acessibilidade" E-book "Acessibilidade…

A Rede de Museus da Universidade Federal de Pelotas (UFPel) é um órgão suplementar da Pró-Reitoria de Extensão e Cultura (PREC) que tem por missão unir as instituições, projetos museológicos, acervos e coleções existentes na Universidade, visando a implantação e manutenção de uma política para a área, de forma a…

HISTÓRICO A planta industrial da fábrica Laneira Brasileira S. A. foi adquirida pela Universidade Federal de Pelotas em 2010. A partir do ano de 2012, iniciou-se o trabalho de reconhecimento e estudo de viabilidade de uso de parte do local para a implantação do Museu da UFPel. No decorrer deste…

MUARAN &#8211; MUSEU ARQUEOLÓGICO E ANTROPOLÓGICO

HISTÓRICO No segundo semestre de 2008, o Prof. Dr. Fábio Vergara Cerqueira, então diretor do Instituto de Ciências Humanas da UFPel, convidou todos os arqueólogos da instituição a participarem da implantação de um novo museu arqueológico. A administração da UFPel reconheceu os trabalhos deste grupo e constituiu comissão própria em…

Composição do Conselho Consultivo da Rede de Museus da UFPel

Coordenação de Arte, Cultura e Patrimô nio (PREC) Eleonora Campos da Motta Santos – coordenadora da Rede de Museus Acervo do Choro de Pelotas (CA) Titular: Rafael Henrique Soares Velloso Suplente: Raul Costa d’Avila Centro de memória e pesquisa História da Alfabetização, Leitura, Escrita e dos LivrosEscolares – Hisales (FaE)…
