{"id":2,"date":"2017-09-25T10:10:21","date_gmt":"2017-09-25T13:10:21","guid":{"rendered":"https:\/\/wp.ufpel.edu.br\/rebecca\/?page_id=2"},"modified":"2017-09-29T18:17:18","modified_gmt":"2017-09-29T21:17:18","slug":"pagina-exemplo","status":"publish","type":"page","link":"https:\/\/wp.ufpel.edu.br\/rebecca\/pagina-exemplo\/","title":{"rendered":"ReBECCa"},"content":{"rendered":"<p>A\u00a0 ReBECCa \u00e9 a Rede Brasileira de Estudos sobre Com\u00e9rcio e Consumo, uma rede criada por pesquisadores brasileiros, em 21 de novembro de 2015, com o intuito de sistematizar os estudos da Geografia sobre Com\u00e9rcio, Consumo e Cidade, no Brasil.<\/p>\n<p>A ReBECCa \u00e9 composta por pesquisadores, professores e extensionistas da \u00e1rea da Geografia de universidades p\u00fablicas e privadas do Brasil, bem como por estudantes de cursos de gradua\u00e7\u00e3o e p\u00f3s-gradua\u00e7\u00e3o em Geografia, cujo tema de interesse seja o com\u00e9rcio, o consumo e a cidade.<\/p>\n<p>&nbsp;<\/p>\n","protected":false},"excerpt":{"rendered":"<p>A\u00a0 ReBECCa \u00e9 a Rede Brasileira de Estudos sobre Com\u00e9rcio e Consumo, uma rede criada por pesquisadores brasileiros, em 21 de novembro de 2015, com o intuito de sistematizar os estudos da Geografia sobre Com\u00e9rcio, Consumo e Cidade, no Brasil. A ReBECCa \u00e9 composta por pesquisadores, professores e extensionistas da \u00e1rea da Geografia de universidades p\u00fablicas e privadas do Brasil, bem como por estudantes de cursos de gradua\u00e7\u00e3o e p\u00f3s-gradua\u00e7\u00e3o em Geografia, cujo tema de interesse seja o com\u00e9rcio, o consumo e a cidade. &nbsp;<\/p>\n","protected":false},"author":802,"featured_media":0,"parent":0,"menu_order":0,"comment_status":"closed","ping_status":"closed","template":"","meta":{"jetpack_post_was_ever_published":false,"footnotes":""},"class_list":["post-2","page","type-page","status-publish","hentry"],"jetpack_sharing_enabled":true,"jetpack_shortlink":"https:\/\/wp.me\/P9g8aP-2","jetpack_likes_enabled":true,"jetpack-related-posts":[{"id":23,"url":"https:\/\/wp.ufpel.edu.br\/rebecca\/objetivos\/","url_meta":{"origin":2,"position":0},"title":"Objetivos","author":"rebecca","date":"25\/09\/2017","format":false,"excerpt":"A ReBECCa, Rede Brasileira de Estudos Geogr\u00e1ficos Sobre Com\u00e9rcio e Consumo, com base em seu Estatuto, busca a consecu\u00e7\u00e3o dos seguintes objetivos: \u00a0 I \u2013 Organizar profissionais, professores e pesquisadores brasileiros, em uma rede acad\u00eamica de estudos tem\u00e1ticos sobre a Geografia do com\u00e9rcio e do consumo; II - Identificar a\u2026","rel":"","context":"Post similar","block_context":{"text":"Post similar","link":""},"img":{"alt_text":"","src":"","width":0,"height":0},"classes":[]},{"id":122,"url":"https:\/\/wp.ufpel.edu.br\/rebecca\/entre-na-rede\/","url_meta":{"origin":2,"position":1},"title":"Entre na Rede","author":"rebecca","date":"24\/10\/2017","format":false,"excerpt":"A Rede Brasileira de Estudos Geogr\u00e1ficos Sobre Com\u00e9rcio e Consumo, ReBECCa, \u00e9 uma associa\u00e7\u00e3o civil sem fins lucrativos que congrega profissionais, pesquisadores e professores, da Geografia e de \u00e1reas afins, cujos temas de interesse sejam os estudos sobre com\u00e9rcio e consumo. Para participar da Rede, encaminhe sua solicita\u00e7\u00e3o por interm\u00e9dio\u2026","rel":"","context":"Post similar","block_context":{"text":"Post similar","link":""},"img":{"alt_text":"","src":"","width":0,"height":0},"classes":[]},{"id":8,"url":"https:\/\/wp.ufpel.edu.br\/rebecca\/quem-somos\/","url_meta":{"origin":2,"position":2},"title":"Hist\u00f3rico","author":"rebecca","date":"25\/09\/2017","format":false,"excerpt":"A cria\u00e7\u00e3o da Rede A ReBECCa, Rede Brasileira de Estudos Geogr\u00e1ficos sobre Com\u00e9rcio e Consumo, foi criada em 21 de novembro de 2015, durante a realiza\u00e7\u00e3o do XI Semin\u00e1rio de Estudos Urbanos e Regionais e o V Col\u00f3quio Internacional sobre Com\u00e9rcio e Consumo Urbano, organizado pela Universidade Federal de Pelotas,\u2026","rel":"","context":"Post similar","block_context":{"text":"Post similar","link":""},"img":{"alt_text":"","src":"https:\/\/i0.wp.com\/wp.ufpel.edu.br\/rebecca\/files\/2017\/09\/Rede-Pelotas-400x236.jpg?resize=350%2C200&ssl=1","width":350,"height":200},"classes":[]},{"id":335,"url":"https:\/\/wp.ufpel.edu.br\/rebecca\/conselho-diretor\/coordenacoes\/","url_meta":{"origin":2,"position":3},"title":"Coordena\u00e7\u00f5es","author":"rebecca","date":"13\/12\/2017","format":false,"excerpt":"2\u00aa Coordena\u00e7\u00e3o - Bi\u00eanio 2021\/2023 Coordena\u00e7\u00e3o Geral: Sidney Gon\u00e7alves Vieira (UFPEL, RS); Coordena\u00e7\u00e3o Adjunta: Lincoln da Silva Diniz (UFCG, PB); Coordena\u00e7\u00e3o de Eventos: Dione Dutra Lihtnov (LEUR\/UFPel, RS); Coordena\u00e7\u00e3o de Publica\u00e7\u00f5es: Cl\u00e1udio Ressurrei\u00e7\u00e3o dos Santos (SEC\/BA) e Paulo Roberto Baqueiro Brand\u00e3o (UFOB, BA); Coordena\u00e7\u00e3o de Rede Digital: Carlos Henrique Costa\u2026","rel":"","context":"Post similar","block_context":{"text":"Post similar","link":""},"img":{"alt_text":"","src":"","width":0,"height":0},"classes":[]},{"id":57,"url":"https:\/\/wp.ufpel.edu.br\/rebecca\/conselho-diretor\/","url_meta":{"origin":2,"position":4},"title":"Organiza\u00e7\u00e3o","author":"rebecca","date":"29\/09\/2017","format":false,"excerpt":"A ReBECCa, Rede Brasileira de Estudos Geogr\u00e1ficos sobre Com\u00e9rcio e Consumo, est\u00e1 estruturada no formato de uma rede cujo n\u00f3 principal s\u00e3o as Universidades Conveniadas, por interm\u00e9dio dos L\u00edderes de Grupos de Pesquisa e Extens\u00e3o. Ligados a esse n\u00f3 est\u00e3o os Membros de Grupos de Pesquisa e Extens\u00e3o das Universidades\u2026","rel":"","context":"Post similar","block_context":{"text":"Post similar","link":""},"img":{"alt_text":"","src":"https:\/\/i0.wp.com\/wp.ufpel.edu.br\/rebecca\/files\/2017\/09\/organo-1024x848.png?resize=350%2C200&ssl=1","width":350,"height":200,"srcset":"https:\/\/i0.wp.com\/wp.ufpel.edu.br\/rebecca\/files\/2017\/09\/organo-1024x848.png?resize=350%2C200&ssl=1 1x, https:\/\/i0.wp.com\/wp.ufpel.edu.br\/rebecca\/files\/2017\/09\/organo-1024x848.png?resize=525%2C300&ssl=1 1.5x, https:\/\/i0.wp.com\/wp.ufpel.edu.br\/rebecca\/files\/2017\/09\/organo-1024x848.png?resize=700%2C400&ssl=1 2x"},"classes":[]},{"id":114,"url":"https:\/\/wp.ufpel.edu.br\/rebecca\/pesquisa-nacional-de-informacoes-sobre-comercio-e-consumo-em-municipios-selecionados\/","url_meta":{"origin":2,"position":5},"title":"Pesquisa Nacional de Informa\u00e7\u00f5es Sobre Com\u00e9rcio e Consumo em Munic\u00edpios Selecionados","author":"rebecca","date":"20\/10\/2017","format":false,"excerpt":"A ReBECCa, Rede Brasileira de Estudos Geogr\u00e1ficos Sobre Com\u00e9rcio e Consumo, realizar\u00e1 pesquisa anual, com base em uma mesma metodologia, contendo dados coletados em diversos munic\u00edpios brasileiros, com informa\u00e7\u00f5es acerca das atividades terci\u00e1rias. Em cada munic\u00edpio integrante da pesquisa, cuja participa\u00e7\u00e3o ser\u00e1 definida pela ReBECCa considerando a disponibilidade de informa\u00e7\u00f5es\u2026","rel":"","context":"Post similar","block_context":{"text":"Post similar","link":""},"img":{"alt_text":"","src":"","width":0,"height":0},"classes":[]}],"_links":{"self":[{"href":"https:\/\/wp.ufpel.edu.br\/rebecca\/wp-json\/wp\/v2\/pages\/2","targetHints":{"allow":["GET"]}}],"collection":[{"href":"https:\/\/wp.ufpel.edu.br\/rebecca\/wp-json\/wp\/v2\/pages"}],"about":[{"href":"https:\/\/wp.ufpel.edu.br\/rebecca\/wp-json\/wp\/v2\/types\/page"}],"author":[{"embeddable":true,"href":"https:\/\/wp.ufpel.edu.br\/rebecca\/wp-json\/wp\/v2\/users\/802"}],"replies":[{"embeddable":true,"href":"https:\/\/wp.ufpel.edu.br\/rebecca\/wp-json\/wp\/v2\/comments?post=2"}],"version-history":[{"count":7,"href":"https:\/\/wp.ufpel.edu.br\/rebecca\/wp-json\/wp\/v2\/pages\/2\/revisions"}],"predecessor-version":[{"id":68,"href":"https:\/\/wp.ufpel.edu.br\/rebecca\/wp-json\/wp\/v2\/pages\/2\/revisions\/68"}],"wp:attachment":[{"href":"https:\/\/wp.ufpel.edu.br\/rebecca\/wp-json\/wp\/v2\/media?parent=2"}],"curies":[{"name":"wp","href":"https:\/\/api.w.org\/{rel}","templated":true}]}}