{"id":122,"date":"2017-10-24T15:14:46","date_gmt":"2017-10-24T17:14:46","guid":{"rendered":"https:\/\/wp.ufpel.edu.br\/rebecca\/?page_id=122"},"modified":"2022-05-04T15:24:41","modified_gmt":"2022-05-04T18:24:41","slug":"entre-na-rede","status":"publish","type":"page","link":"https:\/\/wp.ufpel.edu.br\/rebecca\/entre-na-rede\/","title":{"rendered":"Entre na Rede"},"content":{"rendered":"<p>A Rede Brasileira de Estudos Geogr\u00e1ficos Sobre Com\u00e9rcio e Consumo, ReBECCa, \u00e9 uma associa\u00e7\u00e3o civil sem fins lucrativos que congrega profissionais, pesquisadores e professores, da Geografia e de \u00e1reas afins, cujos temas de interesse sejam os estudos sobre com\u00e9rcio e consumo.<\/p>\n<p>Para participar da Rede, encaminhe sua solicita\u00e7\u00e3o por interm\u00e9dio do formul\u00e1rio a seguir. Assine nossa Newsletter, informando seu e-mail em <strong>RECEBA NOT\u00cdCIAS DA REBECCA POR E-MAIL<\/strong>, na coluna esquerda da p\u00e1gina deste blog. Assim, voc\u00ea ficar\u00e1 sempre atualizado sobre as atividades da rede.<\/p>\n<p><em><strong><a href=\"https:\/\/goo.gl\/forms\/tu7wGm8pjqabRgUJ3\">Formul\u00e1rio de Inscri\u00e7\u00e3o na Rede Brasileira de Estudos Geogr\u00e1ficos Sobre Com\u00e9rcio e Consumo &#8211; ReBECCa<\/a>\u00a0<\/strong><\/em><\/p>\n","protected":false},"excerpt":{"rendered":"<p>A Rede Brasileira de Estudos Geogr\u00e1ficos Sobre Com\u00e9rcio e Consumo, ReBECCa, \u00e9 uma associa\u00e7\u00e3o civil sem fins lucrativos que congrega profissionais, pesquisadores e professores, da Geografia e de \u00e1reas afins, cujos temas de interesse sejam os estudos sobre com\u00e9rcio e consumo. Para participar da Rede, encaminhe sua solicita\u00e7\u00e3o por interm\u00e9dio do formul\u00e1rio a seguir. Assine nossa Newsletter, informando seu e-mail em RECEBA NOT\u00cdCIAS DA REBECCA POR E-MAIL, na coluna esquerda da p\u00e1gina deste blog. Assim, voc\u00ea ficar\u00e1 sempre atualizado sobre as atividades da rede. Formul\u00e1rio de Inscri\u00e7\u00e3o na Rede Brasileira de Estudos Geogr\u00e1ficos Sobre Com\u00e9rcio e Consumo &#8211; ReBECCa\u00a0<\/p>\n","protected":false},"author":802,"featured_media":0,"parent":0,"menu_order":0,"comment_status":"closed","ping_status":"closed","template":"","meta":{"jetpack_post_was_ever_published":false,"footnotes":""},"class_list":["post-122","page","type-page","status-publish","hentry"],"jetpack_sharing_enabled":true,"jetpack_shortlink":"https:\/\/wp.me\/P9g8aP-1Y","jetpack_likes_enabled":true,"jetpack-related-posts":[{"id":23,"url":"https:\/\/wp.ufpel.edu.br\/rebecca\/objetivos\/","url_meta":{"origin":122,"position":0},"title":"Objetivos","author":"rebecca","date":"25\/09\/2017","format":false,"excerpt":"A ReBECCa, Rede Brasileira de Estudos Geogr\u00e1ficos Sobre Com\u00e9rcio e Consumo, com base em seu Estatuto, busca a consecu\u00e7\u00e3o dos seguintes objetivos: \u00a0 I \u2013 Organizar profissionais, professores e pesquisadores brasileiros, em uma rede acad\u00eamica de estudos tem\u00e1ticos sobre a Geografia do com\u00e9rcio e do consumo; II - Identificar a\u2026","rel":"","context":"Post similar","block_context":{"text":"Post similar","link":""},"img":{"alt_text":"","src":"","width":0,"height":0},"classes":[]},{"id":335,"url":"https:\/\/wp.ufpel.edu.br\/rebecca\/conselho-diretor\/coordenacoes\/","url_meta":{"origin":122,"position":1},"title":"Coordena\u00e7\u00f5es","author":"rebecca","date":"13\/12\/2017","format":false,"excerpt":"2\u00aa Coordena\u00e7\u00e3o - Bi\u00eanio 2021\/2023 Coordena\u00e7\u00e3o Geral: Sidney Gon\u00e7alves Vieira (UFPEL, RS); Coordena\u00e7\u00e3o Adjunta: Lincoln da Silva Diniz (UFCG, PB); Coordena\u00e7\u00e3o de Eventos: Dione Dutra Lihtnov (LEUR\/UFPel, RS); Coordena\u00e7\u00e3o de Publica\u00e7\u00f5es: Cl\u00e1udio Ressurrei\u00e7\u00e3o dos Santos (SEC\/BA) e Paulo Roberto Baqueiro Brand\u00e3o (UFOB, BA); Coordena\u00e7\u00e3o de Rede Digital: Carlos Henrique Costa\u2026","rel":"","context":"Post similar","block_context":{"text":"Post similar","link":""},"img":{"alt_text":"","src":"","width":0,"height":0},"classes":[]},{"id":2,"url":"https:\/\/wp.ufpel.edu.br\/rebecca\/pagina-exemplo\/","url_meta":{"origin":122,"position":2},"title":"ReBECCa","author":"rebecca","date":"25\/09\/2017","format":false,"excerpt":"A\u00a0 ReBECCa \u00e9 a Rede Brasileira de Estudos sobre Com\u00e9rcio e Consumo, uma rede criada por pesquisadores brasileiros, em 21 de novembro de 2015, com o intuito de sistematizar os estudos da Geografia sobre Com\u00e9rcio, Consumo e Cidade, no Brasil. A ReBECCa \u00e9 composta por pesquisadores, professores e extensionistas da\u2026","rel":"","context":"Post similar","block_context":{"text":"Post similar","link":""},"img":{"alt_text":"","src":"","width":0,"height":0},"classes":[]},{"id":8,"url":"https:\/\/wp.ufpel.edu.br\/rebecca\/quem-somos\/","url_meta":{"origin":122,"position":3},"title":"Hist\u00f3rico","author":"rebecca","date":"25\/09\/2017","format":false,"excerpt":"A cria\u00e7\u00e3o da Rede A ReBECCa, Rede Brasileira de Estudos Geogr\u00e1ficos sobre Com\u00e9rcio e Consumo, foi criada em 21 de novembro de 2015, durante a realiza\u00e7\u00e3o do XI Semin\u00e1rio de Estudos Urbanos e Regionais e o V Col\u00f3quio Internacional sobre Com\u00e9rcio e Consumo Urbano, organizado pela Universidade Federal de Pelotas,\u2026","rel":"","context":"Post similar","block_context":{"text":"Post similar","link":""},"img":{"alt_text":"","src":"https:\/\/i0.wp.com\/wp.ufpel.edu.br\/rebecca\/files\/2017\/09\/Rede-Pelotas-400x236.jpg?resize=350%2C200&ssl=1","width":350,"height":200},"classes":[]},{"id":32,"url":"https:\/\/wp.ufpel.edu.br\/rebecca\/contatos\/","url_meta":{"origin":122,"position":4},"title":"Contatos","author":"rebecca","date":"25\/09\/2017","format":false,"excerpt":"Para entrar em contato com a administra\u00e7\u00e3o da Rede Brasileira de Estudos Geogr\u00e1ficos sobre Com\u00e9rcio e Consumo, ReBECCa, preencha o formul\u00e1rio a seguir e clique em \"Enviar\". To contact the administration of the Brazilian Network of Geographical Studies on Commerce and Consumption, ReBECCa, fill in the form below and click\u2026","rel":"","context":"Post similar","block_context":{"text":"Post similar","link":""},"img":{"alt_text":"","src":"","width":0,"height":0},"classes":[]},{"id":70,"url":"https:\/\/wp.ufpel.edu.br\/rebecca\/regulamento\/","url_meta":{"origin":122,"position":5},"title":"Estatuto","author":"rebecca","date":"29\/09\/2017","format":false,"excerpt":"O Estatuto da ReBECCa, Rede Brasileira de Estudos Geogr\u00e1ficos Sobre Com\u00e9rcio e Consumo, foi elaborado em conjunto pelas Universidades Conveniadas e serve de base para os relacionamentos entre os membros da rede. No Estatuto est\u00e3o delineadas a estrutura e funcionamento da rede, seus objetivos, membros participantes, bem como todas as\u2026","rel":"","context":"Post similar","block_context":{"text":"Post similar","link":""},"img":{"alt_text":"","src":"","width":0,"height":0},"classes":[]}],"_links":{"self":[{"href":"https:\/\/wp.ufpel.edu.br\/rebecca\/wp-json\/wp\/v2\/pages\/122","targetHints":{"allow":["GET"]}}],"collection":[{"href":"https:\/\/wp.ufpel.edu.br\/rebecca\/wp-json\/wp\/v2\/pages"}],"about":[{"href":"https:\/\/wp.ufpel.edu.br\/rebecca\/wp-json\/wp\/v2\/types\/page"}],"author":[{"embeddable":true,"href":"https:\/\/wp.ufpel.edu.br\/rebecca\/wp-json\/wp\/v2\/users\/802"}],"replies":[{"embeddable":true,"href":"https:\/\/wp.ufpel.edu.br\/rebecca\/wp-json\/wp\/v2\/comments?post=122"}],"version-history":[{"count":21,"href":"https:\/\/wp.ufpel.edu.br\/rebecca\/wp-json\/wp\/v2\/pages\/122\/revisions"}],"predecessor-version":[{"id":610,"href":"https:\/\/wp.ufpel.edu.br\/rebecca\/wp-json\/wp\/v2\/pages\/122\/revisions\/610"}],"wp:attachment":[{"href":"https:\/\/wp.ufpel.edu.br\/rebecca\/wp-json\/wp\/v2\/media?parent=122"}],"curies":[{"name":"wp","href":"https:\/\/api.w.org\/{rel}","templated":true}]}}