{"id":12,"date":"2021-08-31T11:09:20","date_gmt":"2021-08-31T14:09:20","guid":{"rendered":"https:\/\/wp.ufpel.edu.br\/raquelrecuero\/?page_id=12"},"modified":"2022-01-10T18:39:45","modified_gmt":"2022-01-10T21:39:45","slug":"publications","status":"publish","type":"page","link":"https:\/\/wp.ufpel.edu.br\/raquelrecuero\/publications\/","title":{"rendered":"Publications"},"content":{"rendered":"<div class=\"artigo-completo\">\n<div class=\"layout-cell layout-cell-1 text-align-right\">\n<p><strong>Papers (last 5 years):\u00a0<\/strong><\/p>\n<ul>\n<li><strong>RECUERO, Raquel<\/strong>; SOARES, F.B. ; VINHAS, Otavio I. ; VOLCAN, T. ; Huttner, L. R. ; SILVA, V. . <a href=\"https:\/\/ijoc.org\/index.php\/ijoc\/article\/view\/17724\/3631\" target=\"_blank\" rel=\"noopener\">Bolsonaro and the Far Right: How Disinformation About COVID-19 Circulates on Facebook in Brazil<\/a>. International Journal of Communication, v. 16, p. 148-171, 2022.<\/li>\n<li class=\"layout-cell-pad-5 text-align-right\">SOARES, Felipe B. ;\u00a0<b>RECUERO, Raquel<\/b> . <a href=\"https:\/\/journals.sagepub.com\/doi\/full\/10.1177\/20563051211009073\">Hashtag Wars: Political Disinformation and Discursive Struggles on Twitter conversations during the 2018 Brazilian Presidential Campaign.<\/a> SOCIAL MEDIA + SOCIETY, v. 1, p. 1-17, 2021.<\/li>\n<li class=\"layout-cell-pad-5 text-align-right\"><b><a class=\"tooltip\" title=\"Clique para visualizar o curr\u00edculo\" href=\"http:\/\/lattes.cnpq.br\/7230106202961229\" target=\"_blank\" rel=\"noopener\">RECUERO, Raquel<\/a><\/b>; SOARES, Felipe B. ; VINHAS, Otavio I. .<a href=\"https:\/\/firstmonday.org\/ojs\/index.php\/fm\/article\/view\/10551\"> Discursive strategies for disinformation on WhatsApp and Twitter during the 2018 Brazilian presidential election.<\/a> FIRST MONDAY (ONLINE), v. 26, p. 1-17, 2021.<\/li>\n<li class=\"layout-cell-pad-5 text-align-right\">SOARES, F.B. ; <b>RECUERO, Raquel<\/b> ; VOLCAN, T. ; FAGUNDES, G. ; SODRE, G. . <a href=\"https:\/\/misinforeview.hks.harvard.edu\/article\/research-note-bolsonaros-firehose-how-covid-19-disinformation-on-whatsapp-was-used-to-fight-a-government-political-crisis-in-brazil\/\">Bolsonaro&#8217;s firehose: How Covid-19 disinformation on WhatsApp was used to fight a government political crisis in Brazil.<\/a> Harvard Kennedy School Misinformation Review, v. 2, p. 1-17, 2021.<\/li>\n<li class=\"layout-cell-pad-5 text-align-right\">SOARES, FELIPE ; <b>Recuero, Raquel<\/b>\u00a0. <a href=\"https:\/\/journal.media-culture.org.au\/index.php\/mcjournal\/article\/view\/2735\">How the Mainstream Media Help to Spread Disinformation about Covid-19.<\/a> M\/C Journal, v. 24, p. 1-15, 2021.<\/li>\n<li class=\"layout-cell-pad-5 text-align-right\"><b><a class=\"tooltip\" title=\"Clique para visualizar o curr\u00edculo\" href=\"http:\/\/lattes.cnpq.br\/7230106202961229\" target=\"_blank\" rel=\"noopener\">RECUERO, Raquel<\/a><\/b>; SOARES, FELIPE ;\u00a0<a class=\"tooltip\" title=\"Clique para visualizar o curr\u00edculo\" href=\"http:\/\/lattes.cnpq.br\/2177934752454253\" target=\"_blank\" rel=\"noopener\">ZAGO, Gabriela<\/a>\u00a0. <a href=\"https:\/\/periodicos.uff.br\/contracampo\/article\/view\/45611\">Polariza\u00e7\u00e3o, Hiperpartidarismo e C\u00e2maras de Eco: Como circula a Desinforma\u00e7\u00e3o sobre Covid-19 no Twitter.<\/a> CONTRACAMPO (UFF), v. 40, p. 1-20, 2021. [In English &#8211;\n<div><a href=\"https:\/\/periodicos.uff.br\/contracampo\/article\/view\/45611\/29313\">Polarization, Hyperpartisanship, and Echo Chambers: How the disinformation<\/a><\/div>\n<div>about COVID-19 circulates on Twitter]<\/div>\n<\/li>\n<li class=\"layout-cell-pad-5 text-align-right\">\n<div>SOARES, FELIPE ; VIEGAS, P. R. ; BONOTO, Carolina ; <b>RECUERO, Raquel<\/b> . <a href=\"https:\/\/www.scielo.br\/j\/gal\/a\/XTsZj6gVkdp5BPXkXHYyB4F\/\">Covid-19, desinforma\u00e7\u00e3o e Facebook: circula\u00e7\u00e3o de URLs sobre a hidroxicloroquina em p\u00e1ginas e grupos p\u00fablicos.<\/a> GAL\u00c1XIA (S\u00c3O PAULO. ONLINE), v. 46, p. 1-24, 2021.<\/div>\n<\/li>\n<li class=\"layout-cell-pad-5 text-align-right\">\n<div>SOARES, FELIPE BONOW ; <b>Recuero, Raquel<\/b>\u00a0; VOLCAN, TAIANE ; FAGUNDES, GIANE ; SODR\u00c9, GI\u00c9LE . <a href=\"https:\/\/brapci.inf.br\/index.php\/res\/v\/160553\">Desinforma\u00e7\u00e3o sobre o Covid-19 no WhatsApp: a pandemia enquadrada como debate pol\u00edtico.<\/a> CI\u00caNCIA DA INFORMA\u00c7\u00c3O EM REVISTA, v. 8, p. 74, 2021.<\/div>\n<\/li>\n<li class=\"layout-cell-pad-5 text-align-right\">\n<div><b><a class=\"tooltip\" title=\"Clique para visualizar o curr\u00edculo\" href=\"http:\/\/lattes.cnpq.br\/7230106202961229\" target=\"_blank\" rel=\"noopener\">RECUERO, Raquel<\/a><\/b>. <a href=\"https:\/\/www.scielo.br\/j\/rbla\/a\/vKnghPRMJxbypBVRLYN3YTB\/?lang=pt\">#FraudenasUrnas: Estrat\u00e9gias Discursivas de Desinforma\u00e7\u00e3o no Twitter nas Elei\u00e7\u00f5es 2018.<\/a> Revista Brasileira de Lingu\u00edstica Aplicada, v. 20, p. 1, 2020.<\/div>\n<\/li>\n<li class=\"layout-cell-pad-5 text-align-right\">\n<div>VINHAS, Otavio Iost ; SAINZ, Nilton ; <b>RECUERO, Raquel<\/b> . <a href=\"https:\/\/periodicos.fclar.unesp.br\/estudos\/article\/view\/13433\">Antagonismos Discursivos nas hashtags MarqueteirosdoJair e Bolsol\u00e3o no Twitter:<\/a> Contribui\u00e7\u00f5es da An\u00e1lise de Redes Sociais \u00e0 Sociologia Digital. ESTUDOS DE SOCIOLOGIA (S\u00c3O PAULO), v. 25, p. 37-61, 2020.<\/div>\n<\/li>\n<li class=\"layout-cell-pad-5 text-align-right\">\n<div><b><a class=\"tooltip\" title=\"Clique para visualizar o curr\u00edculo\" href=\"http:\/\/lattes.cnpq.br\/7230106202961229\" target=\"_blank\" rel=\"noopener\">Recuero, Raquel<\/a><\/b>; SOARES, FELIPE . <a href=\"https:\/\/www.e-compos.org.br\/e-compos\/article\/view\/2127\">O Discurso Desinformativo sobre a Cura do COVID-19 no Twitter.<\/a> E-COMP\u00d3S (BRAS\u00cdLIA), v. 1, p. 1, 2020.<\/div>\n<\/li>\n<li class=\"layout-cell-pad-5 text-align-right\">\n<div><b><a class=\"tooltip\" title=\"Clique para visualizar o curr\u00edculo\" href=\"http:\/\/lattes.cnpq.br\/7230106202961229\" target=\"_blank\" rel=\"noopener\">RECUERO, Raquel<\/a><\/b>; SOARES, Felipe B. . <a href=\"https:\/\/proa.ua.pt\/index.php\/jdmi\/article\/view\/21243\">A Desinforma\u00e7\u00e3o sobre Meio Ambiente no Facebook: O caso das Queimadas no Pantanal.<\/a> Journal of Digital Media &amp; Interaction, v. 3, p. 1-17, 2020.<\/div>\n<\/li>\n<li class=\"layout-cell-pad-5 text-align-right\">\n<div><b><a class=\"tooltip\" title=\"Clique para visualizar o curr\u00edculo\" href=\"http:\/\/lattes.cnpq.br\/7230106202961229\" target=\"_blank\" rel=\"noopener\">Recuero, Raquel<\/a><\/b>; Gruzd, A. . <a href=\"https:\/\/www.scielo.br\/j\/gal\/a\/Kvxg4btPzLYdxXk77rGrmJS\/?lang=pt\">Cascatas de &#8220;Fake News&#8221; Pol\u00edticas: Um estudo de caso no Twitter.<\/a> GAL\u00c1XIA (PUCSP), v. 41, p. 31-47, 2019.<\/div>\n<\/li>\n<li class=\"layout-cell-pad-5 text-align-right\">\n<div><b><a class=\"tooltip\" title=\"Clique para visualizar o curr\u00edculo\" href=\"http:\/\/lattes.cnpq.br\/7230106202961229\" target=\"_blank\" rel=\"noopener\">Recuero, Raquel<\/a><\/b>;\u00a0<a class=\"tooltip\" title=\"Clique para visualizar o curr\u00edculo\" href=\"http:\/\/lattes.cnpq.br\/2177934752454253\" target=\"_blank\" rel=\"noopener\">ZAGO, Gabriela<\/a>\u00a0; SOARES, Felipe B. . <a href=\"https:\/\/journals.sagepub.com\/doi\/10.1177\/2056305119848745\">Using Social Network Analysis and Social Capital to Identify User Roles on Polarized Political Conversations on Twitter.<\/a> SOCIAL MEDIA + SOCIETY, v. 1, p. 1-20, 2019.<\/div>\n<\/li>\n<li class=\"layout-cell-pad-5 text-align-right\">\n<div><b><a class=\"tooltip\" title=\"Clique para visualizar o curr\u00edculo\" href=\"http:\/\/lattes.cnpq.br\/7230106202961229\" target=\"_blank\" rel=\"noopener\">RECUERO, Raquel<\/a><\/b>. <a href=\"http:\/\/revistacmc.espm.br\/index.php\/revistacmc\/article\/view\/2013\">Disputas discursivas, legitima\u00e7\u00e3o e desinforma\u00e7\u00e3o: o caso Veja x Bolsonaro nas elei\u00e7\u00f5es brasileiras de 2018.<\/a> COMUNICACAO, MIDIA E CONSUMO (ONLINE), v. 16, p. 432, 2019.<\/div>\n<\/li>\n<li class=\"layout-cell-pad-5 text-align-right\">\n<div>SOARES, Felipe B. ; Viegas, Paula ; Sudbrack, Shana ; <b>RECUERO, Raquel<\/b>\u00a0; Huttner, L. R. . &#8216;<a href=\"http:\/\/revistas.unisinos.br\/index.php\/fronteiras\/article\/view\/fem.2019.213.01\">DESINFORMA\u00c7\u00c3O E ESFERA P\u00daBLICA NO TWITTER: Disputas discursivas sobre o assassinato de Marielle Franco<\/a>&#8216;. REVISTA FRONTEIRAS (ONLINE), v. 3, p. 1-15, 2019.<\/div>\n<\/li>\n<li class=\"layout-cell-pad-5 text-align-right\">\n<div>SAINZ, Nilton ; <b>RECUERO, Raquel<\/b> . <a href=\"https:\/\/seer.ufrgs.br\/debates\/article\/view\/95553\">O que as p\u00e1ginas dos partidos dizem sobre eles? An\u00e1lise de redes das p\u00e1ginas oficiais dos partidos pol\u00edticos brasileiros no Facebook..<\/a> REVISTA DEBATES, v. 13, p. 27-57, 2019.<\/div>\n<\/li>\n<li class=\"layout-cell-pad-5 text-align-right\">\n<div>SOARES, Felipe B. ; <b>Recuero, Raquel<\/b> . <a href=\"http:\/\/ojs.labcom-ifp.ubi.pt\/index.php\/ec\/article\/view\/298\">A ARGUMENTA\u00c7\u00c3O DOS DEPUTADOS NA VOTA\u00c7\u00c3O DO PROCESSO DE IMPEACHMENT DE DILMA ROUSSEFF.<\/a> Estudos em Comunicacao, v. 17, p. 1-20, 2018.<\/div>\n<\/li>\n<li class=\"layout-cell-pad-5 text-align-right\">\n<div>SOARES, Felipe B. ; <b>Recuero, Raquel<\/b> . <a href=\"http:\/\/revista.ibict.br\/fiinf\/article\/view\/3836\">OPINI\u00c3O P\u00daBLICA NO TWITTER: AN\u00c1LISE DA INDICA\u00c7\u00c3O DE ALEXANDRE DE MORAES AO STF.<\/a> Logeion, v. 3, p. 18-34, 2017<\/div>\n<\/li>\n<li class=\"layout-cell-pad-5 text-align-right\">\n<div><a class=\"tooltip\" title=\"Clique para visualizar o curr\u00edculo\" href=\"http:\/\/lattes.cnpq.br\/2297271923723521\" target=\"_blank\" rel=\"noopener\">FRAGOSO, Suely<\/a>\u00a0;\u00a0<b>Recuero, Raquel<\/b>\u00a0; CAETANO, M. . <a href=\"https:\/\/periodicos.ufjf.br\/index.php\/lumina\/article\/view\/21367\">Viol\u00eancia de g\u00eanero entre gamers brasileiros: um estudo explorat\u00f3rio no Facebook.<\/a> LUMINA (JUIZ DE FORA), v. 11, p. 485, 2017.<\/div>\n<\/li>\n<\/ul>\n<\/div>\n<\/div>\n<div class=\"artigo-completo\">\n<div class=\"layout-cell layout-cell-11\">\n<div class=\"citado\"><strong>Book Chapters (Last 5 years)<\/strong><\/div>\n<div><\/div>\n<div>\n<div class=\"layout-cell layout-cell-1 text-align-right\">\n<ul>\n<li class=\"layout-cell-pad-5 text-align-right\">SOARES, FELIPE BONOW ;\u00a0<b>Recuero, Raquel<\/b> ; Viegas, Paula ; BONOTO, Carolina ; Huttner, Luiz Ricardo . Cloroquina e desinforma\u00e7\u00e3o sobre Covid-19 na m\u00eddia social do Brasil. Pesquisas comunicacionais em interface com arte, tecnologia, religi\u00e3o, meio ambiente. 1ed.: Pimenta Cultural, 2021, v. , p. 273-292.<\/li>\n<li class=\"layout-cell-pad-5 text-align-right\"><b><a class=\"tooltip\" href=\"http:\/\/lattes.cnpq.br\/7230106202961229\" target=\"_blank\" rel=\"noopener\">RECUERO, Raquel<\/a><\/b>;\u00a0<a class=\"tooltip\" href=\"http:\/\/lattes.cnpq.br\/2177934752454253\" target=\"_blank\" rel=\"noopener\">ZAGO, Gabriela<\/a> . Desafios e Perspectivas para a An\u00e1lise de Redes Sociais na Internet. In: FIALHO, Joaquim. (Org.). Redes Sociais. Como compreend\u00ea-las? Uma introdu\u00e7\u00e3o \u00e0 an\u00e1lise de redes sociais.. 1ed.Lisboa: S\u00edlabus, 2020, v. 1, p. 33-46.<\/li>\n<li class=\"layout-cell-pad-5 text-align-right\"><b><a class=\"tooltip\" href=\"http:\/\/lattes.cnpq.br\/7230106202961229\" target=\"_blank\" rel=\"noopener\">Recuero, Raquel<\/a><\/b>;\u00a0<a class=\"tooltip\" title=\"Clique para visualizar o curr\u00edculo\" href=\"http:\/\/lattes.cnpq.br\/2177934752454253\" target=\"_blank\" rel=\"noopener\">ZAGO, Gabriela<\/a> ; SOARES, Felipe B. . M\u00eddia Social e Filtros Bolha nas Conversa\u00e7\u00f5es Pol\u00edticas do Twitter. In: Joaquim Fialho, Jos\u00e9 Sarago\u00e7a, Maria da Saudade Baltazar, Marcos O. dos Santos. (Org.). Redes Sociais: Para uma Compreens\u00e3o Multidisciplinar da Sociedade. 1ed.Lisboa: Edi\u00e7\u00f5es S\u00edlabo, 2018, v. 1, p. 119-142.<\/li>\n<li class=\"layout-cell-pad-5 text-align-right\"><b><a class=\"tooltip\" title=\"Clique para visualizar o curr\u00edculo\" href=\"http:\/\/lattes.cnpq.br\/7230106202961229\" target=\"_blank\" rel=\"noopener\">RECUERO, Raquel<\/a><\/b>. Estudando Discursos em M\u00eddia Social: Uma proposta Metodol\u00f3gica. In: Tarc\u00edzio Silva; Jaqueline Buckstegge; Pedro Rochedo. (Org.). Estudando Cultira e Comunica\u00e7\u00e3o com M\u00eddia Sociais. 1ed.Sao Paulo: IBPAD, 2018, v. 1, p. 13-30.<\/li>\n<\/ul>\n<\/div>\n<\/div>\n<\/div>\n<\/div>\n<div><\/div>\n<div><strong>Books<\/strong><\/div>\n<div><\/div>\n<div>\n<div class=\"layout-cell layout-cell-1 text-align-right\">\n<ul>\n<li class=\"layout-cell-pad-5 text-align-right\"><b><a class=\"tooltip\" title=\"Clique para visualizar o curr\u00edculo\" href=\"http:\/\/lattes.cnpq.br\/7230106202961229\" target=\"_blank\" rel=\"noopener\">Recuero, Raquel<\/a><\/b>. <a href=\"http:\/\/www.edufba.ufba.br\/2017\/12\/introducao-a-analise-de-redes-sociais-online\/\">Introdu\u00e7\u00e3o \u00e0 An\u00e1lise de Redes Sociais Online.<\/a> 1. ed. Salvador: EDUFBA, 2017. v. 1. 101p .<\/li>\n<li class=\"layout-cell-pad-5 text-align-right\"><b><a class=\"tooltip\" title=\"Clique para visualizar o curr\u00edculo\" href=\"http:\/\/lattes.cnpq.br\/7230106202961229\" target=\"_blank\" rel=\"noopener\">RECUERO, R.<\/a><\/b>;\u00a0<a class=\"tooltip\" title=\"Clique para visualizar o curr\u00edculo\" href=\"http:\/\/lattes.cnpq.br\/0902112042317783\" target=\"_blank\" rel=\"noopener\">BASTOS, M. T.<\/a>\u00a0;\u00a0<a class=\"tooltip\" title=\"Clique para visualizar o curr\u00edculo\" href=\"http:\/\/lattes.cnpq.br\/2177934752454253\" target=\"_blank\" rel=\"noopener\">ZAGO, G. S.<\/a> . <a href=\"https:\/\/www.amazon.com.br\/An%C3%A1lise-Redes-Para-M%C3%ADdia-Social\/dp\/8520507336\">An\u00e1lise de Redes para M\u00eddia Social.<\/a> 1. ed. Porto Alegre: Editora Sulina, 2015. v. 1. 182p .<\/li>\n<li class=\"layout-cell-pad-5 text-align-right\"><b><a class=\"tooltip\" title=\"Clique para visualizar o curr\u00edculo\" href=\"http:\/\/lattes.cnpq.br\/7230106202961229\" target=\"_blank\" rel=\"noopener\">RECUERO, Raquel<\/a><\/b>;\u00a0<a class=\"tooltip\" title=\"Clique para visualizar o curr\u00edculo\" href=\"http:\/\/lattes.cnpq.br\/7474445800716834\" target=\"_blank\" rel=\"noopener\">RIBEIRO, Ana Elisa<\/a>\u00a0(Org.) ;\u00a0<a class=\"tooltip\" title=\"Clique para visualizar o curr\u00edculo\" href=\"http:\/\/lattes.cnpq.br\/3016042855685546\" target=\"_blank\" rel=\"noopener\">ARA\u00daJO, J. C.<\/a> (Org.) . Linguagem, Tecnologia e Sociedade. 3. ed. Pelotas: Educat, 2014. v. 17. 355p .<\/li>\n<li class=\"layout-cell-pad-5 text-align-right\"><b><a class=\"tooltip\" title=\"Clique para visualizar o curr\u00edculo\" href=\"http:\/\/lattes.cnpq.br\/7230106202961229\" target=\"_blank\" rel=\"noopener\">RECUERO, Raquel<\/a><\/b>. A Conversa\u00e7\u00e3o em Rede: A Comunica\u00e7\u00e3o Mediada pelo Computador e as Redes Sociais na Internet. 1. ed. Porto Alegre: Sulina, 2012. v. 1. 238p .<\/li>\n<li class=\"layout-cell-pad-5 text-align-right\"><a class=\"tooltip\" title=\"Clique para visualizar o curr\u00edculo\" href=\"http:\/\/lattes.cnpq.br\/2297271923723521\" target=\"_blank\" rel=\"noopener\">FRAGOSO, Suely<\/a>\u00a0;\u00a0<b>RECUERO, Raquel<\/b>\u00a0;\u00a0<a class=\"tooltip\" title=\"Clique para visualizar o curr\u00edculo\" href=\"http:\/\/lattes.cnpq.br\/8210260553342144\" target=\"_blank\" rel=\"noopener\">AMARAL, Adriana<\/a> . <a href=\"https:\/\/www.editorasulina.com.br\/detalhes.php?id=530\">M\u00e9todos de pesquisa para Internet.<\/a> 1. ed. Porto Alegre: Sulina, 2011. v. 1. 239p .<\/li>\n<li class=\"layout-cell-pad-5 text-align-right\"><b><a class=\"tooltip\" href=\"http:\/\/lattes.cnpq.br\/7230106202961229\" target=\"_blank\" rel=\"noopener\">RECUERO, Raquel<\/a><\/b>. <a href=\"https:\/\/www.amazon.com.br\/Redes-Sociais-Internet-Raquel-Recuero\/dp\/8520505252\/ref=asc_df_8520505252\/?tag=googleshopp00-20&amp;linkCode=df0&amp;hvadid=379818014045&amp;hvpos=&amp;hvnetw=g&amp;hvrand=9047170421100331076&amp;hvpone=&amp;hvptwo=&amp;hvqmt=&amp;hvdev=c&amp;hvdvcmdl=&amp;hvlocint=&amp;hvlocphy=1001686&amp;hvtargid=pla-423142304081&amp;psc=1\">Redes Sociais na Internet.<\/a> 2. ed. Porto Alegre: Sulina, 2011. (2009 &#8211; 1st edition) 208p .<\/li>\n<li class=\"layout-cell-pad-5 text-align-right\"><b><a class=\"tooltip\" title=\"Clique para visualizar o curr\u00edculo\" href=\"http:\/\/lattes.cnpq.br\/7230106202961229\" target=\"_blank\" rel=\"noopener\">RECUERO, Raquel<\/a><\/b>;\u00a0<a class=\"tooltip\" href=\"http:\/\/lattes.cnpq.br\/8210260553342144\" target=\"_blank\" rel=\"noopener\">AMARAL, Adriana<\/a>\u00a0(Org.) ;\u00a0<a class=\"tooltip\" title=\"Clique para visualizar o curr\u00edculo\" href=\"http:\/\/lattes.cnpq.br\/8777914359430078\" target=\"_blank\" rel=\"noopener\">MONTARDO, Sandra<\/a>\u00a0(Org.) . <a href=\"https:\/\/www.academia.edu\/12080617\/Blogs.com_estudos_sobre_blogs_e_comunica%C3%A7%C3%A3o?auto=download\">Blogs.com: Estudos sobre blogs e comunica\u00e7\u00e3o.<\/a> Sao Paulo: Momento, 2009. v. 1. 292p .<\/li>\n<\/ul>\n<\/div>\n<div class=\"layout-cell layout-cell-11\">\n<div class=\"layout-cell-pad-5\"><\/div>\n<\/div>\n<\/div>\n","protected":false},"excerpt":{"rendered":"<p>Papers (last 5 years):\u00a0 RECUERO, Raquel; SOARES, F.B. ; VINHAS, Otavio I. ; VOLCAN, T. ; Huttner, L. R. ; SILVA, V. . Bolsonaro and the Far Right: How Disinformation About COVID-19 Circulates on Facebook in Brazil. International Journal of Communication, v. 16, p. 148-171, 2022. SOARES, Felipe B. ;\u00a0RECUERO, Raquel . Hashtag Wars: Political &hellip; <a href=\"https:\/\/wp.ufpel.edu.br\/raquelrecuero\/publications\/\" class=\"more-link\">Continuar lendo <span class=\"screen-reader-text\">Publications<\/span><\/a><\/p>\n","protected":false},"author":1142,"featured_media":0,"parent":0,"menu_order":0,"comment_status":"closed","ping_status":"closed","template":"","meta":{"footnotes":""},"class_list":["post-12","page","type-page","status-publish","hentry"],"_links":{"self":[{"href":"https:\/\/wp.ufpel.edu.br\/raquelrecuero\/wp-json\/wp\/v2\/pages\/12","targetHints":{"allow":["GET"]}}],"collection":[{"href":"https:\/\/wp.ufpel.edu.br\/raquelrecuero\/wp-json\/wp\/v2\/pages"}],"about":[{"href":"https:\/\/wp.ufpel.edu.br\/raquelrecuero\/wp-json\/wp\/v2\/types\/page"}],"author":[{"embeddable":true,"href":"https:\/\/wp.ufpel.edu.br\/raquelrecuero\/wp-json\/wp\/v2\/users\/1142"}],"replies":[{"embeddable":true,"href":"https:\/\/wp.ufpel.edu.br\/raquelrecuero\/wp-json\/wp\/v2\/comments?post=12"}],"version-history":[{"count":5,"href":"https:\/\/wp.ufpel.edu.br\/raquelrecuero\/wp-json\/wp\/v2\/pages\/12\/revisions"}],"predecessor-version":[{"id":119,"href":"https:\/\/wp.ufpel.edu.br\/raquelrecuero\/wp-json\/wp\/v2\/pages\/12\/revisions\/119"}],"wp:attachment":[{"href":"https:\/\/wp.ufpel.edu.br\/raquelrecuero\/wp-json\/wp\/v2\/media?parent=12"}],"curies":[{"name":"wp","href":"https:\/\/api.w.org\/{rel}","templated":true}]}}