{"id":46,"date":"2011-01-20T12:18:37","date_gmt":"2011-01-20T15:18:37","guid":{"rendered":"https:\/\/wp.ufpel.edu.br\/quimicaindustrial\/"},"modified":"2018-03-27T12:24:36","modified_gmt":"2018-03-27T15:24:36","slug":"ingresso","status":"publish","type":"page","link":"https:\/\/wp.ufpel.edu.br\/quimicaindustrial\/sobre\/ingresso\/","title":{"rendered":"Ingresso"},"content":{"rendered":"<p style=\"text-align: justify\">O ingresso no curso de Qu\u00edmica Industrial se d\u00e1 atrav\u00e9s do Sistema de Sele\u00e7\u00e3o Unificada (SiSU) que seleciona os candidatos \u00e0s vagas das institui\u00e7\u00f5es p\u00fablicas de ensino superior que optaram \u00a0pelo Exame Nacional do Ensino M\u00e9dio (Enem) como \u00fanica fase de seu processo seletivo.<\/p>\n<p>Para maiores informa\u00e7\u00f5es acesse os \u00a0links:<\/p>\n<p>SiSU: <a title=\"SiSU\" href=\"http:\/\/sisu.mec.gov.br\/\" target=\"_blank\" rel=\"noopener\">http:\/\/sisu.mec.gov.br\/<\/a><\/p>\n<p>ENEM: <a title=\"ENEM\" href=\"http:\/\/www.enem.inep.gov.br\/\" target=\"_blank\" rel=\"noopener\">http:\/\/www.enem.inep.gov.br\/<\/a><\/p>\n<p>S\u00e3o disponibilizadas vagas tamb\u00e9m atrav\u00e9s do Programa de Avalia\u00e7\u00e3o da Vida Escolar (PAVE). Mais informa\u00e7\u00f5es sobre esta modalidade de ingresso atrav\u00e9s do link abaixo:<\/p>\n<p>https:\/\/wp.ufpel.edu.br\/cra\/pave\/<\/p>\n<p>Al\u00e9m disso, \u00e9 poss\u00edvel ingressar no curso atrav\u00e9s das seguintes modalidades: \u00a0Transfer\u00eancia, Reingresso, Reop\u00e7\u00e3o e Portador de Diploma. Para isso, \u00e9 preciso acompanhar o calend\u00e1rio acad\u00eamico \u00a0e ficar atento para a divulga\u00e7\u00e3o do edital no per\u00edodo estipulado. Confira:<\/p>\n<p><a href=\"http:\/\/portal.ufpel.edu.br\/wp-content\/uploads\/Calendario-Academico-2018_v04-16MAR2018.pdf\">Calend\u00e1rio Acad\u00eamico<\/a><\/p>\n<p>Site da CRA:\u00a0<a href=\"https:\/\/wp.ufpel.edu.br\/cra\/\">https:\/\/wp.ufpel.edu.br\/cra\/<\/a><\/p>\n<p><a href=\"https:\/\/wp.ufpel.edu.br\/quimicaindustrial\/files\/2018\/03\/Resolu\u00e7\u00e3o-24.2016.pdf\">Resolu\u00e7\u00e3o-24.2016<\/a><\/p>\n","protected":false},"excerpt":{"rendered":"<p>O ingresso no curso de Qu\u00edmica Industrial se d\u00e1 atrav\u00e9s do Sistema de Sele\u00e7\u00e3o Unificada (SiSU) que seleciona os candidatos \u00e0s vagas das institui\u00e7\u00f5es p\u00fablicas de ensino superior que optaram \u00a0pelo Exame Nacional do Ensino M\u00e9dio (Enem) como \u00fanica fase &hellip; <a href=\"https:\/\/wp.ufpel.edu.br\/quimicaindustrial\/sobre\/ingresso\/\">Continue lendo <span class=\"meta-nav\">&rarr;<\/span><\/a><\/p>\n","protected":false},"author":92,"featured_media":0,"parent":2,"menu_order":1,"comment_status":"closed","ping_status":"closed","template":"","meta":{"footnotes":""},"class_list":["post-46","page","type-page","status-publish","hentry"],"_links":{"self":[{"href":"https:\/\/wp.ufpel.edu.br\/quimicaindustrial\/wp-json\/wp\/v2\/pages\/46","targetHints":{"allow":["GET"]}}],"collection":[{"href":"https:\/\/wp.ufpel.edu.br\/quimicaindustrial\/wp-json\/wp\/v2\/pages"}],"about":[{"href":"https:\/\/wp.ufpel.edu.br\/quimicaindustrial\/wp-json\/wp\/v2\/types\/page"}],"author":[{"embeddable":true,"href":"https:\/\/wp.ufpel.edu.br\/quimicaindustrial\/wp-json\/wp\/v2\/users\/92"}],"replies":[{"embeddable":true,"href":"https:\/\/wp.ufpel.edu.br\/quimicaindustrial\/wp-json\/wp\/v2\/comments?post=46"}],"version-history":[{"count":13,"href":"https:\/\/wp.ufpel.edu.br\/quimicaindustrial\/wp-json\/wp\/v2\/pages\/46\/revisions"}],"predecessor-version":[{"id":1326,"href":"https:\/\/wp.ufpel.edu.br\/quimicaindustrial\/wp-json\/wp\/v2\/pages\/46\/revisions\/1326"}],"up":[{"embeddable":true,"href":"https:\/\/wp.ufpel.edu.br\/quimicaindustrial\/wp-json\/wp\/v2\/pages\/2"}],"wp:attachment":[{"href":"https:\/\/wp.ufpel.edu.br\/quimicaindustrial\/wp-json\/wp\/v2\/media?parent=46"}],"curies":[{"name":"wp","href":"https:\/\/api.w.org\/{rel}","templated":true}]}}