{"id":2,"date":"2011-01-18T11:22:26","date_gmt":"2011-01-18T11:22:26","guid":{"rendered":"https:\/\/wp.ufpel.edu.br\/quimicaindustrial\/?page_id=2"},"modified":"2011-06-20T10:19:16","modified_gmt":"2011-06-20T13:19:16","slug":"sobre","status":"publish","type":"page","link":"https:\/\/wp.ufpel.edu.br\/quimicaindustrial\/sobre\/","title":{"rendered":"Sobre a forma\u00e7\u00e3o"},"content":{"rendered":"<p style=\"text-align: justify\">O Bacharel em Qu\u00edmica Industrial da Universidade Federal de Pelotas ter\u00e1 uma forma\u00e7\u00e3o generalista, com dom\u00ednio das t\u00e9cnicas b\u00e1sicas de utiliza\u00e7\u00e3o de laborat\u00f3rios e equipamentos. Ter\u00e1 condi\u00e7\u00f5es de atuar nos mais variados campos da Ind\u00fastria Qu\u00edmica e correlatas que envolvam as transforma\u00e7\u00f5es da mat\u00e9ria, direcionando essas transforma\u00e7\u00f5es, controlando os seus produtos, interpretando criticamente as etapas, efeitos e resultados; aplicando abordagens criativas \u00e0 solu\u00e7\u00e3o dos problemas e desenvolvendo novas aplica\u00e7\u00f5es e tecnologias. Esta forma\u00e7\u00e3o ter\u00e1 como base um curr\u00edculo flex\u00edvel permitindo capacitar o profissional de acordo com os seus interesses e prefer\u00eancias de modo a permitir que ele realize atividades profissionais na \u00e1rea da Qu\u00edmica ou em \u00e1reas correlatas, com \u00eanfase, inicialmente, na aplica\u00e7\u00e3o da Biotecnologia, da Agroind\u00fastria e dos Recursos Renov\u00e1veis.\u00a0O profissional formado dever\u00e1 ser capaz de introduzir novas tecnologias no mercado, investigar aplica\u00e7\u00f5es n\u00e3o usuais de subprodutos, determinar,\u00a0com precis\u00e3o cient\u00edfica, que produtos podem ser elaborados a partir dos recursos naturais dispon\u00edveis na regi\u00e3o e no resto do pa\u00eds. No mercado de trabalho, o profissional poder\u00e1 atuar ainda em pesquisa, seja no setor industrial com atua\u00e7\u00e3o em \u00e1reas agroindustriais e de biotecnologia ou em institui\u00e7\u00f5es de pesquisa buscando o desenvolvimento de novas tecnologias, principalmente voltadas para as rela\u00e7\u00f5es com o meio ambiente e a utiliza\u00e7\u00e3o de recursos renov\u00e1veis.<\/p>\n<p style=\"text-align: justify\">A forma\u00e7\u00e3o Geral e Human\u00edstica permitir\u00e1 exercer plenamente sua cidadania e enquanto profissional, respeitar o direito \u00e0 vida e ao bem-estar dos cidad\u00e3os, al\u00e9m de refletir sobre o comportamento \u00e9tico que a sociedade espera de sua atua\u00e7\u00e3o e de suas rela\u00e7\u00f5es com o contexto cultural, s\u00f3cio-econ\u00f4mico e pol\u00edtico.<\/p>\n<p style=\"text-align: justify\">Essa \u00a0forma\u00e7\u00e3o proposta capacitar\u00e1 o profissional a conhecer aspectos relevantes de administra\u00e7\u00e3o e de rela\u00e7\u00f5es econ\u00f4micas, al\u00e9m de saber atuar no magist\u00e9rio superior, de acordo com a legisla\u00e7\u00e3o especifica.<\/p>\n","protected":false},"excerpt":{"rendered":"<p>O Bacharel em Qu\u00edmica Industrial da Universidade Federal de Pelotas ter\u00e1 uma forma\u00e7\u00e3o generalista, com dom\u00ednio das t\u00e9cnicas b\u00e1sicas de utiliza\u00e7\u00e3o de laborat\u00f3rios e equipamentos. Ter\u00e1 condi\u00e7\u00f5es de atuar nos mais variados campos da Ind\u00fastria Qu\u00edmica e correlatas que envolvam &hellip; <a href=\"https:\/\/wp.ufpel.edu.br\/quimicaindustrial\/sobre\/\">Continue lendo <span class=\"meta-nav\">&rarr;<\/span><\/a><\/p>\n","protected":false},"author":92,"featured_media":0,"parent":0,"menu_order":1,"comment_status":"closed","ping_status":"open","template":"","meta":{"footnotes":""},"class_list":["post-2","page","type-page","status-publish","hentry"],"_links":{"self":[{"href":"https:\/\/wp.ufpel.edu.br\/quimicaindustrial\/wp-json\/wp\/v2\/pages\/2","targetHints":{"allow":["GET"]}}],"collection":[{"href":"https:\/\/wp.ufpel.edu.br\/quimicaindustrial\/wp-json\/wp\/v2\/pages"}],"about":[{"href":"https:\/\/wp.ufpel.edu.br\/quimicaindustrial\/wp-json\/wp\/v2\/types\/page"}],"author":[{"embeddable":true,"href":"https:\/\/wp.ufpel.edu.br\/quimicaindustrial\/wp-json\/wp\/v2\/users\/92"}],"replies":[{"embeddable":true,"href":"https:\/\/wp.ufpel.edu.br\/quimicaindustrial\/wp-json\/wp\/v2\/comments?post=2"}],"version-history":[{"count":5,"href":"https:\/\/wp.ufpel.edu.br\/quimicaindustrial\/wp-json\/wp\/v2\/pages\/2\/revisions"}],"predecessor-version":[{"id":237,"href":"https:\/\/wp.ufpel.edu.br\/quimicaindustrial\/wp-json\/wp\/v2\/pages\/2\/revisions\/237"}],"wp:attachment":[{"href":"https:\/\/wp.ufpel.edu.br\/quimicaindustrial\/wp-json\/wp\/v2\/media?parent=2"}],"curies":[{"name":"wp","href":"https:\/\/api.w.org\/{rel}","templated":true}]}}