{"id":1244,"date":"2016-05-16T10:48:47","date_gmt":"2016-05-16T13:48:47","guid":{"rendered":"https:\/\/wp.ufpel.edu.br\/quimicaindustrial\/?page_id=1244"},"modified":"2016-05-16T10:49:34","modified_gmt":"2016-05-16T13:49:34","slug":"empresasindustrias","status":"publish","type":"page","link":"https:\/\/wp.ufpel.edu.br\/quimicaindustrial\/estagio\/empresasindustrias\/","title":{"rendered":"Empresas\/Ind\u00fastrias"},"content":{"rendered":"<p>Acesse no link abaixo algumas sugest\u00f5es de locais para realiza\u00e7\u00e3o de Est\u00e1gio:<\/p>\n<p><a href=\"https:\/\/wp.ufpel.edu.br\/quimicaindustrial\/files\/2016\/05\/SUGEST\u00d5ES_DE_LOCAIS_PARA_REALIZA\u00c7\u00c3O_DE_EST\u00c1GIO.pdf\">SUGEST\u00d5ES_DE_LOCAIS_PARA_REALIZA\u00c7\u00c3O_DE_EST\u00c1GIO<\/a><\/p>\n","protected":false},"excerpt":{"rendered":"<p>Acesse no link abaixo algumas sugest\u00f5es de locais para realiza\u00e7\u00e3o de Est\u00e1gio: SUGEST\u00d5ES_DE_LOCAIS_PARA_REALIZA\u00c7\u00c3O_DE_EST\u00c1GIO<\/p>\n","protected":false},"author":92,"featured_media":0,"parent":344,"menu_order":2,"comment_status":"closed","ping_status":"closed","template":"","meta":{"footnotes":""},"class_list":["post-1244","page","type-page","status-publish","hentry"],"_links":{"self":[{"href":"https:\/\/wp.ufpel.edu.br\/quimicaindustrial\/wp-json\/wp\/v2\/pages\/1244","targetHints":{"allow":["GET"]}}],"collection":[{"href":"https:\/\/wp.ufpel.edu.br\/quimicaindustrial\/wp-json\/wp\/v2\/pages"}],"about":[{"href":"https:\/\/wp.ufpel.edu.br\/quimicaindustrial\/wp-json\/wp\/v2\/types\/page"}],"author":[{"embeddable":true,"href":"https:\/\/wp.ufpel.edu.br\/quimicaindustrial\/wp-json\/wp\/v2\/users\/92"}],"replies":[{"embeddable":true,"href":"https:\/\/wp.ufpel.edu.br\/quimicaindustrial\/wp-json\/wp\/v2\/comments?post=1244"}],"version-history":[{"count":1,"href":"https:\/\/wp.ufpel.edu.br\/quimicaindustrial\/wp-json\/wp\/v2\/pages\/1244\/revisions"}],"predecessor-version":[{"id":1247,"href":"https:\/\/wp.ufpel.edu.br\/quimicaindustrial\/wp-json\/wp\/v2\/pages\/1244\/revisions\/1247"}],"up":[{"embeddable":true,"href":"https:\/\/wp.ufpel.edu.br\/quimicaindustrial\/wp-json\/wp\/v2\/pages\/344"}],"wp:attachment":[{"href":"https:\/\/wp.ufpel.edu.br\/quimicaindustrial\/wp-json\/wp\/v2\/media?parent=1244"}],"curies":[{"name":"wp","href":"https:\/\/api.w.org\/{rel}","templated":true}]}}