{"id":17,"date":"2013-02-13T15:51:31","date_gmt":"2013-02-13T17:51:31","guid":{"rendered":"https:\/\/wp.ufpel.edu.br\/qforense\/?page_id=17"},"modified":"2026-02-09T21:30:31","modified_gmt":"2026-02-10T00:30:31","slug":"contatos","status":"publish","type":"page","link":"https:\/\/wp.ufpel.edu.br\/qforense\/contatos\/","title":{"rendered":"Contatos"},"content":{"rendered":"<p style=\"text-align: center;\"><span style=\"font-family: helvetica, arial, sans-serif;\"><b>Colegiado Bacharelado em Qu\u00edmica Forense<\/b><\/span><\/p>\n<p><span style=\"font-family: helvetica, arial, sans-serif;\"><b>Atendimento presencial:<\/b><span style=\"font-weight: 400;\"> Secretaria Acad\u00eamica da Gradua\u00e7\u00e3o, Sala 102, Pr\u00e9dio 31, Campus Cap\u00e3o do Le\u00e3o.<\/span><\/span><\/p>\n<p><span style=\"font-family: helvetica, arial, sans-serif;\"><b>Telefone:<\/b><span style=\"font-weight: 400;\"> (53) 3275-7454<\/span><\/span><\/p>\n<p><span style=\"font-family: helvetica, arial, sans-serif;\"><b>E-mail: <\/b><a href=\"mailto:quimicaforense.ufpel@gmail.com\"><span style=\"font-weight: 400;\">quimicaforense.ufpel@gmail.com<\/span><\/a><\/span><\/p>\n<p><span style=\"font-family: helvetica, arial, sans-serif;\"><b>Secret\u00e1ria:<\/b><span style=\"font-weight: 400;\"> Naiana Telles Ostosi<\/span><\/span><\/p>\n<p><span style=\"font-family: helvetica, arial, sans-serif;\"><b>Hor\u00e1rio:<\/b><span style=\"font-weight: 400;\"> 08h00 \u00e0s 20h00.<\/span><\/span><\/p>\n<p><span style=\"font-family: helvetica, arial, sans-serif;\"><b>Coordena\u00e7\u00e3o<\/b><span style=\"font-weight: 400;\">: \u00a0<\/span><\/span><\/p>\n<p><span style=\"font-family: helvetica, arial, sans-serif;\"><span style=\"font-weight: 400;\">Prof.\u00aa. Carla de Andrade Hartwig (Coordenadora)<\/span><\/span><\/p>\n<p style=\"text-align: left;\"><span style=\"font-weight: 400; font-family: helvetica, arial, sans-serif;\">Prof. Rogerio Ant\u00f4nio Freitag (Coordenador adjunto)<\/span><\/p>\n<p><span style=\"font-family: helvetica, arial, sans-serif;\"><span style=\"font-weight: 400;\">\u00a0 \u00a0 \u00a0 \u00a0 \u00a0 \u00a0 \u00a0 \u00a0 \u00a0 \u00a0 \u00a0 \u00a0 \u00a0<\/span><\/span><\/p>\n<p><span style=\"font-family: helvetica, arial, sans-serif;\"><b>Atendimento da coordena\u00e7\u00e3o:<\/b><span style=\"font-weight: 400;\"> Sala anexa \u00e0 Secretaria Acad\u00eamica da Gradua\u00e7\u00e3o.<\/span><\/span><\/p>\n<p style=\"text-align: justify;\">(Atendimentos presenciais 2025\/2: as ter\u00e7as-feiras e quintas-feiras, das 14:00 \u00e0s 16:00 h, ou outros hor\u00e1rios mediante agendamento via e-mail: quimicaforense.ufpel@gmail.com)<\/p>\n","protected":false},"excerpt":{"rendered":"<p>Colegiado Bacharelado em Qu\u00edmica Forense Atendimento presencial: Secretaria Acad\u00eamica da Gradua\u00e7\u00e3o, Sala 102, Pr\u00e9dio 31, Campus Cap\u00e3o do Le\u00e3o. Telefone: (53) 3275-7454 E-mail: quimicaforense.ufpel@gmail.com Secret\u00e1ria: Naiana Telles Ostosi Hor\u00e1rio: 08h00 \u00e0s 20h00. Coordena\u00e7\u00e3o: \u00a0 Prof.\u00aa. Carla de Andrade Hartwig (Coordenadora) Prof. Rogerio Ant\u00f4nio Freitag (Coordenador adjunto) \u00a0 \u00a0 \u00a0 \u00a0 \u00a0 \u00a0 \u00a0 \u00a0 \u00a0 &hellip; <\/p>\n<p><a class=\"more-link btn\" href=\"https:\/\/wp.ufpel.edu.br\/qforense\/contatos\/\">Continue lendo<\/a><\/p>\n","protected":false},"author":242,"featured_media":0,"parent":0,"menu_order":0,"comment_status":"closed","ping_status":"closed","template":"","meta":{"footnotes":""},"class_list":["post-17","page","type-page","status-publish","hentry","nodate","item-wrap"],"jetpack-related-posts":[],"jetpack_sharing_enabled":true,"_links":{"self":[{"href":"https:\/\/wp.ufpel.edu.br\/qforense\/wp-json\/wp\/v2\/pages\/17","targetHints":{"allow":["GET"]}}],"collection":[{"href":"https:\/\/wp.ufpel.edu.br\/qforense\/wp-json\/wp\/v2\/pages"}],"about":[{"href":"https:\/\/wp.ufpel.edu.br\/qforense\/wp-json\/wp\/v2\/types\/page"}],"author":[{"embeddable":true,"href":"https:\/\/wp.ufpel.edu.br\/qforense\/wp-json\/wp\/v2\/users\/242"}],"replies":[{"embeddable":true,"href":"https:\/\/wp.ufpel.edu.br\/qforense\/wp-json\/wp\/v2\/comments?post=17"}],"version-history":[{"count":4,"href":"https:\/\/wp.ufpel.edu.br\/qforense\/wp-json\/wp\/v2\/pages\/17\/revisions"}],"predecessor-version":[{"id":1790,"href":"https:\/\/wp.ufpel.edu.br\/qforense\/wp-json\/wp\/v2\/pages\/17\/revisions\/1790"}],"wp:attachment":[{"href":"https:\/\/wp.ufpel.edu.br\/qforense\/wp-json\/wp\/v2\/media?parent=17"}],"curies":[{"name":"wp","href":"https:\/\/api.w.org\/{rel}","templated":true}]}}