{"id":1514,"date":"2025-08-26T22:15:42","date_gmt":"2025-08-27T01:15:42","guid":{"rendered":"https:\/\/wp.ufpel.edu.br\/qforense\/?page_id=1514"},"modified":"2025-09-16T21:52:11","modified_gmt":"2025-09-17T00:52:11","slug":"regime-de-tcc-do-curso-de-quimica-forense","status":"publish","type":"page","link":"https:\/\/wp.ufpel.edu.br\/qforense\/regime-de-tcc-do-curso-de-quimica-forense\/","title":{"rendered":"Normas de elabora\u00e7\u00e3o de TCC do curso de Qu\u00edmica Forense"},"content":{"rendered":"<p>Clique no link abaixo para acessar o Regimento da Comiss\u00e3o de Est\u00e1gio e Monografia do Curso<\/p>\n<p><a href=\"https:\/\/wp.ufpel.edu.br\/qforense\/regime-de-tcc-do-curso-de-quimica-forense\/normais-tcc-forense\/\" rel=\"attachment wp-att-1656\">Clique aqui<\/a><\/p>\n<p>&nbsp;<\/p>\n","protected":false},"excerpt":{"rendered":"<p>Clique no link abaixo para acessar o Regimento da Comiss\u00e3o de Est\u00e1gio e Monografia do Curso Clique aqui &nbsp;<\/p>\n","protected":false},"author":242,"featured_media":0,"parent":0,"menu_order":0,"comment_status":"closed","ping_status":"closed","template":"","meta":{"footnotes":""},"class_list":["post-1514","page","type-page","status-publish","hentry","nodate","item-wrap"],"jetpack-related-posts":[],"jetpack_sharing_enabled":true,"_links":{"self":[{"href":"https:\/\/wp.ufpel.edu.br\/qforense\/wp-json\/wp\/v2\/pages\/1514","targetHints":{"allow":["GET"]}}],"collection":[{"href":"https:\/\/wp.ufpel.edu.br\/qforense\/wp-json\/wp\/v2\/pages"}],"about":[{"href":"https:\/\/wp.ufpel.edu.br\/qforense\/wp-json\/wp\/v2\/types\/page"}],"author":[{"embeddable":true,"href":"https:\/\/wp.ufpel.edu.br\/qforense\/wp-json\/wp\/v2\/users\/242"}],"replies":[{"embeddable":true,"href":"https:\/\/wp.ufpel.edu.br\/qforense\/wp-json\/wp\/v2\/comments?post=1514"}],"version-history":[{"count":4,"href":"https:\/\/wp.ufpel.edu.br\/qforense\/wp-json\/wp\/v2\/pages\/1514\/revisions"}],"predecessor-version":[{"id":1657,"href":"https:\/\/wp.ufpel.edu.br\/qforense\/wp-json\/wp\/v2\/pages\/1514\/revisions\/1657"}],"wp:attachment":[{"href":"https:\/\/wp.ufpel.edu.br\/qforense\/wp-json\/wp\/v2\/media?parent=1514"}],"curies":[{"name":"wp","href":"https:\/\/api.w.org\/{rel}","templated":true}]}}