{"id":4,"date":"2023-01-01T00:00:45","date_gmt":"2023-01-01T03:00:45","guid":{"rendered":"https:\/\/wp.ufpel.edu.br\/psufpel\/?page_id=4"},"modified":"2024-02-19T20:15:19","modified_gmt":"2024-02-19T23:15:19","slug":"aulas","status":"publish","type":"page","link":"https:\/\/wp.ufpel.edu.br\/psufpel\/aulas\/","title":{"rendered":"Aulas Primeiros Socorros"},"content":{"rendered":"<h1>AULAS DISPON\u00cdVEIS<\/h1>\n<p>&nbsp;<\/p>\n<p><a href=\"https:\/\/youtu.be\/x986sQ41q84?si=LKUxkD8R8pbcX6Q3\" target=\"_blank\" rel=\"noopener\">Aula introdut\u00f3ria sobre Primeiros Socorros<\/a><\/p>\n<p>&nbsp;<\/p>\n<p><a href=\"https:\/\/www.youtube.com\/watch?v=VDf7tRMYaqU\" target=\"_blank\" rel=\"noopener\">CANAIS DE AJUDA<\/a><\/p>\n<p><em>Reconhecimento de AVC<\/em><\/p>\n<p><a href=\"https:\/\/www.youtube.com\/watch?v=WQ_Jggr2lEo\" target=\"_blank\" rel=\"noopener\">RECONHECIMENTO DE POSS\u00cdVEL INFARTO<\/a><\/p>\n<p><a href=\"https:\/\/www.youtube.com\/watch?v=AX142H6NOrA\" target=\"_blank\" rel=\"noopener\">Convuls\u00f5es<\/a><\/p>\n<p><a href=\"https:\/\/youtu.be\/u_JSWIAj_uo\" target=\"_blank\" rel=\"noopener\">Crise de Broncoespasmo<\/a><\/p>\n<p><a href=\"https:\/\/www.youtube.com\/watch?v=J5akjug0V-s\" target=\"_blank\" rel=\"noopener\">S\u00edncope<\/a><\/p>\n<p><a href=\"https:\/\/youtu.be\/srO_48epfy8\">Anafilaxia<\/a><\/p>\n<p><a href=\"https:\/\/youtu.be\/9AUpGQqTMr8\" target=\"_blank\" rel=\"noopener\">Hipoglicemia<\/a><\/p>\n<p><a href=\"https:\/\/youtu.be\/2QWbTNC5sxw\" target=\"_blank\" rel=\"noopener\">Corte e abras\u00e3o<\/a><\/p>\n<p><a href=\"https:\/\/www.youtube.com\/watch?v=R5ybbG0xUIo\" target=\"_blank\" rel=\"noopener\">Posicionamento da V\u00edtima em Primeiros Socorros<\/a><\/p>\n<p><a href=\"https:\/\/www.youtube.com\/watch?v=EqbBbKuBAp0\" target=\"_blank\" rel=\"noopener\">Entorse<\/a><\/p>\n<p><a href=\"https:\/\/www.youtube.com\/watch?v=AtbMF1e8efo\" target=\"_blank\" rel=\"noopener\">Amputa\u00e7\u00e3o<\/a><\/p>\n<p><em>Epistaxe\/Hemorragia (EM BREVE)<\/em><\/p>\n<p><a href=\"https:\/\/www.youtube.com\/watch?v=Abrfb8T7lMA\" target=\"_blank\" rel=\"noopener\">Avuls\u00e3o Dental<\/a><\/p>\n<p><a href=\"https:\/\/youtu.be\/rPa7C4mqcX4\" target=\"_blank\" rel=\"noopener\">Queimaduras<\/a><\/p>\n<p><a href=\"https:\/\/www.youtube.com\/watch?v=zSS7EgRYceg&amp;t=72s\" target=\"_blank\" rel=\"noopener\">C\u00e2imbra<\/a><\/p>\n<p><a href=\"https:\/\/youtu.be\/mt5T0YvHguQ\" target=\"_blank\" rel=\"noopener\">Fratura<\/a><\/p>\n<p><a href=\"https:\/\/www.loom.com\/share\/4ab902af16e34f2ab3916884a2876881\" target=\"_blank\" rel=\"noopener\">Hipotermia<\/a><\/p>\n<p><a href=\"https:\/\/youtu.be\/ftbBFQh0JpM\" target=\"_blank\" rel=\"noopener\">Hipertermia<\/a><\/p>\n<p><a href=\"https:\/\/youtu.be\/23YTNUHWe_c\" target=\"_blank\" rel=\"noopener\">Afogamento<\/a><\/p>\n<p><a href=\"https:\/\/www.youtube.com\/watch?v=pKLa-NsRX0E\" target=\"_blank\" rel=\"noopener\">Envenenamento e Intoxica\u00e7\u00f5es<\/a><\/p>\n<p><a href=\"https:\/\/www.youtube.com\/watch?v=cafa_KZG2AI\" target=\"_blank\" rel=\"noopener\">Acidentes com Of\u00eddios<\/a><\/p>\n<p><a href=\"https:\/\/www.youtube.com\/watch?v=ivI6IAkzhBs\" target=\"_blank\" rel=\"noopener\">Acidentes com Aranhas <\/a><\/p>\n<p><a href=\"https:\/\/www.youtube.com\/watch?v=GCp8db0UOUg\" target=\"_blank\" rel=\"noopener\">Acidentes com Taturanas<\/a><\/p>\n<p><a href=\"https:\/\/www.youtube.com\/watch?v=rQcUtBcKrB8\" target=\"_blank\" rel=\"noopener\">Acidentes com Escorpi\u00f5es<\/a><\/p>\n<p><a href=\"https:\/\/www.youtube.com\/watch?v=P0bfziPLklo\" target=\"_blank\" rel=\"noopener\">Acidentes com Cnid\u00e1rios<\/a><\/p>\n<p><a href=\"https:\/\/www.youtube.com\/watch?v=CRJ1WSNAyWU\" target=\"_blank\" rel=\"noopener\">Obstru\u00e7\u00e3o de Vias A\u00e9reas por Corpo Estranho (OVACE)<\/a><\/p>\n<p><a href=\"https:\/\/www.youtube.com\/watch?v=JgWQYK-hbMc\" target=\"_blank\" rel=\"noopener\">RCP ADULTO<\/a><\/p>\n<p style=\"text-align: justify;\"><a href=\"https:\/\/www.youtube.com\/watch?v=AoUyOTPqisE\" target=\"_blank\" rel=\"noopener\">RCP Pedi\u00e1trico<\/a><\/p>\n<p>&nbsp;<\/p>\n<h1>AULAS SENDO PREPARADAS<\/h1>\n<p>EM BREVE DISPON\u00cdVEIS AQUI<\/p>\n<ol>\n<li>CONTROLE DE Epistaxe\/Hemorragia<\/li>\n<\/ol>\n","protected":false},"excerpt":{"rendered":"<p>AULAS DISPON\u00cdVEIS &nbsp; Aula introdut\u00f3ria sobre Primeiros Socorros &nbsp; CANAIS DE AJUDA Reconhecimento de AVC RECONHECIMENTO DE POSS\u00cdVEL INFARTO Convuls\u00f5es Crise de Broncoespasmo S\u00edncope Anafilaxia Hipoglicemia Corte e abras\u00e3o Posicionamento da V\u00edtima em Primeiros Socorros Entorse Amputa\u00e7\u00e3o Epistaxe\/Hemorragia (EM BREVE) Avuls\u00e3o Dental Queimaduras C\u00e2imbra Fratura Hipotermia Hipertermia Afogamento Envenenamento e Intoxica\u00e7\u00f5es Acidentes com Of\u00eddios Acidentes [&hellip;]<\/p>\n","protected":false},"author":1352,"featured_media":0,"parent":0,"menu_order":0,"comment_status":"closed","ping_status":"closed","template":"","meta":{"footnotes":""},"class_list":["post-4","page","type-page","status-publish","hentry"],"yoast_head":"<!-- This site is optimized with the Yoast SEO plugin v26.7 - https:\/\/yoast.com\/wordpress\/plugins\/seo\/ -->\n<title>Aulas Primeiros Socorros - Primeiros Socorros - LABENSIM\/UFPel<\/title>\n<meta name=\"robots\" content=\"index, follow, max-snippet:-1, max-image-preview:large, max-video-preview:-1\" \/>\n<link rel=\"canonical\" href=\"https:\/\/wp.ufpel.edu.br\/psufpel\/aulas\/\" \/>\n<meta property=\"og:locale\" content=\"pt_BR\" \/>\n<meta property=\"og:type\" content=\"article\" \/>\n<meta property=\"og:title\" content=\"Aulas Primeiros Socorros - Primeiros Socorros - LABENSIM\/UFPel\" \/>\n<meta property=\"og:description\" content=\"AULAS DISPON\u00cdVEIS &nbsp; Aula introdut\u00f3ria sobre Primeiros Socorros &nbsp; CANAIS DE AJUDA Reconhecimento de AVC RECONHECIMENTO DE POSS\u00cdVEL INFARTO Convuls\u00f5es Crise de Broncoespasmo S\u00edncope Anafilaxia Hipoglicemia Corte e abras\u00e3o Posicionamento da V\u00edtima em Primeiros Socorros Entorse Amputa\u00e7\u00e3o Epistaxe\/Hemorragia (EM BREVE) Avuls\u00e3o Dental Queimaduras C\u00e2imbra Fratura Hipotermia Hipertermia Afogamento Envenenamento e Intoxica\u00e7\u00f5es Acidentes com Of\u00eddios Acidentes [&hellip;]\" \/>\n<meta property=\"og:url\" content=\"https:\/\/wp.ufpel.edu.br\/psufpel\/aulas\/\" \/>\n<meta property=\"og:site_name\" content=\"Primeiros Socorros - LABENSIM\/UFPel\" \/>\n<meta property=\"article:modified_time\" content=\"2024-02-19T23:15:19+00:00\" \/>\n<meta name=\"twitter:card\" content=\"summary_large_image\" \/>\n<meta name=\"twitter:label1\" content=\"Est. tempo de leitura\" \/>\n\t<meta name=\"twitter:data1\" content=\"1 minuto\" \/>\n<script type=\"application\/ld+json\" class=\"yoast-schema-graph\">{\"@context\":\"https:\/\/schema.org\",\"@graph\":[{\"@type\":\"WebPage\",\"@id\":\"https:\/\/wp.ufpel.edu.br\/psufpel\/aulas\/\",\"url\":\"https:\/\/wp.ufpel.edu.br\/psufpel\/aulas\/\",\"name\":\"Aulas Primeiros Socorros - Primeiros Socorros - LABENSIM\/UFPel\",\"isPartOf\":{\"@id\":\"https:\/\/wp.ufpel.edu.br\/psufpel\/#website\"},\"datePublished\":\"2023-01-01T03:00:45+00:00\",\"dateModified\":\"2024-02-19T23:15:19+00:00\",\"breadcrumb\":{\"@id\":\"https:\/\/wp.ufpel.edu.br\/psufpel\/aulas\/#breadcrumb\"},\"inLanguage\":\"pt-BR\",\"potentialAction\":[{\"@type\":\"ReadAction\",\"target\":[\"https:\/\/wp.ufpel.edu.br\/psufpel\/aulas\/\"]}]},{\"@type\":\"BreadcrumbList\",\"@id\":\"https:\/\/wp.ufpel.edu.br\/psufpel\/aulas\/#breadcrumb\",\"itemListElement\":[{\"@type\":\"ListItem\",\"position\":1,\"name\":\"In\u00edcio\",\"item\":\"https:\/\/wp.ufpel.edu.br\/psufpel\/\"},{\"@type\":\"ListItem\",\"position\":2,\"name\":\"Aulas Primeiros Socorros\"}]},{\"@type\":\"WebSite\",\"@id\":\"https:\/\/wp.ufpel.edu.br\/psufpel\/#website\",\"url\":\"https:\/\/wp.ufpel.edu.br\/psufpel\/\",\"name\":\"Primeiros Socorros UFPel\",\"description\":\"Universidade Federal de Pelotas\",\"publisher\":{\"@id\":\"https:\/\/wp.ufpel.edu.br\/psufpel\/#organization\"},\"potentialAction\":[{\"@type\":\"SearchAction\",\"target\":{\"@type\":\"EntryPoint\",\"urlTemplate\":\"https:\/\/wp.ufpel.edu.br\/psufpel\/?s={search_term_string}\"},\"query-input\":{\"@type\":\"PropertyValueSpecification\",\"valueRequired\":true,\"valueName\":\"search_term_string\"}}],\"inLanguage\":\"pt-BR\"},{\"@type\":\"Organization\",\"@id\":\"https:\/\/wp.ufpel.edu.br\/psufpel\/#organization\",\"name\":\"Primeiros Socorros - LABENSIM\/UFPel\",\"url\":\"https:\/\/wp.ufpel.edu.br\/psufpel\/\",\"logo\":{\"@type\":\"ImageObject\",\"inLanguage\":\"pt-BR\",\"@id\":\"https:\/\/wp.ufpel.edu.br\/psufpel\/#\/schema\/logo\/image\/\",\"url\":\"https:\/\/wp.ufpel.edu.br\/psufpel\/files\/2023\/12\/Inserir-um-titulo.png\",\"contentUrl\":\"https:\/\/wp.ufpel.edu.br\/psufpel\/files\/2023\/12\/Inserir-um-titulo.png\",\"width\":3075,\"height\":688,\"caption\":\"Primeiros Socorros - LABENSIM\/UFPel\"},\"image\":{\"@id\":\"https:\/\/wp.ufpel.edu.br\/psufpel\/#\/schema\/logo\/image\/\"},\"sameAs\":[\"https:\/\/www.instagram.com\/ps.ufpel\/\"]}]}<\/script>\n<!-- \/ Yoast SEO plugin. -->","yoast_head_json":{"title":"Aulas Primeiros Socorros - Primeiros Socorros - LABENSIM\/UFPel","robots":{"index":"index","follow":"follow","max-snippet":"max-snippet:-1","max-image-preview":"max-image-preview:large","max-video-preview":"max-video-preview:-1"},"canonical":"https:\/\/wp.ufpel.edu.br\/psufpel\/aulas\/","og_locale":"pt_BR","og_type":"article","og_title":"Aulas Primeiros Socorros - Primeiros Socorros - LABENSIM\/UFPel","og_description":"AULAS DISPON\u00cdVEIS &nbsp; Aula introdut\u00f3ria sobre Primeiros Socorros &nbsp; CANAIS DE AJUDA Reconhecimento de AVC RECONHECIMENTO DE POSS\u00cdVEL INFARTO Convuls\u00f5es Crise de Broncoespasmo S\u00edncope Anafilaxia Hipoglicemia Corte e abras\u00e3o Posicionamento da V\u00edtima em Primeiros Socorros Entorse Amputa\u00e7\u00e3o Epistaxe\/Hemorragia (EM BREVE) Avuls\u00e3o Dental Queimaduras C\u00e2imbra Fratura Hipotermia Hipertermia Afogamento Envenenamento e Intoxica\u00e7\u00f5es Acidentes com Of\u00eddios Acidentes [&hellip;]","og_url":"https:\/\/wp.ufpel.edu.br\/psufpel\/aulas\/","og_site_name":"Primeiros Socorros - LABENSIM\/UFPel","article_modified_time":"2024-02-19T23:15:19+00:00","twitter_card":"summary_large_image","twitter_misc":{"Est. tempo de leitura":"1 minuto"},"schema":{"@context":"https:\/\/schema.org","@graph":[{"@type":"WebPage","@id":"https:\/\/wp.ufpel.edu.br\/psufpel\/aulas\/","url":"https:\/\/wp.ufpel.edu.br\/psufpel\/aulas\/","name":"Aulas Primeiros Socorros - Primeiros Socorros - LABENSIM\/UFPel","isPartOf":{"@id":"https:\/\/wp.ufpel.edu.br\/psufpel\/#website"},"datePublished":"2023-01-01T03:00:45+00:00","dateModified":"2024-02-19T23:15:19+00:00","breadcrumb":{"@id":"https:\/\/wp.ufpel.edu.br\/psufpel\/aulas\/#breadcrumb"},"inLanguage":"pt-BR","potentialAction":[{"@type":"ReadAction","target":["https:\/\/wp.ufpel.edu.br\/psufpel\/aulas\/"]}]},{"@type":"BreadcrumbList","@id":"https:\/\/wp.ufpel.edu.br\/psufpel\/aulas\/#breadcrumb","itemListElement":[{"@type":"ListItem","position":1,"name":"In\u00edcio","item":"https:\/\/wp.ufpel.edu.br\/psufpel\/"},{"@type":"ListItem","position":2,"name":"Aulas Primeiros Socorros"}]},{"@type":"WebSite","@id":"https:\/\/wp.ufpel.edu.br\/psufpel\/#website","url":"https:\/\/wp.ufpel.edu.br\/psufpel\/","name":"Primeiros Socorros UFPel","description":"Universidade Federal de Pelotas","publisher":{"@id":"https:\/\/wp.ufpel.edu.br\/psufpel\/#organization"},"potentialAction":[{"@type":"SearchAction","target":{"@type":"EntryPoint","urlTemplate":"https:\/\/wp.ufpel.edu.br\/psufpel\/?s={search_term_string}"},"query-input":{"@type":"PropertyValueSpecification","valueRequired":true,"valueName":"search_term_string"}}],"inLanguage":"pt-BR"},{"@type":"Organization","@id":"https:\/\/wp.ufpel.edu.br\/psufpel\/#organization","name":"Primeiros Socorros - LABENSIM\/UFPel","url":"https:\/\/wp.ufpel.edu.br\/psufpel\/","logo":{"@type":"ImageObject","inLanguage":"pt-BR","@id":"https:\/\/wp.ufpel.edu.br\/psufpel\/#\/schema\/logo\/image\/","url":"https:\/\/wp.ufpel.edu.br\/psufpel\/files\/2023\/12\/Inserir-um-titulo.png","contentUrl":"https:\/\/wp.ufpel.edu.br\/psufpel\/files\/2023\/12\/Inserir-um-titulo.png","width":3075,"height":688,"caption":"Primeiros Socorros - LABENSIM\/UFPel"},"image":{"@id":"https:\/\/wp.ufpel.edu.br\/psufpel\/#\/schema\/logo\/image\/"},"sameAs":["https:\/\/www.instagram.com\/ps.ufpel\/"]}]}},"_links":{"self":[{"href":"https:\/\/wp.ufpel.edu.br\/psufpel\/wp-json\/wp\/v2\/pages\/4","targetHints":{"allow":["GET"]}}],"collection":[{"href":"https:\/\/wp.ufpel.edu.br\/psufpel\/wp-json\/wp\/v2\/pages"}],"about":[{"href":"https:\/\/wp.ufpel.edu.br\/psufpel\/wp-json\/wp\/v2\/types\/page"}],"author":[{"embeddable":true,"href":"https:\/\/wp.ufpel.edu.br\/psufpel\/wp-json\/wp\/v2\/users\/1352"}],"replies":[{"embeddable":true,"href":"https:\/\/wp.ufpel.edu.br\/psufpel\/wp-json\/wp\/v2\/comments?post=4"}],"version-history":[{"count":7,"href":"https:\/\/wp.ufpel.edu.br\/psufpel\/wp-json\/wp\/v2\/pages\/4\/revisions"}],"predecessor-version":[{"id":33,"href":"https:\/\/wp.ufpel.edu.br\/psufpel\/wp-json\/wp\/v2\/pages\/4\/revisions\/33"}],"wp:attachment":[{"href":"https:\/\/wp.ufpel.edu.br\/psufpel\/wp-json\/wp\/v2\/media?parent=4"}],"curies":[{"name":"wp","href":"https:\/\/api.w.org\/{rel}","templated":true}]}}