{"id":57,"date":"2012-08-21T20:14:20","date_gmt":"2012-08-21T23:14:20","guid":{"rendered":"https:\/\/wp.ufpel.edu.br\/psicologia\/?page_id=57"},"modified":"2026-02-09T18:12:56","modified_gmt":"2026-02-09T21:12:56","slug":"perfil-do-curso-2","status":"publish","type":"page","link":"https:\/\/wp.ufpel.edu.br\/psicologia\/perfil-do-curso-2\/","title":{"rendered":"Perfil do Curso"},"content":{"rendered":"<p><span style=\"color: #000000;\"><strong>IDENTIFICA\u00c7\u00c3O DO CURSO<\/strong><\/span><\/p>\n<p><span style=\"color: #000000;\"><strong>Denomina\u00e7\u00e3o:<\/strong> Psicologia<\/span><\/p>\n<p><span style=\"color: #000000;\"><strong>Modalidade:<\/strong> Presencial<\/span><\/p>\n<p><span style=\"color: #000000;\"><strong>Titula\u00e7\u00e3o conferida:<\/strong> Psic\u00f3logo<\/span><\/p>\n<p><span style=\"color: #000000;\"><strong>Dura\u00e7\u00e3o do curso:<\/strong> 5 anos<\/span><\/p>\n<p><span style=\"color: #000000;\"><strong>Carga hor\u00e1ria total do curso:<\/strong> 4.357 horas<\/span><\/p>\n<p><span style=\"color: #000000;\"><strong>Turno:<\/strong> noturno (disciplinas obrigat\u00f3rias)<\/span><\/p>\n<p>OBS.: Os est\u00e1gios, supervis\u00f5es, orienta\u00e7\u00f5es, projetos e algumas disciplinas optativas tamb\u00e9m ser\u00e3o ofertados durante o dia.<\/p>\n<p><span style=\"color: #000000;\"><strong>N\u00famero de vagas:<\/strong> 55<\/span><\/p>\n<p><span style=\"color: #000000;\"><strong>Regime acad\u00eamico:<\/strong> Seriado<\/span><\/p>\n<p><span style=\"color: #000000;\"><strong>Unidade acad\u00eamica:<\/strong> Av. Duque de Caxias, n\u00ba 250 &#8211; Bairro Fragata\u00a0 \u2013CEP 96030-001, Pelotas-RS<\/span><\/p>\n<p>&nbsp;<\/p>\n<p><strong><span style=\"color: #000000;\">Coordena\u00e7\u00e3o: <\/span><\/strong><\/p>\n<p><span style=\"color: #000000;\">Prof. Dr. \u00c9dio Raniere da Silva (Coordenador)\u00a0<\/span><\/p>\n<p>Prof. Dr. Mateus Luz Levandowski<span style=\"color: #000000;\"><span style=\"font-family: Arial, sans-serif;\"><span style=\"font-size: small;\">\u00a0<\/span><\/span><\/span>(Coordenador Adjunto)<\/p>\n<p>&nbsp;<\/p>\n<p><strong>Representa\u00e7\u00e3o discente:<\/strong><\/p>\n<p class=\"Texto_Justificado_Recuo_Primeira_Linha\">Luiza de Oliveira Maciel\u00a0 (Titular)<\/p>\n<p>Manuela Oliveira de Melo (Suplente)<\/p>\n<p>&nbsp;<\/p>\n<p><span style=\"color: #000000;\"><strong>PERFIL DO CURSO:<\/strong><\/span><\/p>\n<p style=\"text-align: justify;\"><span style=\"color: #000000;\">O Curso de Psicologia da Universidade Federal de Pelotas tem dura\u00e7\u00e3o de 5 anos divididos em 10 semestres, com funcionamento no turno da noite, totalizando com carga hor\u00e1ria de 4.357 horas.<\/span><\/p>\n<p style=\"text-align: justify;\"><span style=\"color: #000000;\">Estrutura-se em um n\u00facleo comum com tr\u00eas \u00eanfases que se organizam nas caracter\u00edsticas de demandas da regi\u00e3o:<\/span><\/p>\n<ul style=\"text-align: justify;\">\n<li><span style=\"color: #000000;\">Psicologia e processos de gest\u00e3o que abarca a concentra\u00e7\u00e3o em compet\u00eancias definidas no n\u00facleo comum da forma\u00e7\u00e3o para o diagn\u00f3stico, planejamento e uso de procedimentos e t\u00e9cnicas espec\u00edficas voltadas para analisar criticamente e aprimorar os processos de gest\u00e3o organizacional, em distintas organiza\u00e7\u00f5es e institui\u00e7\u00f5es;<\/span><\/li>\n<li><span style=\"color: #000000;\">Psicologia e processos de preven\u00e7\u00e3o e promo\u00e7\u00e3o da sa\u00fade que consiste na concentra\u00e7\u00e3o em compet\u00eancias que garantam a\u00e7\u00f5es de car\u00e1ter preventivo, em n\u00edvel individual e coletivo, voltadas a capacita\u00e7\u00e3o de indiv\u00edduos, grupos, institui\u00e7\u00f5es e comunidades para protegerem e promoverem a sa\u00fade e qualidade de vida, em diferentes contextos em que tais a\u00e7\u00f5es possam ser demandadas;<\/span><\/li>\n<li><span style=\"color: #000000;\">Psicologia e processos cl\u00ednicos que envolve a concentra\u00e7\u00e3o em compet\u00eancias para atuar, de forma \u00e9tica e coerente com referenciais te\u00f3ricos, valendo-se de processos psicodiagn\u00f3sticos, de aconselhamento, psicoterapia e outras estrat\u00e9gias cl\u00ednicas, frente a quest\u00f5es e demandas de ordem psicol\u00f3gica apresentadas por indiv\u00edduos ou grupos em distintos contextos.<\/span><\/li>\n<\/ul>\n<p>&nbsp;<\/p>\n<p><span style=\"color: #000000;\"><strong>NOTAS DE CORTE:<\/strong><\/span><\/p>\n<p><a href=\"https:\/\/wp.ufpel.edu.br\/psicologia\/files\/2012\/08\/Notas-de-corte-2013-2-2014-2-e-2015-2.pdf\">Notas de corte 2013-2, 2014-2 e 2015-2<\/a><\/p>\n<p><a href=\"https:\/\/wp.ufpel.edu.br\/psicologia\/files\/2012\/08\/Notas-de-corte-2016-2-e-2017-2.docx\">Notas de corte 2016-2 e 2017-2<\/a><\/p>\n<p>&#8211; Notas de corte SISU 2018\/2<\/p>\n<ul>\n<li>AC:\u00a0649,36<\/li>\n<li>L1: 603,48<\/li>\n<li>L2:\u00a0517,38<\/li>\n<li>L5:\u00a0646,34<\/li>\n<li>L6:\u00a0526,00<\/li>\n<li>N\u00e3o houve ingressantes nas cotas destinadas a candidatos com defici\u00eancia (L9, L10, L13, L14)<\/li>\n<\/ul>\n<p>&#8211; Notas de corte SISU 2019\/2<\/p>\n<ul>\n<li>AC: 676,94<\/li>\n<li>L1: 673,58<\/li>\n<li>L2: 575,38<\/li>\n<li>L5: 675,50<\/li>\n<li>L6: 575,38<\/li>\n<li>N\u00e3o houve ingressantes nas cotas destinadas a\u00a0candidatos com defici\u00eancia\u00a0(L9, L10, L13, L14)<\/li>\n<\/ul>\n<p><em>AC: Ampla concorr\u00eancia<\/em><\/p>\n<p><em>L1:<\/em>\u00a0<em>Candidatos com renda familiar bruta per capita igual ou inferior a 1,5 sal\u00e1rio m\u00ednimo que tenham cursado integralmente o ensino m\u00e9dio em escolas p\u00fablicas (Lei n\u00ba 12.711\/2012).<\/em><\/p>\n<p><em>L2:\u00a0Candidatos autodeclarados pretos, pardos ou ind\u00edgenas, com renda familiar bruta per capita igual ou inferior a 1,5 sal\u00e1rio m\u00ednimo e que tenham cursado integralmente o ensino m\u00e9dio em escolas p\u00fablicas (Lei n\u00ba 12.711\/2012).<\/em><\/p>\n<p><em>L5:\u00a0Candidatos que, independentemente da renda (art. 14, II, Portaria Normativa n\u00ba 18\/2012), tenham cursado integralmente o ensino m\u00e9dio em escolas p\u00fablicas (Lei n\u00ba 12.711\/2012).<\/em><\/p>\n<p><em>L6:\u00a0Candidatos autodeclarados pretos, pardos ou ind\u00edgenas que, independentemente da renda (art. 14, II, Portaria Normativa n\u00ba 18\/2012), tenham cursado integralmente o ensino m\u00e9dio em escolas p\u00fablicas (Lei n\u00ba 12.711\/2012).<\/em><\/p>\n<p>As demais notas de corte est\u00e3o dispon\u00edveis no link\u00a0<a href=\"https:\/\/wp.ufpel.edu.br\/sisu\/notas-de-corte\/\">https:\/\/wp.ufpel.edu.br\/sisu\/notas-de-corte\/<\/a><\/p>\n","protected":false},"excerpt":{"rendered":"<p>IDENTIFICA\u00c7\u00c3O DO CURSO Denomina\u00e7\u00e3o: Psicologia Modalidade: Presencial Titula\u00e7\u00e3o conferida: Psic\u00f3logo Dura\u00e7\u00e3o do curso: 5 anos Carga hor\u00e1ria total do curso: 4.357 horas Turno: noturno (disciplinas obrigat\u00f3rias) OBS.: Os est\u00e1gios, supervis\u00f5es, orienta\u00e7\u00f5es, projetos e algumas disciplinas optativas tamb\u00e9m ser\u00e3o ofertados durante o dia. N\u00famero de vagas: 55 Regime acad\u00eamico: Seriado Unidade acad\u00eamica: Av. Duque de Caxias, [&hellip;]<\/p>\n","protected":false},"author":203,"featured_media":0,"parent":0,"menu_order":1,"comment_status":"closed","ping_status":"closed","template":"","meta":{"jetpack_post_was_ever_published":false,"footnotes":""},"class_list":["post-57","page","type-page","status-publish","hentry"],"jetpack_sharing_enabled":true,"jetpack_shortlink":"https:\/\/wp.me\/P9mSsX-V","jetpack_likes_enabled":true,"jetpack-related-posts":[],"_links":{"self":[{"href":"https:\/\/wp.ufpel.edu.br\/psicologia\/wp-json\/wp\/v2\/pages\/57","targetHints":{"allow":["GET"]}}],"collection":[{"href":"https:\/\/wp.ufpel.edu.br\/psicologia\/wp-json\/wp\/v2\/pages"}],"about":[{"href":"https:\/\/wp.ufpel.edu.br\/psicologia\/wp-json\/wp\/v2\/types\/page"}],"author":[{"embeddable":true,"href":"https:\/\/wp.ufpel.edu.br\/psicologia\/wp-json\/wp\/v2\/users\/203"}],"replies":[{"embeddable":true,"href":"https:\/\/wp.ufpel.edu.br\/psicologia\/wp-json\/wp\/v2\/comments?post=57"}],"version-history":[{"count":4,"href":"https:\/\/wp.ufpel.edu.br\/psicologia\/wp-json\/wp\/v2\/pages\/57\/revisions"}],"predecessor-version":[{"id":5993,"href":"https:\/\/wp.ufpel.edu.br\/psicologia\/wp-json\/wp\/v2\/pages\/57\/revisions\/5993"}],"wp:attachment":[{"href":"https:\/\/wp.ufpel.edu.br\/psicologia\/wp-json\/wp\/v2\/media?parent=57"}],"curies":[{"name":"wp","href":"https:\/\/api.w.org\/{rel}","templated":true}]}}