{"id":2683,"date":"2019-07-17T17:40:34","date_gmt":"2019-07-17T20:40:34","guid":{"rendered":"https:\/\/wp.ufpel.edu.br\/psicologia\/?page_id=2683"},"modified":"2023-11-29T17:15:40","modified_gmt":"2023-11-29T20:15:40","slug":"formularios-uteis","status":"publish","type":"page","link":"https:\/\/wp.ufpel.edu.br\/psicologia\/formularios-uteis\/","title":{"rendered":"Formul\u00e1rios \u00fateis"},"content":{"rendered":"<p><a href=\"https:\/\/wp.ufpel.edu.br\/psicologia\/files\/2021\/10\/Requerimento-de-aproveitamento.pdf\">Requerimento-de-aproveitamento<\/a><\/p>\n<p>Os pedidos de aproveitamento podem ser realizados no Cobalto pelo pr\u00f3prio estudante em <strong>Aluno&gt; Cadastros&gt; Solicita\u00e7\u00e3o de aproveitamento de estudos.<\/strong><\/p>\n<p>Em casos que isso n\u00e3o seja poss\u00edvel, o aluno dever\u00e1 entregar o formul\u00e1rio acima preenchido na secretaria do Curso ou enviar pelo e-mail psicologia.ufpel@gmail.com, acompanhado do hist\u00f3rico (original e c\u00f3pia) e das ementas (original e c\u00f3pia). Dever\u00e1 ser preenchido um formul\u00e1rio para cada disciplina que for pedir aproveitamento.<\/p>\n<p>__________________________________________________________________________________<\/p>\n<p><a href=\"https:\/\/wp.ufpel.edu.br\/psicologia\/files\/2021\/03\/Quebra-de-pre-requisito-EDITADO.pdf\">Formul\u00e1rio de quebra de pr\u00e9-requisito<\/a><\/p>\n<p>O aluno dever\u00e1 entregar o formul\u00e1rio acima preenchido na secretaria do Curso ou pelo e-mail psicologia.ufpel@gmail.com, at\u00e9 a data prevista no Calend\u00e1rio Acad\u00eamico.<\/p>\n<p><a href=\"https:\/\/wp.ufpel.edu.br\/psicologia\/files\/2019\/08\/Formulario_para_recurso_de_QUEBRA_DE_PRE_REQUISITO_CG.pdf\">Formul\u00e1rio de recurso para quebra de pr\u00e9-requisito &#8211; COCEPE<\/a><\/p>\n<p style=\"text-align: justify;\">Se o pedido de quebra de pr\u00e9-requisito for indeferido pelo colegiado, o aluno poder\u00e1 entrar com recurso junto ao COCEPE. Para isso, dever\u00e1 entregar o formul\u00e1rio acima no Colegiado, no prazo previsto no Calend\u00e1rio Acad\u00eamico.<\/p>\n<p>__________________________________________________________________________________<\/p>\n<p><strong>\u21d2 Solicita\u00e7\u00e3o de 2\u00aa\u00a0 chamada avaliativa<br \/>\n<\/strong>O(a) aluno(a) poder\u00e1 solicitar a 2\u00aa chamada de uma avalia\u00e7\u00e3o diretamente no Cobalto, em <strong>Aluno&gt;Cadastros&gt;Solicita\u00e7\u00e3o de 2\u00aa chamada&gt;Clicar em NOVO<br \/>\n<\/strong>\u00c9 necess\u00e1rio justificar e anexar comprovante, conforme os casos previstos no Art. 151 do Regulamento de Gradua\u00e7\u00e3o da UFPEL.<strong><br \/>\n<a href=\"https:\/\/wp.ufpel.edu.br\/scs\/files\/2018\/09\/SEI_Resolu%C3%A7%C3%A3o-29.2018-Regulamento-Ensino-de-Gradua%C3%A7%C3%A3o-I.pdf\">Regulamento de Gradua\u00e7\u00e3o<\/a><br \/>\n<\/strong>Ap\u00f3s realizar o pedido no Cobalto, favor enviar um e-mail para<strong> psicologia.ufpel@gmail.com <\/strong>avisando que realizou a solicita\u00e7\u00e3o.<\/p>\n<p>&nbsp;<\/p>\n<p><strong>\u21d2 Solicita\u00e7\u00e3o de Exerc\u00edcios Domiciliares<\/strong><\/p>\n<p>Em caso de atestados longos (superiores a 3 dias) o estudante pode solicitar no Cobalto\u00a0em <strong>Aluno&gt; Cadastros&gt; Solicita\u00e7\u00e3o de exerc\u00edcios domiciliares\u00a0<\/strong>o direito de realizar as atividades domiciliares. A solicita\u00e7\u00e3o de Exerc\u00edcios Domiciliares, j\u00e1 inclui o direito de realizar 2\u00aa chamada avaliativa. \u00c9 necess\u00e1rio justificar e anexar atestado m\u00e9dico.<\/p>\n<p>_________________________________________________________________________________<\/p>\n<p><a href=\"https:\/\/wp.ufpel.edu.br\/psicologia\/files\/2019\/07\/Requerimento-de-revis\u00e3o-de-desempenho.pdf\"> Solicita\u00e7\u00e3o de revis\u00e3o do desempenho acad\u00eamico<\/a><\/p>\n<p>O aluno dever\u00e1 entregar o formul\u00e1rio acima na secretaria do curso, de acordo com as orienta\u00e7\u00f5es da Resolu\u00e7\u00e3o abaixo.<\/p>\n<p><a href=\"https:\/\/wp.ufpel.edu.br\/psicologia\/files\/2019\/07\/revisao-de-provas.pdf\">Resolu\u00e7\u00e3o 04\/95 do COCEPE<\/a><\/p>\n<p>________________________________________________________________________________<\/p>\n<p><a href=\"https:\/\/wp.ufpel.edu.br\/psicologia\/files\/2020\/05\/Termo-tcc-e-especializacao.pdf\">Formul\u00e1rio de autoriza\u00e7\u00e3o para publica\u00e7\u00e3o de TCC<\/a><\/p>\n<p>Diante do exposto na <a href=\"https:\/\/wp.ufpel.edu.br\/psicologia\/files\/2019\/08\/Portaria_2228.pdf\">Portaria_2228<\/a>, atualmente em vigor, o TCC deve ser enviado em formato PDF para o e-mail <strong>psicologia.ufpel@gmail.com<\/strong>, juntamente com o Termo do link acima, preenchido e assinado.<\/p>\n<p>O TCC j\u00e1 deve conter a ficha catalogr\u00e1fica que deve ser solicitada no Cobalto em:<\/p>\n<p><strong>Biblioteca&gt;Cadastros&gt;Ficha catalogr\u00e1fica<\/strong><\/p>\n<p>O tutorial est\u00e1 dispon\u00edvel em:\u00a0<a href=\"https:\/\/wp.ufpel.edu.br\/sisbi\/documentos\/manuais-e-tutoriais\/\">https:\/\/wp.ufpel.edu.br\/sisbi\/documentos\/manuais-e-tutoriais\/<\/a>\u00a0para ci\u00eancia e divulga\u00e7\u00e3o \u00e0\u00a0comunidade acad\u00eamica.<\/p>\n<p>________________________________________________________________________________<\/p>\n<p style=\"text-align: justify;\"><strong>\u21d2 Trancamento geral de matr\u00edcula<br \/>\n<\/strong>O trancamento geral de matr\u00edcula deve ser solicitado \u00e0 CRA pelo discente ou seu representante legal, nos prazos previstos no calend\u00e1rio acad\u00eamico.<br \/>\nA solicita\u00e7\u00e3o de trancamento geral pode ser realizada pelo pr\u00f3prio aluno no Cobalto, em <strong>Aluno&gt;Cadastros&gt;Solicita\u00e7\u00e3o de trancamento geral&gt; Clicar em NOVO<br \/>\n<\/strong>No semestre seguinte o(a) aluno(a) dever\u00e1 solicitar novo trancamento geral de matr\u00edcula ou solicitar a rematr\u00edcula no Cobalto, nos prazos previstos no Calend\u00e1rio Acad\u00eamico.<br \/>\nO(a) aluno(a) poder\u00e1 realizar at\u00e9 4 trancamentos gerais de semestre durante o curso.<br \/>\nAlunos ingressantes somente podem realizar o Trancamento geral de matr\u00edcula em caso de servi\u00e7o militar obrigat\u00f3rio ou problema de sa\u00fade.<\/p>\n<p>________________________________________________________________________________<\/p>\n<p><b>\u21d2 Cancelamento de matr\u00edcula<\/b><br \/>\nO(a) aluno(a) poder\u00e1 realizar o cancelamento de matr\u00edcula diretamente no Cobalto em <strong>Aluno&gt;Cadastros&gt;Solicita\u00e7\u00e3o de cancelamento&gt;Clicar em NOVO<\/strong><br \/>\nCom o cancelamento de matr\u00edcula, o v\u00ednculo do(a) aluno(a) com a UFPel se extinguir\u00e1.<\/p>\n<p>________________________________________________________________________________<\/p>\n<p><strong>OBS: O colegiado disponibiliza esses formul\u00e1rios impressos para os(as) alunos(as) que n\u00e3o t\u00eam condi\u00e7\u00f5es de imprimi-los.<\/strong><\/p>\n<p><strong>A entrega dos formul\u00e1rios (preenchidos e assinados) pode ser presencialmente na secretaria do curso (impressos) OU enviados para o e-mail psicologia.ufpel@gmail.com (formato digital PDF).<\/strong><\/p>\n","protected":false},"excerpt":{"rendered":"<p>Requerimento-de-aproveitamento Os pedidos de aproveitamento podem ser realizados no Cobalto pelo pr\u00f3prio estudante em Aluno&gt; Cadastros&gt; Solicita\u00e7\u00e3o de aproveitamento de estudos. Em casos que isso n\u00e3o seja poss\u00edvel, o aluno dever\u00e1 entregar o formul\u00e1rio acima preenchido na secretaria do Curso ou enviar pelo e-mail psicologia.ufpel@gmail.com, acompanhado do hist\u00f3rico (original e c\u00f3pia) e das ementas (original [&hellip;]<\/p>\n","protected":false},"author":203,"featured_media":0,"parent":0,"menu_order":8,"comment_status":"closed","ping_status":"closed","template":"","meta":{"jetpack_post_was_ever_published":false,"footnotes":""},"class_list":["post-2683","page","type-page","status-publish","hentry"],"jetpack_sharing_enabled":true,"jetpack_shortlink":"https:\/\/wp.me\/P9mSsX-Hh","jetpack_likes_enabled":true,"jetpack-related-posts":[],"_links":{"self":[{"href":"https:\/\/wp.ufpel.edu.br\/psicologia\/wp-json\/wp\/v2\/pages\/2683","targetHints":{"allow":["GET"]}}],"collection":[{"href":"https:\/\/wp.ufpel.edu.br\/psicologia\/wp-json\/wp\/v2\/pages"}],"about":[{"href":"https:\/\/wp.ufpel.edu.br\/psicologia\/wp-json\/wp\/v2\/types\/page"}],"author":[{"embeddable":true,"href":"https:\/\/wp.ufpel.edu.br\/psicologia\/wp-json\/wp\/v2\/users\/203"}],"replies":[{"embeddable":true,"href":"https:\/\/wp.ufpel.edu.br\/psicologia\/wp-json\/wp\/v2\/comments?post=2683"}],"version-history":[{"count":20,"href":"https:\/\/wp.ufpel.edu.br\/psicologia\/wp-json\/wp\/v2\/pages\/2683\/revisions"}],"predecessor-version":[{"id":5417,"href":"https:\/\/wp.ufpel.edu.br\/psicologia\/wp-json\/wp\/v2\/pages\/2683\/revisions\/5417"}],"wp:attachment":[{"href":"https:\/\/wp.ufpel.edu.br\/psicologia\/wp-json\/wp\/v2\/media?parent=2683"}],"curies":[{"name":"wp","href":"https:\/\/api.w.org\/{rel}","templated":true}]}}