{"id":9805,"date":"2023-11-10T17:25:03","date_gmt":"2023-11-10T20:25:03","guid":{"rendered":"https:\/\/wp.ufpel.edu.br\/prppg\/?page_id=9805"},"modified":"2024-03-25T11:13:29","modified_gmt":"2024-03-25T14:13:29","slug":"pdse-2024","status":"publish","type":"page","link":"https:\/\/wp.ufpel.edu.br\/prppg\/pdse-2024\/","title":{"rendered":"PDSE  2023\/2"},"content":{"rendered":"<p><strong><span style=\"font-size: 18pt\">PROGRAMA INSTITUCIONAL DE DOUTORADO SANDU\u00cdCHE NO EXTERIOR (PDSE) \u2013 2024<\/span><\/strong><\/p>\n<p>Documentos da CAPES:<\/p>\n<p><a href=\"https:\/\/wp.ufpel.edu.br\/prppg\/files\/2023\/11\/Edital-30-2023.pdf\">Edital 30-2023<\/a><\/p>\n<p><a href=\"https:\/\/wp.ufpel.edu.br\/prppg\/files\/2023\/11\/Anexo-I-Termo_de_Outorga.pdf\">Anexo I &#8211; Termo de Outorga<\/a><\/p>\n<p><a href=\"https:\/\/wp.ufpel.edu.br\/prppg\/files\/2023\/11\/Anexo-II-Declaracao-Reconhecimento-da-Fluencia-Linguistica-do-cooorientador-no-exterior.pdf\">Anexo II &#8211; Declara\u00e7\u00e3o <\/a><a href=\"https:\/\/wp.ufpel.edu.br\/prppg\/files\/2023\/11\/Anexo-II-Declaracao-Reconhecimento-da-Fluencia-Linguistica-do-cooorientador-no-exterior.pdf\">Reconhecimento da Flu\u00eancia Lingu\u00edstica do coorientador no exterior<\/a><\/p>\n<p><a href=\"https:\/\/wp.ufpel.edu.br\/prppg\/files\/2023\/11\/Anexo-III-Declaracao-Fluencia-Orientador-Brasileiro.pdf\">Anexo III &#8211; Declara\u00e7\u00e3o Flu\u00eancia Orientador Brasileiro<\/a><\/p>\n<p><a href=\"https:\/\/wp.ufpel.edu.br\/prppg\/files\/2023\/11\/Anexo-IV-Proficiencia.pdf\">Anexo IV &#8211; Profici\u00eancia<\/a><\/p>\n<p>&nbsp;<\/p>\n<p class=\"Texto_Justificado_Recuo_Primeira_Linha\">Cumpre destacar o cronograma do edital 30\/2023:<\/p>\n<table style=\"height: 351px\" border=\"1\" width=\"715\">\n<thead>\n<tr style=\"height: 23px\">\n<th style=\"width: 264.673px;height: 23px\">Etapa<\/th>\n<th style=\"width: 200.057px;height: 23px\">Prazo<\/th>\n<th style=\"width: 229.759px;height: 23px\">Respons\u00e1vel<\/th>\n<\/tr>\n<\/thead>\n<tbody>\n<tr style=\"height: 24px\">\n<td style=\"width: 264.673px;height: 24px\">Sele\u00e7\u00e3o interna<\/td>\n<td style=\"width: 200.057px;height: 24px\">At\u00e9 dia 06 de dezembro de 2023.<\/td>\n<td style=\"width: 229.759px;height: 24px\">Institui\u00e7\u00e3o de Ensino Superior<\/td>\n<\/tr>\n<tr style=\"height: 48px\">\n<td style=\"width: 264.673px;height: 48px\"><span style=\"background-color: #ffff00\">Inscri\u00e7\u00e3o das candidaturas no sistema da CAPES, incluindo preenchimento do formul\u00e1rio de inscri\u00e7\u00e3o online e envio da documenta\u00e7\u00e3o obrigat\u00f3ria.<\/span><\/td>\n<td style=\"width: 200.057px;height: 48px\"><span style=\"background-color: #ffff00\">Do dia 07 a 29 de dezembro de 2023, at\u00e9 as 17 horas.<\/span><\/td>\n<td style=\"width: 229.759px;height: 48px\"><span style=\"background-color: #ffff00\">Candidato<\/span><\/td>\n<\/tr>\n<tr style=\"height: 48px\">\n<td style=\"width: 264.673px;height: 48px\">Inscri\u00e7\u00e3o das candidaturas no sistema da Capes, incluindo preenchimento do formul\u00e1rio de inscri\u00e7\u00e3o online e envio da documenta\u00e7\u00e3o obrigat\u00f3ria.<\/td>\n<td style=\"width: 200.057px;height: 48px\">3 dias antes do encerramento das inscri\u00e7\u00f5es<\/td>\n<td style=\"width: 229.759px;height: 48px\">Candidato<\/td>\n<\/tr>\n<tr style=\"height: 48px\">\n<td style=\"width: 264.673px;height: 48px\"><span style=\"background-color: #00ffff\">Homologa\u00e7\u00e3o dos candidatos inscritos no sistema da\u00a0CAPES.<\/span><\/td>\n<td style=\"width: 200.057px;height: 48px\"><span style=\"background-color: #00ffff\">De 08 a 11 de janeiro de 2024. *<\/span><\/td>\n<td style=\"width: 229.759px;height: 48px\"><span style=\"background-color: #00ffff\">Pr\u00f3-Reitoria de P\u00f3s-Gradua\u00e7\u00e3o ou \u00f3rg\u00e3o equivalente<\/span><\/td>\n<\/tr>\n<tr style=\"height: 24px\">\n<td style=\"width: 264.673px;height: 24px\">Publica\u00e7\u00e3o da rela\u00e7\u00e3o de homologados.<\/td>\n<td style=\"width: 200.057px;height: 24px\">A partir de 16 de janeiro de 2024.<\/td>\n<td style=\"width: 229.759px;height: 24px\">CAPES<\/td>\n<\/tr>\n<tr style=\"height: 24px\">\n<td style=\"width: 264.673px;height: 24px\">In\u00edcio das atividades no exterior.<\/td>\n<td style=\"width: 200.057px;height: 24px\">Abril a Junho de 2024.<\/td>\n<td style=\"width: 229.759px;height: 24px\">Bolsista<\/td>\n<\/tr>\n<\/tbody>\n<\/table>\n<p>* Altera\u00e7\u00e3o da data de homologa\u00e7\u00e3o realizada pela CAPES, conforme <a href=\"https:\/\/wp.ufpel.edu.br\/prppg\/files\/2023\/12\/18122023_Edital_2293491_SEI_2293429_Edital_30_2023_Alteracao.pdf\">_Edital_30_2023_Alteracao<\/a>.<\/p>\n<p>Obs.: O(A) candidato(a) deve inscrever-se na Capes, exclusivamente via Internet, at\u00e9 \u00e0s 17h00m do \u00faltimo dia para inscri\u00e7\u00e3o, hor\u00e1rio de Bras\u00edlia, conforme estabelecido no calend\u00e1rio. A Capes n\u00e3o se responsabilizar\u00e1 por inscri\u00e7\u00f5es n\u00e3o recebidas dentro do prazo em decorr\u00eancia de eventuais problemas t\u00e9cnicos, de congestionamentos das linhas de comunica\u00e7\u00e3o, bem como por outros fatores que impossibilitem a transfer\u00eancia de dados.<\/p>\n<p>&nbsp;<\/p>\n<p><strong>Link CAPES<\/strong>: https:\/\/www.gov.br\/capes\/pt-br\/acesso-a-informacao\/acoes-e-programas\/bolsas\/bolsas-e-auxilios-internacionais\/encontre-aqui\/paises\/multinacional\/programa-de-doutorado-sanduiche-no-exterior-pdse<\/p>\n<p>&nbsp;<\/p>\n<p>Editais de Sele\u00e7\u00e3o Interna da UFPEL 2023<\/p>\n<p>&nbsp;<\/p>\n<ul>\n<li><a href=\"https:\/\/wp.ufpel.edu.br\/prppg\/files\/2023\/11\/Selecao-interna-PDSE-PPG-em-Veterinaria.pdf\">Sele\u00e7\u00e3o interna PDSE PPG em Veterin\u00e1ria<\/a><\/li>\n<li><a href=\"https:\/\/wp.ufpel.edu.br\/prppg\/files\/2023\/11\/Selecao-interna-PDSE-PPG-em-Nutricao-e-Alimentos.pdf\">Sele\u00e7\u00e3o interna PDSE PPG em Nutri\u00e7\u00e3o e Alimentos<\/a><\/li>\n<li><a href=\"https:\/\/wp.ufpel.edu.br\/prppg\/files\/2023\/11\/Programa-de-Pos-Graduacao-em-Ciencia-Politica-pdse.pdf\">Sele\u00e7\u00e3o interna PDSE PPG em Ci\u00eancia Pol\u00edtica<\/a><\/li>\n<li><a href=\"https:\/\/wp.ufpel.edu.br\/prppg\/files\/2023\/11\/Programa-de-Pos-Graduacao-em-Letras-pdse.pdf\">Sele\u00e7\u00e3o interna PDSE PPG em Letras<\/a><\/li>\n<li><a href=\"https:\/\/wp.ufpel.edu.br\/prppg\/files\/2023\/11\/Sociologia-PDSE.pdf\">Sele\u00e7\u00e3o interna PDSE PPG em Sociologia<\/a><\/li>\n<li><a href=\"https:\/\/wp.ufpel.edu.br\/prppg\/files\/2023\/11\/PPG-Filosofia.pdf\">Sele\u00e7\u00e3o interna PDSE PPG em Filosofia<\/a><\/li>\n<li><a href=\"https:\/\/wp.ufpel.edu.br\/prppg\/files\/2023\/11\/PPG-em-Computacao.pdf\">Sele\u00e7\u00e3o interna PDSE PPG em Computa\u00e7\u00e3o<\/a><\/li>\n<li><a href=\"https:\/\/wp.ufpel.edu.br\/prppg\/files\/2023\/11\/Fitossanidade-pdse.pdf\">Sele\u00e7\u00e3o interna PDSE PPG em Fitossanidade<\/a><\/li>\n<li><a href=\"https:\/\/wp.ufpel.edu.br\/prppg\/files\/2023\/11\/PDSE-PPGFisi.pdf\">Sele\u00e7\u00e3o interna PDSE PPG em F\u00edsica\u00a0<\/a><\/li>\n<li><a href=\"https:\/\/wp.ufpel.edu.br\/prppg\/files\/2023\/11\/PPG-em-Enfermagem.pdf\">Sele\u00e7\u00e3o Interna PDSE PPG em Enfermagem<\/a><\/li>\n<li><a href=\"https:\/\/wp.ufpel.edu.br\/prppg\/files\/2023\/11\/Selecao-interna-PDSE-PPG-em-Historia.pdf\">Sele\u00e7\u00e3o interna PDSE PPG em Hist\u00f3ria<\/a><\/li>\n<li><a href=\"https:\/\/wp.ufpel.edu.br\/prppg\/files\/2023\/11\/PPG-em-Microbiologia-e-Parasitologia.pdf\">Sele\u00e7\u00e3o Interna PDSE PPG em Microbiologia e Parasitologia<\/a><\/li>\n<li><a href=\"https:\/\/wp.ufpel.edu.br\/prppg\/files\/2023\/11\/SEI_UFPel-2432789-Edital-de-selecao-PRPPG.pdf\">Sele\u00e7\u00e3o Interna PDSE PPG em Manejo e Conserva\u00e7\u00e3o do Solo e da \u00c1gua<\/a><\/li>\n<li><a href=\"https:\/\/wp.ufpel.edu.br\/prppg\/files\/2023\/11\/PPG-MCF.pdf\">Sele\u00e7\u00e3o Interna PDSE PPG Multic\u00eantrico em Ci\u00eancias Fisiol\u00f3gicas<\/a><\/li>\n<li><a href=\"https:\/\/wp.ufpel.edu.br\/prppg\/files\/2023\/11\/Selecao-interna-PDSE-PPG-em-Fisiologia-Vegetal.pdf\">Sele\u00e7\u00e3o interna PDSE PPG em Fisiologia Vegetal<\/a><\/li>\n<li><a href=\"https:\/\/wp.ufpel.edu.br\/prppg\/files\/2023\/11\/Pdse-Agronomia.pdf\">Sele\u00e7\u00e3o interna PDSE PPG em Agronomia<\/a><\/li>\n<li><a href=\"https:\/\/wp.ufpel.edu.br\/prppg\/files\/2023\/11\/Selecao-interna-PDSE-PPG-em-Antropologia.pdf\">Sele\u00e7\u00e3o interna PDSE PPG em Antropologia<\/a><\/li>\n<li><a href=\"https:\/\/wp.ufpel.edu.br\/prppg\/files\/2023\/11\/Selecao-interna-PDSE-PPG-em-Recursos-Hidricos.pdf\">Sele\u00e7\u00e3o interna PDSE PPG em Recursos H\u00eddricos<\/a><\/li>\n<\/ul>\n<p>&nbsp;<\/p>\n<ul>\n<li><strong>Resultado da Sele\u00e7\u00e3o Interna:<\/strong><\/li>\n<\/ul>\n<p>Lista de Selecionados<\/p>\n<table style=\"border-collapse: collapse;width: 100%\" border=\"1\">\n<tbody>\n<tr style=\"height: 24px\">\n<td style=\"width: 1.65837%;height: 24px\"><strong>PPG<\/strong><\/td>\n<td style=\"width: 17.4898%;height: 24px\"><strong>CLASSIFICADOS<\/strong><\/td>\n<\/tr>\n<tr style=\"height: 24px\">\n<td style=\"width: 1.65837%;height: 24px\"><strong>Agronomia<\/strong><\/td>\n<td style=\"width: 17.4898%;height: 24px\">1 &#8211; Lucas de Oliveira Fischer<\/td>\n<\/tr>\n<tr>\n<td style=\"width: 1.65837%\"><b>Antropologia<\/b><\/td>\n<td style=\"width: 17.4898%\">1- Valentina Machado<\/td>\n<\/tr>\n<tr style=\"height: 92px\">\n<td style=\"width: 1.65837%;height: 92px\"><b>Ci\u00eancia Pol\u00edtica\u00a0<\/b><\/td>\n<td style=\"width: 17.4898%;height: 92px\">\n<p>1\u00ba &#8211; Bruno Gazzelle Cavichioli<\/p>\n<p>2\u00ba &#8211; Lucas Garcia da Silva<\/td>\n<\/tr>\n<tr style=\"height: 131px\">\n<td style=\"width: 1.65837%;height: 131px\"><strong>Computa\u00e7\u00e3o<\/strong><\/td>\n<td style=\"width: 17.4898%;height: 131px\">\n<p>1\u00ba &#8211; Ruhan Avila Concei\u00e7\u00e3o<\/p>\n<p>2\u00ba &#8211; Adson Ileon Ripinski Duarte<\/p>\n<p>3\u00ba &#8211; Jo\u00e3o J\u00fanior da Silva Machado<\/td>\n<\/tr>\n<tr style=\"height: 92px\">\n<td style=\"width: 1.65837%;height: 92px\"><strong>Enfermagem<\/strong><\/td>\n<td style=\"width: 17.4898%;height: 92px\">\n<p>1\u00ba- C\u00e9sar Brasil Sperb<\/p>\n<p>2\u00ba- Eduarda Rosado Soares<\/td>\n<\/tr>\n<tr style=\"height: 92px\">\n<td style=\"width: 1.65837%;height: 92px\"><strong>F\u00edsica<\/strong><\/td>\n<td style=\"width: 17.4898%;height: 92px\">\n<p>1\u00ba &#8211; Yan Bandeira Bueno<\/p>\n<p>2\u00ba &#8211; Rosiane Carneiro da Rosa<\/td>\n<\/tr>\n<tr style=\"height: 24px\">\n<td style=\"width: 1.65837%;height: 24px\"><\/td>\n<td style=\"width: 17.4898%;height: 24px\"><\/td>\n<\/tr>\n<tr style=\"height: 131px\">\n<td style=\"width: 1.65837%;height: 131px\"><strong>Filosofia<\/strong><\/td>\n<td style=\"width: 17.4898%;height: 131px\">\n<p>1.\u00a0\u00a0Ivo Luciano da Assun\u00e7\u00e3o Rodrigues<\/p>\n<p>2.\u00a0 Josiana Barbosa Andrade<\/p>\n<p>3.\u00a0 Roberto Barboza da Silva<\/td>\n<\/tr>\n<tr style=\"height: 24px\">\n<td style=\"width: 1.65837%;height: 24px\"><strong>Fisiologia Vegetal<\/strong><\/td>\n<td style=\"width: 17.4898%;height: 24px\">1-Chrislaine Yonara Ritter<\/td>\n<\/tr>\n<tr style=\"height: 24px\">\n<td style=\"width: 1.65837%;height: 24px\"><strong>Fitossanidade<\/strong><\/td>\n<td style=\"width: 17.4898%;height: 24px\">1- Tamara Heck<\/td>\n<\/tr>\n<tr style=\"height: 24px\">\n<td style=\"width: 1.65837%;height: 24px\"><strong>Hist\u00f3ria<\/strong><\/td>\n<td style=\"width: 17.4898%;height: 24px\">1- Leandro Rosa Dal Forno<\/td>\n<\/tr>\n<tr style=\"height: 92px\">\n<td style=\"width: 1.65837%;height: 92px\"><strong>Letras<\/strong><\/td>\n<td style=\"width: 17.4898%;height: 92px\">\n<p class=\"Texto_Justificado_Recuo_Primeira_Linha\">1\u00ba. Jade Bueno Arbo<\/p>\n<p class=\"Texto_Justificado_Recuo_Primeira_Linha\">2\u00ba. Lissa Pachalski<\/p>\n<\/td>\n<\/tr>\n<tr style=\"height: 54px\">\n<td style=\"width: 1.65837%;height: 54px\"><strong>Manejo e Conserva\u00e7\u00e3o de Solo e \u00c1gua<\/strong><\/td>\n<td style=\"width: 17.4898%;height: 54px\">\n<p>1\u00ba &#8211; Cristiano Weinert<\/p>\n<p>2\u00ba &#8211; Ezequiel Helbig Pasa<\/td>\n<\/tr>\n<tr style=\"height: 24px\">\n<td style=\"width: 1.65837%;height: 24px\"><strong>Microbiologia e Parasitologia<\/strong><\/td>\n<td style=\"width: 17.4898%;height: 24px\">1- Alexia Brauner de Mello<\/td>\n<\/tr>\n<tr>\n<td style=\"width: 1.65837%\"><strong>Multic\u00eantrico em Ci\u00eancias Fisiol\u00f3gicas<br \/>\n<\/strong><\/td>\n<td style=\"width: 17.4898%\">1- Ta\u00eds K\u00f6pp da Silveira<\/td>\n<\/tr>\n<tr style=\"height: 24px\">\n<td style=\"width: 1.65837%;height: 24px\"><strong>Nutri\u00e7\u00e3o e Alimentos<\/strong><\/td>\n<td style=\"width: 17.4898%;height: 24px\">1- Cl\u00e9dia Silveira Flores da Silva<\/td>\n<\/tr>\n<tr>\n<td style=\"width: 1.65837%\"><b>Recursos\u00a0H\u00eddricos\u00a0<\/b><\/td>\n<td style=\"width: 17.4898%\">1- Aryane Ara\u00fajo Rodrigues<\/td>\n<\/tr>\n<tr style=\"height: 24px\">\n<td style=\"width: 1.65837%;height: 24px\"><strong>Sociologia<\/strong><\/td>\n<td style=\"width: 17.4898%;height: 24px\">1- Gabriel Alves Bresque<\/td>\n<\/tr>\n<tr style=\"height: 92px\">\n<td style=\"width: 1.65837%;height: 92px\"><strong>Veterin\u00e1ria<\/strong><\/td>\n<td style=\"width: 17.4898%;height: 92px\">\n<p class=\"Texto_Justificado_Recuo_Primeira_Linha\">1\u00ba Matheus Iuri Fruhauf<\/p>\n<p class=\"Texto_Justificado_Recuo_Primeira_Linha\">2\u00ba Nad\u00e1lin Yandra Botton<\/p>\n<\/td>\n<\/tr>\n<\/tbody>\n<\/table>\n<ul>\n<li><a href=\"https:\/\/wp.ufpel.edu.br\/prppg\/files\/2023\/12\/Criterio-de-Desempate-para-suplentes-PDSE.pdf\">Crit\u00e9rio de Desempate para suplentes PDSE<\/a><\/li>\n<\/ul>\n<p>&nbsp;<\/p>\n<p><span style=\"color: #ff0000\">OBS: Destacamos que o sistema da CAPES abre no dia 07\/12\/2023 e encerra dia 29\/12\/2023, \u00e0s 17h, para que os candidatos se cadastrem, entreguem os documentos e submetam as suas candidaturas.<\/span><\/p>\n<p>&nbsp;<\/p>\n<ul>\n<li><a href=\"https:\/\/wp.ufpel.edu.br\/prppg\/files\/2024\/01\/Resultado-Final-PDSE.pdf\">Resultado Final PDSE<\/a><\/li>\n<\/ul>\n<p>&nbsp;<\/p>\n","protected":false},"excerpt":{"rendered":"<p>PROGRAMA INSTITUCIONAL DE DOUTORADO SANDU\u00cdCHE NO EXTERIOR (PDSE) \u2013 2024 Documentos da CAPES: Edital 30-2023 Anexo I &#8211; Termo de Outorga Anexo II &#8211; Declara\u00e7\u00e3o Reconhecimento da Flu\u00eancia Lingu\u00edstica do coorientador no exterior Anexo III &#8211; Declara\u00e7\u00e3o Flu\u00eancia Orientador Brasileiro Anexo IV &#8211; Profici\u00eancia &nbsp; Cumpre destacar o cronograma do edital 30\/2023: Etapa Prazo Respons\u00e1vel [&hellip;]<\/p>\n","protected":false},"author":45,"featured_media":0,"parent":0,"menu_order":0,"comment_status":"closed","ping_status":"closed","template":"","meta":{"footnotes":""},"class_list":["post-9805","page","type-page","status-publish","hentry"],"_links":{"self":[{"href":"https:\/\/wp.ufpel.edu.br\/prppg\/wp-json\/wp\/v2\/pages\/9805","targetHints":{"allow":["GET"]}}],"collection":[{"href":"https:\/\/wp.ufpel.edu.br\/prppg\/wp-json\/wp\/v2\/pages"}],"about":[{"href":"https:\/\/wp.ufpel.edu.br\/prppg\/wp-json\/wp\/v2\/types\/page"}],"author":[{"embeddable":true,"href":"https:\/\/wp.ufpel.edu.br\/prppg\/wp-json\/wp\/v2\/users\/45"}],"replies":[{"embeddable":true,"href":"https:\/\/wp.ufpel.edu.br\/prppg\/wp-json\/wp\/v2\/comments?post=9805"}],"version-history":[{"count":52,"href":"https:\/\/wp.ufpel.edu.br\/prppg\/wp-json\/wp\/v2\/pages\/9805\/revisions"}],"predecessor-version":[{"id":10267,"href":"https:\/\/wp.ufpel.edu.br\/prppg\/wp-json\/wp\/v2\/pages\/9805\/revisions\/10267"}],"wp:attachment":[{"href":"https:\/\/wp.ufpel.edu.br\/prppg\/wp-json\/wp\/v2\/media?parent=9805"}],"curies":[{"name":"wp","href":"https:\/\/api.w.org\/{rel}","templated":true}]}}