{"id":9087,"date":"2023-01-31T16:48:24","date_gmt":"2023-01-31T19:48:24","guid":{"rendered":"https:\/\/wp.ufpel.edu.br\/prppg\/?page_id=9087"},"modified":"2023-03-16T11:02:39","modified_gmt":"2023-03-16T14:02:39","slug":"pdse-capes-2023","status":"publish","type":"page","link":"https:\/\/wp.ufpel.edu.br\/prppg\/pdse-capes\/pdse-capes-2023\/","title":{"rendered":"PDSE-CAPES 2023"},"content":{"rendered":"<p><span style=\"font-family: 'arial black', sans-serif;font-size: 18pt\">PROGRAMA INSTITUCIONAL DE DOUTORADO SANDU\u00cdCHE NO EXTERIOR (PDSE) &#8211; 2023<\/span><\/p>\n<p>Documentos da CAPES:<\/p>\n<p><a href=\"https:\/\/wp.ufpel.edu.br\/prppg\/files\/2023\/01\/22122022_Edital_1882688_Edital_44_2022.pdf\">Edital_44\/2022 CAPES<\/a><\/p>\n<p><a href=\"https:\/\/wp.ufpel.edu.br\/prppg\/files\/2023\/01\/22122022_Edital_1838427_Anexo_I___Termo_de_Outorga.pdf\">Anexo_I_- Termo_de_Outorga<\/a><\/p>\n<p><a href=\"https:\/\/wp.ufpel.edu.br\/prppg\/files\/2023\/01\/22122022_Edital_1838445_Anexo_II___Proficiencia.pdf\">Anexo_II_- Profici\u00eancia<\/a><\/p>\n<p><strong>Cronograma CAPES:<\/strong><\/p>\n<div class=\"acordeon\">\n<div class=\"acordeon-container\">\n<div class=\"acordeon-content\">\n<table class=\"tabela-padrao listing\">\n<thead>\n<tr>\n<th style=\"width: 388.766px\">Etapa<\/th>\n<th style=\"width: 241.375px\">Prazo<\/th>\n<th style=\"width: 172.844px\">Respons\u00e1vel<\/th>\n<\/tr>\n<\/thead>\n<tbody>\n<tr>\n<td style=\"width: 388.766px\">Sele\u00e7\u00e3o interna dos candidatos e publica\u00e7\u00e3o do resultado final.<\/td>\n<td style=\"width: 241.375px\">Data da publica\u00e7\u00e3o do Edital interno das IES at\u00e9 13 de mar\u00e7o de 2023.<\/td>\n<td style=\"width: 172.844px\">Institui\u00e7\u00e3o de Ensino Superior<\/td>\n<\/tr>\n<tr>\n<td style=\"width: 388.766px\"><span style=\"color: #000000;background-color: #ffff00\">Inscri\u00e7\u00e3o das candidaturas no sistema da CAPES, incluindo preenchimento do formul\u00e1rio de inscri\u00e7\u00e3o online e envio da documenta\u00e7\u00e3o obrigat\u00f3ria.<\/span><\/td>\n<td style=\"width: 241.375px\"><span style=\"color: #000000;background-color: #ffff00\">Do dia 15 de mar\u00e7o at\u00e9 o dia 03 de abril de 2023 at\u00e9 as 17 horas (hor\u00e1rio oficial de Bras\u00edlia).<\/span><\/td>\n<td style=\"width: 172.844px\"><span style=\"color: #000000;background-color: #ffff00\">Candidato<\/span><\/td>\n<\/tr>\n<tr>\n<td style=\"width: 388.766px\">Data-limite para solicita\u00e7\u00e3o do candidato para cadastramento de institui\u00e7\u00e3o brasileira ou estrangeira, caso esta n\u00e3o esteja cadastrada no Sistema de Inscri\u00e7\u00f5es da CAPES.<\/td>\n<td style=\"width: 241.375px\">7 dias antes do encerramento das inscri\u00e7\u00f5es<\/td>\n<td style=\"width: 172.844px\">Candidato<\/td>\n<\/tr>\n<tr>\n<td style=\"width: 388.766px\">Homologa\u00e7\u00e3o, a ser realizada pela Pr\u00f3-Reitoria, dos candidatos inscritos no sistema da CAPES.<\/td>\n<td style=\"width: 241.375px\">De 10 \u00e0 17 de abril de 2023 at\u00e9 as 17 horas (hor\u00e1rio oficial de Bras\u00edlia).<\/td>\n<td style=\"width: 172.844px\">Pr\u00f3-Reitoria de P\u00f3s-Gradua\u00e7\u00e3o ou \u00f3rg\u00e3o equivalente<\/td>\n<\/tr>\n<tr>\n<td style=\"width: 388.766px\">Publica\u00e7\u00e3o da rela\u00e7\u00e3o das inscri\u00e7\u00f5es homologadas<\/td>\n<td style=\"width: 241.375px\">A partir de 20 de abril de 2023.<\/td>\n<td style=\"width: 172.844px\">CAPES<\/td>\n<\/tr>\n<tr>\n<td style=\"width: 388.766px\">An\u00e1lise t\u00e9cnica das candidaturas pela CAPES.<\/td>\n<td style=\"width: 241.375px\">A partir do dia 18 de abril de 2023.<\/td>\n<td style=\"width: 172.844px\">CAPES<\/td>\n<\/tr>\n<tr>\n<td style=\"width: 388.766px\">Publica\u00e7\u00e3o da rela\u00e7\u00e3o de aprovados na an\u00e1lise documental.<\/td>\n<td style=\"width: 241.375px\">A partir de 22 de maio de 2023.<\/td>\n<td style=\"width: 172.844px\">CAPES<\/td>\n<\/tr>\n<tr>\n<td style=\"width: 388.766px\">Interposi\u00e7\u00e3o de recurso administrativo nos casos de indeferimento na etapa de an\u00e1lise documental.<\/td>\n<td style=\"width: 241.375px\">Em at\u00e9 10 dias ap\u00f3s a comunica\u00e7\u00e3o de indeferimento realizada pela CAPES.<\/td>\n<td style=\"width: 172.844px\">Candidato<\/td>\n<\/tr>\n<tr>\n<td style=\"width: 388.766px\">Emiss\u00e3o das cartas de concess\u00e3o.<\/td>\n<td style=\"width: 241.375px\">A partir do dia 29 de maio de 2023.<\/td>\n<td style=\"width: 172.844px\">CAPES<\/td>\n<\/tr>\n<tr>\n<td style=\"width: 388.766px\">In\u00edcio das atividades no exterior<\/td>\n<td style=\"width: 241.375px\">Setembro \u00e0 novembro de 2023.<\/td>\n<td style=\"width: 172.844px\">Bolsista<\/td>\n<\/tr>\n<\/tbody>\n<\/table>\n<\/div>\n<\/div>\n<\/div>\n<p>Obs.: O(A) candidato(a) deve inscrever-se na Capes, exclusivamente via Internet, at\u00e9 \u00e0s 17h00m do \u00faltimo dia para inscri\u00e7\u00e3o, hor\u00e1rio de Bras\u00edlia, conforme estabelecido no calend\u00e1rio. A Capes n\u00e3o se responsabilizar\u00e1 por inscri\u00e7\u00f5es n\u00e3o recebidas dentro do prazo em decorr\u00eancia de eventuais problemas t\u00e9cnicos, de congestionamentos das linhas de comunica\u00e7\u00e3o, bem como por outros fatores que impossibilitem a transfer\u00eancia de dados.<\/p>\n<p>&nbsp;<\/p>\n<p><span style=\"color: #0000ff\"><strong>Link CAPES<\/strong><\/span>: <a href=\"https:\/\/www.gov.br\/capes\/pt-br\/acesso-a-informacao\/acoes-e-programas\/bolsas\/bolsas-e-auxilios-internacionais\/encontre-aqui\/paises\/multinacional\/programa-de-doutorado-sanduiche-no-exterior-pdse\">https:\/\/www.gov.br\/capes\/pt-br\/acesso-a-informacao\/acoes-e-programas\/bolsas\/bolsas-e-auxilios-internacionais\/encontre-aqui\/paises\/multinacional\/programa-de-doutorado-sanduiche-no-exterior-pdse<\/a><\/p>\n<p>&nbsp;<\/p>\n<ul>\n<li><span style=\"font-family: 'arial black', sans-serif\">Editais de Sele\u00e7\u00e3o Interna da UFPEL 2023<\/span>\n<ul>\n<li><a href=\"https:\/\/wp.ufpel.edu.br\/prppg\/files\/2023\/02\/Selecao-Interna-PDSE-PPG-Nutricao-e-Alimentos.pdf\">Sele\u00e7\u00e3o Interna PDSE PPG Nutri\u00e7\u00e3o e Alimentos<\/a><\/li>\n<li><a href=\"https:\/\/wp.ufpel.edu.br\/prppg\/files\/2023\/02\/PPGFS-PDSE.pdf\">Sele\u00e7\u00e3o Interna PDSE PPG Fitossanidade<\/a><\/li>\n<li><a href=\"https:\/\/wp.ufpel.edu.br\/prppg\/files\/2023\/02\/Selecao-Interna-PDSE-PPG-Fisica.pdf\">Sele\u00e7\u00e3o Interna PDSE PPG F\u00edsica<\/a><\/li>\n<li><a href=\"https:\/\/wp.ufpel.edu.br\/prppg\/files\/2023\/02\/Selecao-interna-PDSE-PPG-Historia.pdf\">Sele\u00e7\u00e3o interna PDSE PPG Hist\u00f3ria<\/a><\/li>\n<li><a href=\"https:\/\/wp.ufpel.edu.br\/prppg\/files\/2023\/02\/Selecao-interna-PDSE-PPGMACSA.pdf\">Sele\u00e7\u00e3o interna PDSE PPGMACSA<\/a><\/li>\n<li><a href=\"https:\/\/wp.ufpel.edu.br\/prppg\/files\/2023\/02\/Selecao-interna-PDSE-PPGCPOL.pdf\">Sele\u00e7\u00e3o interna PDSE PPGCPOL<\/a><\/li>\n<li><a href=\"https:\/\/wp.ufpel.edu.br\/prppg\/files\/2023\/02\/Selecao-interna-PDSE-PPG-Veterinaria.pdf\">Sele\u00e7\u00e3o interna PDSE PPG Veterin\u00e1ria<\/a><\/li>\n<li><a href=\"https:\/\/wp.ufpel.edu.br\/prppg\/files\/2023\/02\/Selecao-interna-PDSE-PPG-Letras.pdf\">Sele\u00e7\u00e3o interna PDSE PPG Letras<\/a><\/li>\n<li><a href=\"https:\/\/wp.ufpel.edu.br\/prppg\/files\/2023\/02\/Selecao-interna-PDSE-PPGFilosofia.pdf\">Sele\u00e7\u00e3o interna PDSE PPGFilosofia<\/a><\/li>\n<li><a href=\"https:\/\/wp.ufpel.edu.br\/prppg\/files\/2023\/02\/Selecao-interna-PDSE-PPG-Computacao.pdf\">Sele\u00e7\u00e3o interna PDSE PPG Computa\u00e7\u00e3o<\/a><\/li>\n<li><a href=\"https:\/\/wp.ufpel.edu.br\/prppg\/files\/2023\/02\/Selecao-interna-PDSE-PPG-Enfermagem.pdf\">Sele\u00e7\u00e3o interna PDSE PPG Enfermagem<\/a><\/li>\n<li><a href=\"https:\/\/wp.ufpel.edu.br\/prppg\/files\/2023\/02\/Edital-PPGAnt-Pdse.pdf\">Sele\u00e7\u00e3o interna PDSE PPG Antropologia<\/a><\/li>\n<li><a href=\"https:\/\/wp.ufpel.edu.br\/prppg\/files\/2023\/03\/Selecao-interna-PDSE-PPG-Ciencia-e-Tecnologia-de-Sementes.pdf\">Sele\u00e7\u00e3o interna PDSE PPG Ci\u00eancia e Tecnologia de Sementes<\/a><\/li>\n<li><a href=\"https:\/\/wp.ufpel.edu.br\/prppg\/files\/2023\/03\/Edital-PDSE-PPG-Recursos-Hidricos.pdf\">Sele\u00e7\u00e3o Intera PDSE PPG Recursos H\u00eddricos<\/a><\/li>\n<li><a href=\"https:\/\/wp.ufpel.edu.br\/prppg\/files\/2023\/03\/Selecao-interna-PDSE-PPG-em-Agronomia.pdf\">Sele\u00e7\u00e3o interna PDSE PPG em Agronomia<\/a><\/li>\n<li><a href=\"https:\/\/wp.ufpel.edu.br\/prppg\/files\/2023\/03\/Edital-de-selecao-PRPPG-PDSE-PPG-em-Sociologia.pdf\">Sele\u00e7\u00e3o interna PDSE PPG em Sociologia<\/a><\/li>\n<\/ul>\n<\/li>\n<\/ul>\n<p>&nbsp;<\/p>\n<p>&nbsp;<\/p>\n<ul>\n<li><span style=\"font-family: 'arial black', sans-serif\"><strong>Resultado da Sele\u00e7\u00e3o Interna:<\/strong><\/span><\/li>\n<\/ul>\n<p>Lista de Selecionados<\/p>\n<table style=\"width: 686px\">\n<tbody>\n<tr>\n<td style=\"width: 292px\" width=\"288\">PPG<\/td>\n<td style=\"width: 394px\" width=\"288\">CLASSIFICADOS<\/td>\n<\/tr>\n<tr>\n<td style=\"width: 292px\" width=\"288\">PPG em Agronomia<\/td>\n<td style=\"width: 394px\" width=\"288\">Rodrigo Nicolao<\/td>\n<\/tr>\n<tr>\n<td style=\"width: 292px\" width=\"288\">PPG em Antropologia<\/td>\n<td style=\"width: 394px\" width=\"288\">Vanessa Costa<\/td>\n<\/tr>\n<tr>\n<td style=\"width: 292px\" width=\"288\">PPG em Computa\u00e7\u00e3o<\/td>\n<td style=\"width: 394px\" width=\"288\">\n<p>1\u00ba Henrique Caldas Kessler<\/p>\n<p>Suplente (2) Marta Breunig Loose<\/p>\n<p>Suplente (3) Italo Dombrowski Machado<\/td>\n<\/tr>\n<tr>\n<td style=\"width: 292px\" width=\"288\">PPG em Filosofia<\/td>\n<td style=\"width: 394px\" width=\"288\">Wagner Soares Fran\u00e7a<\/td>\n<\/tr>\n<tr>\n<td style=\"width: 292px\" width=\"288\">PPG em F\u00edsica<\/td>\n<td style=\"width: 394px\" width=\"288\">Rosiane Carneiro da Rosa<\/td>\n<\/tr>\n<tr>\n<td style=\"width: 292px\" width=\"288\">PPG em Fisiologia Vegetal<\/td>\n<td style=\"width: 394px\" width=\"288\">\n<p>1\u00ba Jonatan Egewarth<\/p>\n<p>Supelnte Chrislaine Yonara Schoenhals Ritter<\/td>\n<\/tr>\n<tr>\n<td style=\"width: 292px\" width=\"288\">PPG em Fitossanidade<\/td>\n<td style=\"width: 394px\" width=\"288\">Jes\u00fas Hernando G\u00f3mez Llano<\/td>\n<\/tr>\n<tr>\n<td style=\"width: 292px\" width=\"288\">PPG em Hist\u00f3ria<\/td>\n<td style=\"width: 394px\" width=\"288\">Leandro Rosa Dal Forno<\/td>\n<\/tr>\n<tr>\n<td style=\"width: 292px\" width=\"288\">PPG em Manejo e Conserva\u00e7\u00e3o do Solo e da \u00e1gua<\/td>\n<td style=\"width: 394px\" width=\"288\">\n<p>1\u00aa &#8211; M\u00e9lory Maria Fernandes de Ara\u00fajo<\/p>\n<p>suplente \u2013 Maria Bertaso de Garcia Fernandez<\/td>\n<\/tr>\n<tr>\n<td style=\"width: 292px\" width=\"288\">PPG em Nutri\u00e7\u00e3o e Alimentos<\/td>\n<td style=\"width: 394px\" width=\"288\">\n<p>1\u00aa: J\u00e9ssica Silveira Vitoria<\/p>\n<p>Suplente: Mariele dos Santos Rosa Xavier<\/td>\n<\/tr>\n<tr>\n<td style=\"width: 292px\" width=\"288\">PPG em Recursos H\u00eddricos<\/td>\n<td style=\"width: 394px\" width=\"288\">Henrique Sanchez Franz<\/td>\n<\/tr>\n<tr>\n<td style=\"width: 292px\" width=\"288\">PPG em Sociologia<\/td>\n<td style=\"width: 394px\" width=\"288\">Pierri Araujo Porciuncula<\/td>\n<\/tr>\n<tr>\n<td style=\"width: 292px\" width=\"288\">PPG Veterin\u00e1ria<\/td>\n<td style=\"width: 394px\" width=\"288\">\n<p>1\u00aa:\u00a0 Renata Nobre da Fonseca<\/p>\n<p>suplentes: Laura Valad\u00e3o Vieira<\/td>\n<\/tr>\n<tr>\n<td style=\"width: 292px\" width=\"288\">PPG CTS<\/td>\n<td style=\"width: 394px\" width=\"288\">Sem inscritos<\/td>\n<\/tr>\n<tr>\n<td style=\"width: 292px\" width=\"288\">PPG em Ci\u00eancia Pol\u00edtica<\/td>\n<td style=\"width: 394px\" width=\"288\">Sem inscritos<\/td>\n<\/tr>\n<tr>\n<td style=\"width: 292px\" width=\"288\">PPG em Enfermagem<\/td>\n<td style=\"width: 394px\" width=\"288\">Sem inscritos<\/td>\n<\/tr>\n<tr>\n<td style=\"width: 292px\" width=\"288\">PPG em Letras<\/td>\n<td style=\"width: 394px\" width=\"288\">Sem inscritos<\/td>\n<\/tr>\n<\/tbody>\n<\/table>\n<p><span style=\"color: #ff0000\">OBS: Destacamos que o sistema da CAPES abre no dia 15\/03 e encerra dia 03\/04, \u00e0s 17h, para que os candidatos se cadastrem, entreguem os documentos e submetam as suas candidaturas.<\/span><\/p>\n","protected":false},"excerpt":{"rendered":"<p>PROGRAMA INSTITUCIONAL DE DOUTORADO SANDU\u00cdCHE NO EXTERIOR (PDSE) &#8211; 2023 Documentos da CAPES: Edital_44\/2022 CAPES Anexo_I_- Termo_de_Outorga Anexo_II_- Profici\u00eancia Cronograma CAPES: Etapa Prazo Respons\u00e1vel Sele\u00e7\u00e3o interna dos candidatos e publica\u00e7\u00e3o do resultado final. Data da publica\u00e7\u00e3o do Edital interno das IES at\u00e9 13 de mar\u00e7o de 2023. Institui\u00e7\u00e3o de Ensino Superior Inscri\u00e7\u00e3o das candidaturas no [&hellip;]<\/p>\n","protected":false},"author":45,"featured_media":0,"parent":2018,"menu_order":0,"comment_status":"closed","ping_status":"closed","template":"","meta":{"footnotes":""},"class_list":["post-9087","page","type-page","status-publish","hentry"],"_links":{"self":[{"href":"https:\/\/wp.ufpel.edu.br\/prppg\/wp-json\/wp\/v2\/pages\/9087","targetHints":{"allow":["GET"]}}],"collection":[{"href":"https:\/\/wp.ufpel.edu.br\/prppg\/wp-json\/wp\/v2\/pages"}],"about":[{"href":"https:\/\/wp.ufpel.edu.br\/prppg\/wp-json\/wp\/v2\/types\/page"}],"author":[{"embeddable":true,"href":"https:\/\/wp.ufpel.edu.br\/prppg\/wp-json\/wp\/v2\/users\/45"}],"replies":[{"embeddable":true,"href":"https:\/\/wp.ufpel.edu.br\/prppg\/wp-json\/wp\/v2\/comments?post=9087"}],"version-history":[{"count":25,"href":"https:\/\/wp.ufpel.edu.br\/prppg\/wp-json\/wp\/v2\/pages\/9087\/revisions"}],"predecessor-version":[{"id":9306,"href":"https:\/\/wp.ufpel.edu.br\/prppg\/wp-json\/wp\/v2\/pages\/9087\/revisions\/9306"}],"up":[{"embeddable":true,"href":"https:\/\/wp.ufpel.edu.br\/prppg\/wp-json\/wp\/v2\/pages\/2018"}],"wp:attachment":[{"href":"https:\/\/wp.ufpel.edu.br\/prppg\/wp-json\/wp\/v2\/media?parent=9087"}],"curies":[{"name":"wp","href":"https:\/\/api.w.org\/{rel}","templated":true}]}}