{"id":721,"date":"2013-09-12T10:16:03","date_gmt":"2013-09-12T13:16:03","guid":{"rendered":"https:\/\/wp.ufpel.edu.br\/prppg\/?page_id=721"},"modified":"2017-01-10T09:52:45","modified_gmt":"2017-01-10T11:52:45","slug":"solicitacao-de-assinaturas","status":"publish","type":"page","link":"https:\/\/wp.ufpel.edu.br\/prppg\/solicitacao-de-assinaturas\/","title":{"rendered":"Solicita\u00e7\u00e3o de Assinaturas"},"content":{"rendered":"<p><span style=\"color: #008000;\"><strong>*Campos Obrigat\u00f3rios<\/strong><\/span><br \/>\n\n<div class=\"wpcf7 no-js\" id=\"wpcf7-f1954-o1\" lang=\"\" dir=\"ltr\" data-wpcf7-id=\"1954\">\n<div class=\"screen-reader-response\"><p role=\"status\" aria-live=\"polite\" aria-atomic=\"true\"><\/p> <ul><\/ul><\/div>\n<form action=\"\/prppg\/wp-json\/wp\/v2\/pages\/721#wpcf7-f1954-o1\" method=\"post\" class=\"wpcf7-form init\" aria-label=\"Formul\u00e1rios de contato\" novalidate=\"novalidate\" data-status=\"init\">\n<fieldset class=\"hidden-fields-container\"><input type=\"hidden\" name=\"_wpcf7\" value=\"1954\" \/><input type=\"hidden\" name=\"_wpcf7_version\" value=\"6.1.4\" \/><input type=\"hidden\" name=\"_wpcf7_locale\" value=\"\" \/><input type=\"hidden\" name=\"_wpcf7_unit_tag\" value=\"wpcf7-f1954-o1\" \/><input type=\"hidden\" name=\"_wpcf7_container_post\" value=\"0\" \/><input type=\"hidden\" name=\"_wpcf7_posted_data_hash\" value=\"\" \/>\n<\/fieldset>\n<p><strong><span style=\"color: #000000;\">Nome<\/span><\/strong><span style=\"color: #008000;\">*<\/span>\n<\/p>\n<p><span class=\"wpcf7-form-control-wrap\" data-name=\"your-name\"><input size=\"40\" maxlength=\"400\" class=\"wpcf7-form-control wpcf7-text wpcf7-validates-as-required\" aria-required=\"true\" aria-invalid=\"false\" value=\"\" type=\"text\" name=\"your-name\" \/><\/span>\n<\/p>\n<p><strong><span style=\"color: #000000;\">email para contato<\/span><\/strong><span style=\"color: #008000;\">*<\/span>\n<\/p>\n<p><span class=\"wpcf7-form-control-wrap\" data-name=\"your-email\"><input size=\"40\" maxlength=\"400\" class=\"wpcf7-form-control wpcf7-email wpcf7-validates-as-required wpcf7-text wpcf7-validates-as-email\" aria-required=\"true\" aria-invalid=\"false\" value=\"\" type=\"email\" name=\"your-email\" \/><\/span>\n<\/p>\n<p><strong><span style=\"color: #000000;\">\u00d3rg\u00e3o de Fomento<\/span><\/strong><span style=\"color: #008000;\">*<\/span>\n<\/p>\n<p><span class=\"wpcf7-form-control-wrap\" data-name=\"menu-932\"><select class=\"wpcf7-form-control wpcf7-select wpcf7-validates-as-required\" aria-required=\"true\" aria-invalid=\"false\" name=\"menu-932\"><option value=\"\">&#8212;Escolha uma op\u00e7\u00e3o&#8212;<\/option><option value=\"FINEP\">FINEP<\/option><option value=\"FAPERGS\">FAPERGS<\/option><option value=\"CAPES\">CAPES<\/option><option value=\"CNPq\">CNPq<\/option><option value=\"Outros\">Outros<\/option><\/select><\/span>\n<\/p>\n<p><strong><span style=\"color: #000000;\">No caso de outro \u00d3rg\u00e3o<\/span><\/strong><br \/>\n<span class=\"wpcf7-form-control-wrap\" data-name=\"text-348\"><input size=\"40\" maxlength=\"400\" class=\"wpcf7-form-control wpcf7-text\" aria-invalid=\"false\" value=\"\" type=\"text\" name=\"text-348\" \/><\/span>\n<\/p>\n<p><strong><span style=\"color: #000000;\">N\u00famero do Edital<\/span><\/strong><span style=\"color: #008000;\">*<\/span>\n<\/p>\n<p><span class=\"wpcf7-form-control-wrap\" data-name=\"your-subject\"><input size=\"40\" maxlength=\"400\" class=\"wpcf7-form-control wpcf7-text wpcf7-validates-as-required\" aria-required=\"true\" aria-invalid=\"false\" value=\"\" type=\"text\" name=\"your-subject\" \/><\/span>\n<\/p>\n<p><strong><span style=\"color: #000000;\">Objetivo<\/span><\/strong><span style=\"color: #008000;\">*<\/span>\n<\/p>\n<p><span class=\"wpcf7-form-control-wrap\" data-name=\"menu-313\"><select class=\"wpcf7-form-control wpcf7-select wpcf7-validates-as-required\" aria-required=\"true\" aria-invalid=\"false\" name=\"menu-313\"><option value=\"\">&#8212;Escolha uma op\u00e7\u00e3o&#8212;<\/option><option value=\"Aux\u00edlio Evento\">Aux\u00edlio Evento<\/option><option value=\"Bolsas Individuais\">Bolsas Individuais<\/option><option value=\"Financiamento Projeto\">Financiamento Projeto<\/option><option value=\"Outro\">Outro<\/option><\/select><\/span><br \/>\n<strong><span style=\"color: #000000;\">Outro<\/span><\/strong><br \/>\n<span class=\"wpcf7-form-control-wrap\" data-name=\"outroyour-name\"><input size=\"40\" maxlength=\"400\" class=\"wpcf7-form-control wpcf7-text\" aria-invalid=\"false\" value=\"\" type=\"text\" name=\"outroyour-name\" \/><\/span>\n<\/p>\n<p><strong><span style=\"color: #000000;\">No caso de Financiamento do Projeto<br \/>\nindicar o n\u00famero de identifi\u00e7\u00e3o no Cobalto<br \/>\ne o T\u00edtulo do projeto<\/span><\/strong><br \/>\n<span class=\"wpcf7-form-control-wrap\" data-name=\"codyour-name\"><textarea cols=\"40\" rows=\"10\" maxlength=\"2000\" class=\"wpcf7-form-control wpcf7-textarea\" aria-invalid=\"false\" name=\"codyour-name\"><\/textarea><\/span>\n<\/p>\n<p><strong><span style=\"color: #000000;\">Data limite para envio da proposta<\/span><\/strong><span style=\"color: #008000;\">*<\/span><br \/>\n<span class=\"wpcf7-form-control-wrap\" data-name=\"datayour-name\"><input size=\"40\" maxlength=\"400\" class=\"wpcf7-form-control wpcf7-text wpcf7-validates-as-required\" aria-required=\"true\" aria-invalid=\"false\" value=\"\" type=\"text\" name=\"datayour-name\" \/><\/span><span style=\"color: #008000;\"><strong>(xx\/xx\/xxxx)<\/strong><\/span>\n<\/p>\n<p><label style=\"display: inline\"><strong><span style=\"color: #000000;\">Imagem de seguran\u00e7a<\/span><\/strong><\/label><br \/>\n<input type=\"hidden\" name=\"_wpcf7_captcha_challenge_captcha-1\" value=\"4190480878\" \/><img class=\"wpcf7-form-control wpcf7-captchac wpcf7-captcha-captcha-1\" width=\"72\" height=\"24\" alt=\"captcha\" src=\"https:\/\/wp.ufpel.edu.br\/prppg\/files\/wpcf7_captcha\/4190480878.png\" \/><span class=\"wpcf7-form-control-wrap\" data-name=\"captcha-1\"><input size=\"8\" class=\"wpcf7-form-control wpcf7-captchar\" autocomplete=\"off\" aria-invalid=\"false\" value=\"\" type=\"text\" name=\"captcha-1\" \/><\/span>\n<\/p>\n<p><input class=\"wpcf7-form-control wpcf7-submit has-spinner\" type=\"submit\" value=\"Enviar\" \/>\n<\/p><p style=\"display: none !important;\" class=\"akismet-fields-container\" data-prefix=\"_wpcf7_ak_\"><label>&#916;<textarea name=\"_wpcf7_ak_hp_textarea\" cols=\"45\" rows=\"8\" maxlength=\"100\"><\/textarea><\/label><input type=\"hidden\" id=\"ak_js_1\" name=\"_wpcf7_ak_js\" value=\"84\"\/><script>document.getElementById( \"ak_js_1\" ).setAttribute( \"value\", ( new Date() ).getTime() );<\/script><\/p><div class=\"wpcf7-response-output\" aria-hidden=\"true\"><\/div>\n<\/form>\n<\/div>\n<\/p>\n","protected":false},"excerpt":{"rendered":"<p>*Campos Obrigat\u00f3rios<\/p>\n","protected":false},"author":45,"featured_media":0,"parent":0,"menu_order":0,"comment_status":"closed","ping_status":"closed","template":"","meta":{"footnotes":""},"class_list":["post-721","page","type-page","status-publish","hentry"],"_links":{"self":[{"href":"https:\/\/wp.ufpel.edu.br\/prppg\/wp-json\/wp\/v2\/pages\/721","targetHints":{"allow":["GET"]}}],"collection":[{"href":"https:\/\/wp.ufpel.edu.br\/prppg\/wp-json\/wp\/v2\/pages"}],"about":[{"href":"https:\/\/wp.ufpel.edu.br\/prppg\/wp-json\/wp\/v2\/types\/page"}],"author":[{"embeddable":true,"href":"https:\/\/wp.ufpel.edu.br\/prppg\/wp-json\/wp\/v2\/users\/45"}],"replies":[{"embeddable":true,"href":"https:\/\/wp.ufpel.edu.br\/prppg\/wp-json\/wp\/v2\/comments?post=721"}],"version-history":[{"count":6,"href":"https:\/\/wp.ufpel.edu.br\/prppg\/wp-json\/wp\/v2\/pages\/721\/revisions"}],"predecessor-version":[{"id":4102,"href":"https:\/\/wp.ufpel.edu.br\/prppg\/wp-json\/wp\/v2\/pages\/721\/revisions\/4102"}],"wp:attachment":[{"href":"https:\/\/wp.ufpel.edu.br\/prppg\/wp-json\/wp\/v2\/media?parent=721"}],"curies":[{"name":"wp","href":"https:\/\/api.w.org\/{rel}","templated":true}]}}