{"id":6569,"date":"2020-01-03T08:25:55","date_gmt":"2020-01-03T11:25:55","guid":{"rendered":"https:\/\/wp.ufpel.edu.br\/prppgi\/?page_id=6569"},"modified":"2025-05-26T15:52:28","modified_gmt":"2025-05-26T18:52:28","slug":"abertura-de-credito","status":"publish","type":"page","link":"https:\/\/wp.ufpel.edu.br\/prppg\/pos-graducao\/neor\/rotinas\/abertura-de-credito\/","title":{"rendered":"Abertura de cr\u00e9dito"},"content":{"rendered":"<p><strong>ABERTURA DE CR\u00c9DITO &#8211; RECURSO PR\u00d3PRIO<\/strong><\/p>\n<p>Procedimentos:<\/p>\n<ol>\n<li style=\"font-weight: 400\"><span style=\"font-weight: 400\">Abrir processo no SEI utilizando o tipo &#8220;Or\u00e7amento e Finan\u00e7as: Cr\u00e9dito &#8211; Abertura&#8221;.<\/span><\/li>\n<li style=\"font-weight: 400\"><span style=\"font-weight: 400\">Utilizar o formul\u00e1rio &#8220;Proplad solicita\u00e7\u00e3o de abertura de cr\u00e9dito&#8221; informando as naturezas de despesa que o cr\u00e9dito dever\u00e1 ser aberto.<\/span><\/li>\n<li style=\"font-weight: 400\"><span style=\"font-weight: 400\">Anexar a lista com o nome dos inscritos pagantes.<\/span><\/li>\n<li style=\"font-weight: 400\"><span style=\"font-weight: 400\">Anexar as Guias de Recolhimento da Uni\u00e3o (GRU) com os comprovantes de recolhimento (digitalizar em PDF).<\/span><\/li>\n<\/ol>\n<p>IMPORTANTE:<\/p>\n<ul>\n<li style=\"font-weight: 400\"><span style=\"font-weight: 400\">Mesmo informando a natureza de despesa no formul\u00e1rio, a CGO poder\u00e1 abrir o cr\u00e9dito na 33.90.30 (material de consumo).<\/span><\/li>\n<li style=\"font-weight: 400\"><span style=\"font-weight: 400\">Para utilizar, basta pedir remanejo ou transfer\u00eancia, via Cobalto.<\/span><\/li>\n<li style=\"font-weight: 400\"><span style=\"font-weight: 400\">Se for transfer\u00eancia ou remanejo entre <\/span><b>capital e custeio<\/b><span style=\"font-weight: 400\">, a solicita\u00e7\u00e3o deve ser feita dentro do processo de abertura de cr\u00e9dito.<\/span><\/li>\n<li style=\"font-weight: 400\"><span style=\"font-weight: 400\">Para solicitar a emiss\u00e3o de empenho para atender despesas com aux\u00edlio financeiro, di\u00e1rias, passagens&#8230;, o NEOR precisa ser informado atrav\u00e9s de um despacho no mesmo processo de abertura de cr\u00e9dito<\/span><span style=\"font-weight: 400\">.<\/span><\/li>\n<li><strong>O processo deve ser o mesmo para todo o ano.<\/strong><\/li>\n<\/ul>\n","protected":false},"excerpt":{"rendered":"<p>ABERTURA DE CR\u00c9DITO &#8211; RECURSO PR\u00d3PRIO Procedimentos: Abrir processo no SEI utilizando o tipo &#8220;Or\u00e7amento e Finan\u00e7as: Cr\u00e9dito &#8211; Abertura&#8221;. Utilizar o formul\u00e1rio &#8220;Proplad solicita\u00e7\u00e3o de abertura de cr\u00e9dito&#8221; informando as naturezas de despesa que o cr\u00e9dito dever\u00e1 ser aberto. Anexar a lista com o nome dos inscritos pagantes. Anexar as Guias de Recolhimento da [&hellip;]<\/p>\n","protected":false},"author":45,"featured_media":0,"parent":5857,"menu_order":0,"comment_status":"closed","ping_status":"closed","template":"","meta":{"footnotes":""},"class_list":["post-6569","page","type-page","status-publish","hentry"],"_links":{"self":[{"href":"https:\/\/wp.ufpel.edu.br\/prppg\/wp-json\/wp\/v2\/pages\/6569","targetHints":{"allow":["GET"]}}],"collection":[{"href":"https:\/\/wp.ufpel.edu.br\/prppg\/wp-json\/wp\/v2\/pages"}],"about":[{"href":"https:\/\/wp.ufpel.edu.br\/prppg\/wp-json\/wp\/v2\/types\/page"}],"author":[{"embeddable":true,"href":"https:\/\/wp.ufpel.edu.br\/prppg\/wp-json\/wp\/v2\/users\/45"}],"replies":[{"embeddable":true,"href":"https:\/\/wp.ufpel.edu.br\/prppg\/wp-json\/wp\/v2\/comments?post=6569"}],"version-history":[{"count":8,"href":"https:\/\/wp.ufpel.edu.br\/prppg\/wp-json\/wp\/v2\/pages\/6569\/revisions"}],"predecessor-version":[{"id":11661,"href":"https:\/\/wp.ufpel.edu.br\/prppg\/wp-json\/wp\/v2\/pages\/6569\/revisions\/11661"}],"up":[{"embeddable":true,"href":"https:\/\/wp.ufpel.edu.br\/prppg\/wp-json\/wp\/v2\/pages\/5857"}],"wp:attachment":[{"href":"https:\/\/wp.ufpel.edu.br\/prppg\/wp-json\/wp\/v2\/media?parent=6569"}],"curies":[{"name":"wp","href":"https:\/\/api.w.org\/{rel}","templated":true}]}}