{"id":5954,"date":"2019-04-03T17:07:54","date_gmt":"2019-04-03T20:07:54","guid":{"rendered":"https:\/\/wp.ufpel.edu.br\/prppgi\/?page_id=5954"},"modified":"2025-08-12T11:01:26","modified_gmt":"2025-08-12T14:01:26","slug":"auxilio-financeiro","status":"publish","type":"page","link":"https:\/\/wp.ufpel.edu.br\/prppg\/pos-graducao\/neor\/rotinas\/auxilio-financeiro\/","title":{"rendered":"Aux\u00edlio Financeiro"},"content":{"rendered":"<p><span style=\"font-size: 14pt\"><strong>AUX\u00cdLIO FINANCEIRO<\/strong><\/span><\/p>\n<p>Procedimentos:<\/p>\n<p><strong>IMPORTANTE: antes de abrir o processo, deve ser pedido via Cobalto, a transfer\u00eancia de cr\u00e9dito para a UGR da PRPPG (154116), para emiss\u00e3o ou refor\u00e7o do empenho que atender\u00e1 a despesa de aux\u00edlio financeiro (33.90.18).<\/strong><\/p>\n<ol>\n<li style=\"list-style-type: none\">\n<ol>\n<li style=\"font-weight: 400\"><span style=\"font-weight: 400\">Abrir processo no SEI, tipo &#8220;P\u00f3s-Gradua\u00e7\u00e3o: Aux\u00edlio Financeiro&#8221;.<\/span><\/li>\n<li style=\"font-weight: 400\"><span style=\"font-weight: 400\">Preencher formul\u00e1rio &#8220;P\u00f3s-Gradua\u00e7\u00e3o: Solicita\u00e7\u00e3o Aux\u00edlio Financeiro&#8221; com os dados de quem demandou o pedido, solicitando o pagamento do aux\u00edlio (fonte do recurso, nome, CPF, dados banc\u00e1rios, valor, motivo, dados do evento, &#8230;).<\/span><\/li>\n<li><strong>Para participa\u00e7\u00e3o em eventos<\/strong>, deve ser anexado folder e\/ou programa\u00e7\u00e3o do evento para comprova\u00e7\u00e3o de datas.<\/li>\n<li>Foi<strong> adicionado um novo campo<\/strong> no\u00a0formul\u00e1rio &#8220;P\u00f3s-Gradua\u00e7\u00e3o: Solicita\u00e7\u00e3o Aux\u00edlio Financeiro&#8221;, o qual solicita a explica\u00e7\u00e3o do <strong>m\u00e9todo de sele\u00e7\u00e3o<\/strong> do aluno e como foi definido o valor da referida ajuda de custo para participa\u00e7\u00e3o no evento ou no trabalho de campo.<\/li>\n<li><b>As solicita\u00e7\u00f5es podem ser agrupadas por um mesmo evento ou por eventos que ocorram em uma mesma semana. N\u00e3o pode agrupar solicita\u00e7\u00f5es de fonte de recursos diferentes, por exemplo PROAP e recurso pr\u00f3prio.<\/b><\/li>\n<li>C\u00e1lculo do aux\u00edlio \u2013 exemplo: 4 dias de evento = 3,5 di\u00e1rias (pode ser pago 2 di\u00e1rias a mais, se a sa\u00edda ocorrer um dia antes e o retorno um dia ap\u00f3s o evento).<\/li>\n<li>Aux\u00edlio di\u00e1rio = R$ 320,00, conforme Art. 2\u00ba da\u00a0<a href=\"https:\/\/www.gov.br\/capes\/pt-br\/centrais-de-conteudo\/05092016-portaria-n-132-de-18-de-agosto-de-2016-pdf\/view\">Portaria da CAPES n\u00b0132, de 18 de agosto de 2016<\/a>.<\/li>\n<li>Aux\u00edlio di\u00e1rio no exterior = conforme Art. 4\u00ba, Anexo I da <a href=\"https:\/\/www.gov.br\/capes\/pt-br\/centrais-de-conteudo\/05092016-portaria-n-132-de-18-de-agosto-de-2016-pdf\/view\">Portaria da CAPES n\u00b0132, de 18 de agosto de 2016<\/a>.<\/li>\n<\/ol>\n<\/li>\n<\/ol>\n<hr \/>\n<p><span style=\"font-size: 14pt\"><strong>PRESTA\u00c7\u00c3O DE CONTAS AUX\u00cdLIO FINANCEIRO<\/strong><\/span><\/p>\n<p>Procedimentos:<\/p>\n<ol>\n<li style=\"font-weight: 400\"><span style=\"font-weight: 400\">Abrir processo no SEI, tipo &#8220;P\u00f3s-Gradua\u00e7\u00e3o: Presta\u00e7\u00e3o de Contas Aux\u00edlio Financeiro&#8221;.<\/span><\/li>\n<li style=\"font-weight: 400\"><span style=\"font-weight: 400\">Documentos necess\u00e1rios para a presta\u00e7\u00e3o de contas:<\/span>\n<ul>\n<li style=\"font-weight: 400\"><span style=\"font-weight: 400\">Notas fiscais de gastos devidamente datados com o per\u00edodo e local do evento (obrigat\u00f3rio nos casos em que n\u00e3o h\u00e1 comprova\u00e7\u00e3o atrav\u00e9s de passagens a\u00e9reas ou rodovi\u00e1rias);<\/span><\/li>\n<li style=\"font-weight: 400\"><span style=\"font-weight: 400\">Comprova\u00e7\u00e3o da viagem (bilhetes rodovi\u00e1rios, canhotos de embarque, &#8230;);<\/span><\/li>\n<li style=\"font-weight: 400\"><span style=\"font-weight: 400\">Certificado de apresenta\u00e7\u00e3o do trabalho, se for o caso, <strong>para eventos<\/strong>; e<\/span><\/li>\n<li>Relat\u00f3rio de viagem devidamente assinado pelo orientador e pelo coordenador do PPG, <strong>para trabalho de campo<\/strong>. Modelo acess\u00edvel no link:\u00a0<a href=\"https:\/\/docs.google.com\/document\/d\/1cdbatbpvaz4Au_EVgo_cyHzij_HTAptp\/edit\">https:\/\/docs.google.com\/document\/d\/1cdbatbpvaz4Au_EVgo_cyHzij_HTAptp\/edit<\/a><\/li>\n<\/ul>\n<\/li>\n<\/ol>\n<p class=\"Citacao\">&#8220;A Constitui\u00e7\u00e3o Federal de 1988\u00a0preconiza em seu par\u00e1grafo \u00fanico do artigo 70:<\/p>\n<blockquote>\n<p class=\"Citacao\">\u00a0Prestar\u00e1 contas\u00a0qualquer pessoa f\u00edsica ou jur\u00eddica, p\u00fablica ou privada, que\u00a0utilize, arrecade, guarde, gerencie ou administre dinheiros, bens e valores p\u00fablicos ou pelos quais a Uni\u00e3o responda, ou que, em nome desta, assuma obriga\u00e7\u00f5es de natureza pecuni\u00e1ria.<\/p>\n<\/blockquote>\n<p class=\"Citacao\">A\u00a0Lei 8429 de 1992, que disp\u00f5e sobre as\u00a0<strong>san\u00e7\u00f5es aplic\u00e1veis aos agentes p\u00fablicos<\/strong>\u00a0no exerc\u00edcio de mandato, cargo, emprego ou fun\u00e7\u00e3o na administra\u00e7\u00e3o p\u00fablica direta, indireta ou fundacional, em seu\u00a0inciso VI do artigo 11,\u00a0corrobora com esse entendimento ao instituir que constitui\u00a0<strong>ato de improbidade administrativa<\/strong>\u00a0quem\u00a0<strong>deixa de prestar contas<\/strong> quando esteja obrigado a faz\u00ea-lo, desde que disponha das condi\u00e7\u00f5es para isso, com vistas a ocultar irregularidades.<\/p>\n<p class=\"Citacao\">Tendo em vista o\u00a0<strong>dever funcional<\/strong>\u00a0como servidores p\u00fablicos, para\u00a0<strong>evitarmos \u00f4nus de qualquer esp\u00e9cie<\/strong>, seja pelo impedimento de realizar outra viagem, seja pela responsabiliza\u00e7\u00e3o pelo n\u00e3o cumprimento do dever legal, ou ainda,\u00a0pelo \u00f4nus financeiro \u00e0 Administra\u00e7\u00e3o P\u00fablica, solicitamos que sejam tomados os procedimentos administrativos para que\u00a0as\u00a0<strong>presta\u00e7\u00f5es\u00a0de contas\u00a0dos afastamentos a servi\u00e7o<\/strong>\u00a0sejam realizadas\u00a0no\u00a0<strong>tempo determinado em lei (prazo m\u00e1ximo de 5 dias do retorno da viagem)<\/strong>.&#8221;<\/p>\n<hr \/>\n<p><span style=\"font-size: 14pt\"><strong>Procedimentos a serem adotados &#8211; VIAGEM N\u00c3O REALIZADA:<\/strong><\/span><\/p>\n<p>1\u00aa hip\u00f3tese: Aluno desistiu de viajar antes de receber o aux\u00edlio:<\/p>\n<ol>\n<li style=\"font-weight: 400\"><span style=\"font-weight: 400\">Entrar em contato com o NEOR para disponibilizar o processo e poder anexar o documento de desist\u00eancia do aluno, bem como o despacho do Coordenador dando ci\u00eancia ao ato.<\/span><\/li>\n<\/ol>\n<p>2\u00aa hip\u00f3tese: Aluno j\u00e1 recebeu o aux\u00edlio financeiro:<\/p>\n<ol>\n<li style=\"font-weight: 400\"><span style=\"font-weight: 400\">Abrir processo no SEI, tipo &#8220;P\u00f3s-Gradua\u00e7\u00e3o: Presta\u00e7\u00e3o de Contas Aux\u00edlio Financeiro&#8221;;<\/span><\/li>\n<li style=\"font-weight: 400\"><span style=\"font-weight: 400\">Memorando do Coordenador dando ci\u00eancia ao ato;\u00a0<\/span><\/li>\n<li style=\"font-weight: 400\"><span style=\"font-weight: 400\">Anexar documento de desist\u00eancia do aluno; e<\/span><\/li>\n<li style=\"font-weight: 400\"><span style=\"font-weight: 400\">Anexar c\u00f3pia da <a href=\"https:\/\/pagtesouro.tesouro.gov.br\/portal-gru\/#\/emissao-gru\">GRU (Guia de Recolhimento da Uni\u00e3o)<\/a> e comprovante de recolhimento. Modelo acess\u00edvel no link: <\/span><a href=\"https:\/\/docs.google.com\/document\/d\/1T7TRFa1YC49RWRRP8qMwxDXjr6XsIwWXWfC8mOtz84o\/edit\"><span style=\"font-weight: 400\">Modelo-GRU-Dev.-Bolsa-e-Aux.-Financeiro<\/span><\/a><\/li>\n<\/ol>\n<p>&nbsp;<\/p>\n<p>&nbsp;<\/p>\n","protected":false},"excerpt":{"rendered":"<p>AUX\u00cdLIO FINANCEIRO Procedimentos: IMPORTANTE: antes de abrir o processo, deve ser pedido via Cobalto, a transfer\u00eancia de cr\u00e9dito para a UGR da PRPPG (154116), para emiss\u00e3o ou refor\u00e7o do empenho que atender\u00e1 a despesa de aux\u00edlio financeiro (33.90.18). Abrir processo no SEI, tipo &#8220;P\u00f3s-Gradua\u00e7\u00e3o: Aux\u00edlio Financeiro&#8221;. Preencher formul\u00e1rio &#8220;P\u00f3s-Gradua\u00e7\u00e3o: Solicita\u00e7\u00e3o Aux\u00edlio Financeiro&#8221; com os dados [&hellip;]<\/p>\n","protected":false},"author":45,"featured_media":0,"parent":5857,"menu_order":0,"comment_status":"closed","ping_status":"closed","template":"","meta":{"footnotes":""},"class_list":["post-5954","page","type-page","status-publish","hentry"],"_links":{"self":[{"href":"https:\/\/wp.ufpel.edu.br\/prppg\/wp-json\/wp\/v2\/pages\/5954","targetHints":{"allow":["GET"]}}],"collection":[{"href":"https:\/\/wp.ufpel.edu.br\/prppg\/wp-json\/wp\/v2\/pages"}],"about":[{"href":"https:\/\/wp.ufpel.edu.br\/prppg\/wp-json\/wp\/v2\/types\/page"}],"author":[{"embeddable":true,"href":"https:\/\/wp.ufpel.edu.br\/prppg\/wp-json\/wp\/v2\/users\/45"}],"replies":[{"embeddable":true,"href":"https:\/\/wp.ufpel.edu.br\/prppg\/wp-json\/wp\/v2\/comments?post=5954"}],"version-history":[{"count":3,"href":"https:\/\/wp.ufpel.edu.br\/prppg\/wp-json\/wp\/v2\/pages\/5954\/revisions"}],"predecessor-version":[{"id":12124,"href":"https:\/\/wp.ufpel.edu.br\/prppg\/wp-json\/wp\/v2\/pages\/5954\/revisions\/12124"}],"up":[{"embeddable":true,"href":"https:\/\/wp.ufpel.edu.br\/prppg\/wp-json\/wp\/v2\/pages\/5857"}],"wp:attachment":[{"href":"https:\/\/wp.ufpel.edu.br\/prppg\/wp-json\/wp\/v2\/media?parent=5954"}],"curies":[{"name":"wp","href":"https:\/\/api.w.org\/{rel}","templated":true}]}}