{"id":5946,"date":"2019-04-03T17:03:36","date_gmt":"2019-04-03T20:03:36","guid":{"rendered":"https:\/\/wp.ufpel.edu.br\/prppgi\/?page_id=5946"},"modified":"2022-06-27T09:22:21","modified_gmt":"2022-06-27T12:22:21","slug":"bolsas","status":"publish","type":"page","link":"https:\/\/wp.ufpel.edu.br\/prppg\/pos-graducao\/neor\/rotinas\/bolsas\/","title":{"rendered":"Bolsas"},"content":{"rendered":"<p>As substitui\u00e7\u00f5es de bolsistas dever\u00e3o ser informadas at\u00e9 o dia 10 de cada m\u00eas, para que possamos registrar no sistema.<\/p>\n<p>&nbsp;<\/p>\n","protected":false},"excerpt":{"rendered":"<p>As substitui\u00e7\u00f5es de bolsistas dever\u00e3o ser informadas at\u00e9 o dia 10 de cada m\u00eas, para que possamos registrar no sistema. &nbsp;<\/p>\n","protected":false},"author":45,"featured_media":0,"parent":5857,"menu_order":0,"comment_status":"closed","ping_status":"closed","template":"","meta":{"footnotes":""},"class_list":["post-5946","page","type-page","status-publish","hentry"],"_links":{"self":[{"href":"https:\/\/wp.ufpel.edu.br\/prppg\/wp-json\/wp\/v2\/pages\/5946","targetHints":{"allow":["GET"]}}],"collection":[{"href":"https:\/\/wp.ufpel.edu.br\/prppg\/wp-json\/wp\/v2\/pages"}],"about":[{"href":"https:\/\/wp.ufpel.edu.br\/prppg\/wp-json\/wp\/v2\/types\/page"}],"author":[{"embeddable":true,"href":"https:\/\/wp.ufpel.edu.br\/prppg\/wp-json\/wp\/v2\/users\/45"}],"replies":[{"embeddable":true,"href":"https:\/\/wp.ufpel.edu.br\/prppg\/wp-json\/wp\/v2\/comments?post=5946"}],"version-history":[{"count":6,"href":"https:\/\/wp.ufpel.edu.br\/prppg\/wp-json\/wp\/v2\/pages\/5946\/revisions"}],"predecessor-version":[{"id":8411,"href":"https:\/\/wp.ufpel.edu.br\/prppg\/wp-json\/wp\/v2\/pages\/5946\/revisions\/8411"}],"up":[{"embeddable":true,"href":"https:\/\/wp.ufpel.edu.br\/prppg\/wp-json\/wp\/v2\/pages\/5857"}],"wp:attachment":[{"href":"https:\/\/wp.ufpel.edu.br\/prppg\/wp-json\/wp\/v2\/media?parent=5946"}],"curies":[{"name":"wp","href":"https:\/\/api.w.org\/{rel}","templated":true}]}}