{"id":492,"date":"2013-08-29T16:03:35","date_gmt":"2013-08-29T19:03:35","guid":{"rendered":"https:\/\/wp.ufpel.edu.br\/prppg\/?page_id=492"},"modified":"2025-04-16T15:33:46","modified_gmt":"2025-04-16T18:33:46","slug":"prppg","status":"publish","type":"page","link":"https:\/\/wp.ufpel.edu.br\/prppg\/prppg\/","title":{"rendered":"PRPPG"},"content":{"rendered":"<h3><span style=\"color: #000000\">Pr\u00f3-Reitoria de Pesquisa e P\u00f3s-Gradua\u00e7\u00e3o<br \/>\n<\/span><\/h3>\n<p><span style=\"color: #000000\"><strong>Pr\u00f3-Reitor<\/strong><\/span><\/p>\n<p><span style=\"color: #000000\"><strong>Nome:<\/strong> Prof. Dr. Marcos Britto Correa<\/span><\/p>\n<p><span style=\"color: #000000\"><strong>Secret\u00e1ria: <\/strong>Clarissa Garcia Guidotti<\/span><\/p>\n<p><span style=\"color: #000000\"><strong>Telefone (WhatsApp):<\/strong> (53)3284-4080<\/span><\/p>\n<p><span style=\"color: #000000\"><strong>Atribui\u00e7\u00f5es da Pr\u00f3-Reitoria<\/strong><\/span><\/p>\n<p><span style=\"color: #000000\">Coordenar as diversas fun\u00e7\u00f5es\/atribui\u00e7\u00f5es da Pr\u00f3-Reitoria de Pesquisa e P\u00f3s-Gradua\u00e7\u00e3o, distribuindo as atividades de forma a descentralizar a responsabilidade pelo bom funcionamento do todo, fazendo com que os servidores que atuam na PRPPG sintam-se atores do processo. Interceder junto \u00e0s inst\u00e2ncias superiores da Universidade, a fim de promover as demandas pautadas nas inst\u00e2ncias democr\u00e1ticas de reflex\u00f5es propostas no programa da gest\u00e3o e junto a \u00f3rg\u00e3os externos estritamente relacionados \u00e0 Pesquisa e P\u00f3s-Gradua\u00e7\u00e3o. Desenvolver um trabalho pautado pelo diagn\u00f3stico, planejamento, execu\u00e7\u00e3o e avalia\u00e7\u00e3o, com transpar\u00eancia, di\u00e1logo, sensibilidade, seriedade e compromisso.<\/span><\/p>\n","protected":false},"excerpt":{"rendered":"<p>Pr\u00f3-Reitoria de Pesquisa e P\u00f3s-Gradua\u00e7\u00e3o Pr\u00f3-Reitor Nome: Prof. Dr. Marcos Britto Correa Secret\u00e1ria: Clarissa Garcia Guidotti Telefone (WhatsApp): (53)3284-4080 Atribui\u00e7\u00f5es da Pr\u00f3-Reitoria Coordenar as diversas fun\u00e7\u00f5es\/atribui\u00e7\u00f5es da Pr\u00f3-Reitoria de Pesquisa e P\u00f3s-Gradua\u00e7\u00e3o, distribuindo as atividades de forma a descentralizar a responsabilidade pelo bom funcionamento do todo, fazendo com que os servidores que atuam na PRPPG [&hellip;]<\/p>\n","protected":false},"author":45,"featured_media":0,"parent":0,"menu_order":0,"comment_status":"closed","ping_status":"closed","template":"","meta":{"footnotes":""},"class_list":["post-492","page","type-page","status-publish","hentry"],"_links":{"self":[{"href":"https:\/\/wp.ufpel.edu.br\/prppg\/wp-json\/wp\/v2\/pages\/492","targetHints":{"allow":["GET"]}}],"collection":[{"href":"https:\/\/wp.ufpel.edu.br\/prppg\/wp-json\/wp\/v2\/pages"}],"about":[{"href":"https:\/\/wp.ufpel.edu.br\/prppg\/wp-json\/wp\/v2\/types\/page"}],"author":[{"embeddable":true,"href":"https:\/\/wp.ufpel.edu.br\/prppg\/wp-json\/wp\/v2\/users\/45"}],"replies":[{"embeddable":true,"href":"https:\/\/wp.ufpel.edu.br\/prppg\/wp-json\/wp\/v2\/comments?post=492"}],"version-history":[{"count":21,"href":"https:\/\/wp.ufpel.edu.br\/prppg\/wp-json\/wp\/v2\/pages\/492\/revisions"}],"predecessor-version":[{"id":11592,"href":"https:\/\/wp.ufpel.edu.br\/prppg\/wp-json\/wp\/v2\/pages\/492\/revisions\/11592"}],"wp:attachment":[{"href":"https:\/\/wp.ufpel.edu.br\/prppg\/wp-json\/wp\/v2\/media?parent=492"}],"curies":[{"name":"wp","href":"https:\/\/api.w.org\/{rel}","templated":true}]}}

<h3><span style="color: #000000">Pró-Reitoria de Pesquisa e Pós-Graduação<br />
</span></h3>
<p><span style="color: #000000"><strong>Pró-Reitor</strong></span></p>
<p><span style="color: #000000"><strong>Nome:</strong> Prof. Dr. Marcos Britto Correa</span></p>
<p><span style="color: #000000"><strong>Secretária: </strong>Clarissa Garcia Guidotti</span></p>
<p><span style="color: #000000"><strong>Telefone (WhatsApp):</strong> (53)3284-4080</span></p>
<p><span style="color: #000000"><strong>Atribuições da Pró-Reitoria</strong></span></p>
<p><span style="color: #000000">Coordenar as diversas funções/atribuições da Pró-Reitoria de Pesquisa e Pós-Graduação, distribuindo as atividades de forma a descentralizar a responsabilidade pelo bom funcionamento do todo, fazendo com que os servidores que atuam na PRPPG sintam-se atores do processo. Interceder junto às instâncias superiores da Universidade, a fim de promover as demandas pautadas nas instâncias democráticas de reflexões propostas no programa da gestão e junto a órgãos externos estritamente relacionados à Pesquisa e Pós-Graduação. Desenvolver um trabalho pautado pelo diagnóstico, planejamento, execução e avaliação, com transparência, diálogo, sensibilidade, seriedade e compromisso.</span></p>

<p>Pró-Reitoria de Pesquisa e Pós-Graduação Pró-Reitor Nome: Prof. Dr. Marcos Britto Correa Secretária: Clarissa Garcia Guidotti Telefone (WhatsApp): (53)3284-4080 Atribuições da Pró-Reitoria Coordenar as diversas funções/atribuições da Pró-Reitoria de Pesquisa e Pós-Graduação, distribuindo as atividades de forma a descentralizar a responsabilidade pelo bom funcionamento do todo, fazendo com que os servidores que atuam na PRPPG [&hellip;]</p>
