{"id":4917,"date":"2018-01-04T12:11:10","date_gmt":"2018-01-04T14:11:10","guid":{"rendered":"https:\/\/wp.ufpel.edu.br\/prppgi\/?page_id=4917"},"modified":"2025-08-13T16:36:14","modified_gmt":"2025-08-13T19:36:14","slug":"certificados-de-bolsistas","status":"publish","type":"page","link":"https:\/\/wp.ufpel.edu.br\/prppg\/substituicao-de-bolsistas\/certificados-de-bolsistas\/","title":{"rendered":"Certificados de bolsistas"},"content":{"rendered":"<p>Os certificados de bolsas de Inicia\u00e7\u00e3o Cient\u00edfica e Tecnol\u00f3gicas emitidos a partir de 01\/08\/2019 est\u00e3o dispon\u00edveis atrav\u00e9s do acesso livre do cobalto (menu certificados &gt; informar documento e e-mail).<\/p>\n<p style=\"text-align: justify\">Os certificados de bolsas de Inicia\u00e7\u00e3o Cient\u00edfica e Tecnol\u00f3gicas anteriores a 08\/2019 devem ser solicitados atrav\u00e9s do e-mail da Coordena\u00e7\u00e3o de Pesquisa:\u00a0cpesqufpel@gmail.com ou na sala 409A do Campus Anglo.<\/p>\n","protected":false},"excerpt":{"rendered":"<p>Os certificados de bolsas de Inicia\u00e7\u00e3o Cient\u00edfica e Tecnol\u00f3gicas emitidos a partir de 01\/08\/2019 est\u00e3o dispon\u00edveis atrav\u00e9s do acesso livre do cobalto (menu certificados &gt; informar documento e e-mail). Os certificados de bolsas de Inicia\u00e7\u00e3o Cient\u00edfica e Tecnol\u00f3gicas anteriores a 08\/2019 devem ser solicitados atrav\u00e9s do e-mail da Coordena\u00e7\u00e3o de Pesquisa:\u00a0cpesqufpel@gmail.com ou na sala 409A [&hellip;]<\/p>\n","protected":false},"author":45,"featured_media":0,"parent":1686,"menu_order":0,"comment_status":"closed","ping_status":"closed","template":"","meta":{"footnotes":""},"class_list":["post-4917","page","type-page","status-publish","hentry"],"_links":{"self":[{"href":"https:\/\/wp.ufpel.edu.br\/prppg\/wp-json\/wp\/v2\/pages\/4917","targetHints":{"allow":["GET"]}}],"collection":[{"href":"https:\/\/wp.ufpel.edu.br\/prppg\/wp-json\/wp\/v2\/pages"}],"about":[{"href":"https:\/\/wp.ufpel.edu.br\/prppg\/wp-json\/wp\/v2\/types\/page"}],"author":[{"embeddable":true,"href":"https:\/\/wp.ufpel.edu.br\/prppg\/wp-json\/wp\/v2\/users\/45"}],"replies":[{"embeddable":true,"href":"https:\/\/wp.ufpel.edu.br\/prppg\/wp-json\/wp\/v2\/comments?post=4917"}],"version-history":[{"count":3,"href":"https:\/\/wp.ufpel.edu.br\/prppg\/wp-json\/wp\/v2\/pages\/4917\/revisions"}],"predecessor-version":[{"id":12138,"href":"https:\/\/wp.ufpel.edu.br\/prppg\/wp-json\/wp\/v2\/pages\/4917\/revisions\/12138"}],"up":[{"embeddable":true,"href":"https:\/\/wp.ufpel.edu.br\/prppg\/wp-json\/wp\/v2\/pages\/1686"}],"wp:attachment":[{"href":"https:\/\/wp.ufpel.edu.br\/prppg\/wp-json\/wp\/v2\/media?parent=4917"}],"curies":[{"name":"wp","href":"https:\/\/api.w.org\/{rel}","templated":true}]}}